000
CDUS44 KHUN 172222
CLIHSV


CLIMATE REPORT
NATIONAL WEATHER SERVICE HUNTSVILLE AL
422 PM CST WED JAN 17 2018


...................................

...THE HUNTSVILLE CLIMATE SUMMARY FOR JANUARY 17 2018...
VALID TODAY AS OF 0400 PM LOCAL TIME.

CLIMATE NORMAL PERIOD 1981 TO 2010
CLIMATE RECORD PERIOD 1894 TO 2018


WEATHER ITEM   OBSERVED TIME   RECORD YEAR NORMAL DEPARTURE LAST
                VALUE   (LST)  VALUE       VALUE  FROM      YEAR
                                                  NORMAL
..................................................................
TEMPERATURE (F)
 TODAY
  MAXIMUM         25    330 PM  76    1943  51    -26       71
  MINIMUM          7    446 AM  -4    1982  32    -25       59
  AVERAGE         16                        41    -25       65

PRECIPITATION (IN)
  TODAY            T             1.91 2006   0.16  -0.16     0.03
  MONTH TO DATE    1.19                      2.71  -1.52     0.90
  SINCE DEC 1      5.67                      8.48  -2.81     6.81
  SINCE JAN 1      1.19                      2.71  -1.52     0.90

SNOWFALL (IN)
  TODAY            T
  MONTH TO DATE    0.4
  SINCE DEC 1      0.4
  SINCE JUL 1      0.4
  SNOW DEPTH       0

DEGREE DAYS
 HEATING
  TODAY           49                        24     25        0
  MONTH TO DATE  543                       408    135      253
  SINCE DEC 1   1201                      1062    139      801
  SINCE JUL 1   1679                      1589     90     1065

 COOLING
  TODAY            0                         0      0        0
  MONTH TO DATE    0                         0      0        1
  SINCE DEC 1      0                         2     -2        5
  SINCE JAN 1      0                         0      0        1
..................................................................


WIND (MPH)
  HIGHEST WIND SPEED    17   HIGHEST WIND DIRECTION     N (340)
  HIGHEST GUST SPEED    22   HIGHEST GUST DIRECTION     N (340)
  AVERAGE WIND SPEED    10.7


SKY COVER
  POSSIBLE SUNSHINE  MM
  AVERAGE SKY COVER 0.4


WEATHER CONDITIONS
 THE FOLLOWING WEATHER WAS RECORDED TODAY.
  LIGHT SNOW
  HAZE


RELATIVE HUMIDITY (PERCENT)
 HIGHEST    80           400 AM
 LOWEST     55           300 PM
 AVERAGE    68

..........................................................


THE HUNTSVILLE CLIMATE NORMALS FOR TOMORROW
                         NORMAL    RECORD    YEAR
 MAXIMUM TEMPERATURE (F)   51        74      1929
 MINIMUM TEMPERATURE (F)   32         3      1977


SUNRISE AND SUNSET
JANUARY 17 2018.......SUNRISE   653 AM CST   SUNSET   502 PM CST
JANUARY 18 2018.......SUNRISE   653 AM CST   SUNSET   502 PM CST


-  INDICATES NEGATIVE NUMBERS.
R  INDICATES RECORD WAS SET OR TIED.
MM INDICATES DATA IS MISSING.
T  INDICATES TRACE AMOUNT.




$$
