000
CDUS44 KHUN 230806
CLIHSV


CLIMATE REPORT
NATIONAL WEATHER SERVICE HUNTSVILLE AL
206 AM CST THU NOV 23 2017


...................................

...THE HUNTSVILLE CLIMATE SUMMARY FOR NOVEMBER 22 2017...

CLIMATE NORMAL PERIOD 1981 TO 2010
CLIMATE RECORD PERIOD 1894 TO 2017


WEATHER ITEM   OBSERVED TIME   RECORD YEAR NORMAL DEPARTURE LAST
                VALUE   (LST)  VALUE       VALUE  FROM      YEAR
                                                  NORMAL
..................................................................
TEMPERATURE (F)
 YESTERDAY
  MAXIMUM         54    103 PM  79    1940  61     -7       65
  MINIMUM         35   1139 PM  17    1964  40     -5       29
  AVERAGE         45                        50     -5       47

PRECIPITATION (IN)
  YESTERDAY        0.00          1.85 1899   0.18  -0.18     0.00
  MONTH TO DATE    0.85                      3.43  -2.58     0.21
  SINCE SEP 1      8.87                     10.74  -1.87     1.45
  SINCE JAN 1     49.08                     47.06   2.02    33.96

SNOWFALL (IN)
  YESTERDAY        0.0
  MONTH TO DATE    0.0
  SINCE SEP 1      0.0
  SINCE JUL 1      0.0
  SNOW DEPTH       0

DEGREE DAYS
 HEATING
  YESTERDAY       20                        15      5       18
  MONTH TO DATE  225                       247    -22      159
  SINCE SEP 1    367                       398    -31      183
  SINCE JUL 1    367                       398    -31      183

 COOLING
  YESTERDAY        0                         0      0        0
  MONTH TO DATE   29                         7     22       28
  SINCE SEP 1    386                       352     34      643
  SINCE JAN 1   2114                      1947    167     2548
..................................................................


WIND (MPH)
  HIGHEST WIND SPEED    18   HIGHEST WIND DIRECTION     N (20)
  HIGHEST GUST SPEED    23   HIGHEST GUST DIRECTION     N (20)
  AVERAGE WIND SPEED     9.6


SKY COVER
  POSSIBLE SUNSHINE  MM
  AVERAGE SKY COVER 0.1


WEATHER CONDITIONS
 THE FOLLOWING WEATHER WAS RECORDED YESTERDAY.
  NO SIGNIFICANT WEATHER WAS OBSERVED.


RELATIVE HUMIDITY (PERCENT)
 HIGHEST   100           100 AM
 LOWEST     38           100 PM
 AVERAGE    69

..........................................................


THE HUNTSVILLE CLIMATE NORMALS FOR TODAY
                         NORMAL    RECORD    YEAR
 MAXIMUM TEMPERATURE (F)   61        79      1921
 MINIMUM TEMPERATURE (F)   40        15      1976


SUNRISE AND SUNSET
NOVEMBER 23 2017......SUNRISE   629 AM CST   SUNSET   438 PM CST
NOVEMBER 24 2017......SUNRISE   630 AM CST   SUNSET   438 PM CST


-  INDICATES NEGATIVE NUMBERS.
R  INDICATES RECORD WAS SET OR TIED.
MM INDICATES DATA IS MISSING.
T  INDICATES TRACE AMOUNT.




$$
