000
CDUS44 KHUN 090803
CLIHSV


CLIMATE REPORT
NATIONAL WEATHER SERVICE HUNTSVILLE AL
203 AM CST FRI DEC 9 2016


...................................

...THE HUNTSVILLE CLIMATE SUMMARY FOR DECEMBER 8 2016...

CLIMATE NORMAL PERIOD 1981 TO 2010
CLIMATE RECORD PERIOD 1894 TO 2016


WEATHER ITEM   OBSERVED TIME   RECORD YEAR NORMAL DEPARTURE LAST
                VALUE   (LST)  VALUE       VALUE  FROM      YEAR
                                                  NORMAL
..................................................................
TEMPERATURE (F)
 YESTERDAY
  MAXIMUM         45    326 PM  81    1956  55    -10       64
  MINIMUM         30   1159 PM  14    2006  36     -6       35
  AVERAGE         38                        45     -7       50

PRECIPITATION (IN)
  YESTERDAY        0.00          3.79 2009   0.20  -0.20     0.00
  MONTH TO DATE    3.04                      1.56   1.48     1.51
  SINCE DEC 1      3.04                      1.56   1.48     1.51
  SINCE JAN 1     41.57                     50.13  -8.56    55.40

SNOWFALL (IN)
  YESTERDAY        0.0
  MONTH TO DATE    0.0
  SINCE DEC 1      0.0
  SINCE JUL 1      0.0
  SNOW DEPTH       0

DEGREE DAYS
 HEATING
  YESTERDAY       27                        20      7       15
  MONTH TO DATE  146                       150     -4      126
  SINCE DEC 1    146                       150     -4      126
  SINCE JUL 1    410                       677   -267      420

 COOLING
  YESTERDAY        0                         0      0        0
  MONTH TO DATE    0                         0      0        0
  SINCE DEC 1      0                         0      0        0
  SINCE JAN 1   2548                      1949    599     2279
..................................................................


WIND (MPH)
  HIGHEST WIND SPEED    16   HIGHEST WIND DIRECTION    NW (320)
  HIGHEST GUST SPEED    19   HIGHEST GUST DIRECTION     N (360)
  AVERAGE WIND SPEED     9.6


SKY COVER
  POSSIBLE SUNSHINE  MM
  AVERAGE SKY COVER 0.7


WEATHER CONDITIONS
 THE FOLLOWING WEATHER WAS RECORDED YESTERDAY.
  NO SIGNIFICANT WEATHER WAS OBSERVED.


RELATIVE HUMIDITY (PERCENT)
 HIGHEST    79          1200 AM
 LOWEST     40           400 PM
 AVERAGE    60

..........................................................


THE HUNTSVILLE CLIMATE NORMALS FOR TODAY
                         NORMAL    RECORD    YEAR
 MAXIMUM TEMPERATURE (F)   55        73      2007
                                             1952
 MINIMUM TEMPERATURE (F)   36         5      1917


SUNRISE AND SUNSET
DECEMBER  9 2016......SUNRISE   643 AM CST   SUNSET   436 PM CST
DECEMBER 10 2016......SUNRISE   644 AM CST   SUNSET   437 PM CST


-  INDICATES NEGATIVE NUMBERS.
R  INDICATES RECORD WAS SET OR TIED.
MM INDICATES DATA IS MISSING.
T  INDICATES TRACE AMOUNT.




$$
