000
CDUS44 KHUN 250707
CLIHSV


CLIMATE REPORT...CORRECTED
NATIONAL WEATHER SERVICE HUNTSVILLE AL
206 AM CDT TUE APR 25 2017


...................................

...THE HUNTSVILLE CLIMATE SUMMARY FOR APRIL 24 2017...

CLIMATE NORMAL PERIOD 1981 TO 2010
CLIMATE RECORD PERIOD 1894 TO 2017


WEATHER ITEM   OBSERVED TIME   RECORD YEAR NORMAL DEPARTURE LAST
                VALUE   (LST)  VALUE       VALUE  FROM      YEAR
                                                  NORMAL
..................................................................
TEMPERATURE (F)
 YESTERDAY
  MAXIMUM         70    138 PM  91    1960  76     -6       83
  MINIMUM         52   1234 AM  32    1910  53     -1       50
  AVERAGE         61                        64     -3       67

PRECIPITATION (IN)
  YESTERDAY        0.00          1.93 1937   0.15  -0.15     0.00
  MONTH TO DATE    2.91                      3.42  -0.51     1.82
  SINCE MAR 1      6.82                      8.63  -1.81     6.31
  SINCE JAN 1     15.69                     18.36  -2.67    16.26

SNOWFALL (IN)
  YESTERDAY        0.0
  MONTH TO DATE    0.0
  SINCE MAR 1      T
  SINCE JUL 1      T
  SNOW DEPTH       0

DEGREE DAYS
 HEATING
  YESTERDAY        4                         3      1        0
  MONTH TO DATE   53                       138    -85      104
  SINCE MAR 1    365                       506   -141      337
  SINCE JUL 1   1932                      2958  -1026     2233

 COOLING
  YESTERDAY        0                         3     -3        2
  MONTH TO DATE  112                        40     72       18
  SINCE MAR 1    137                        53     84       42
  SINCE JAN 1    142                        54     88       43
..................................................................


WIND (MPH)
  HIGHEST WIND SPEED    13   HIGHEST WIND DIRECTION     N (10)
  HIGHEST GUST SPEED    15   HIGHEST GUST DIRECTION     N (10)
  AVERAGE WIND SPEED     4.7


SKY COVER
  POSSIBLE SUNSHINE  MM
  AVERAGE SKY COVER 0.8


WEATHER CONDITIONS
 THE FOLLOWING WEATHER WAS RECORDED YESTERDAY.
  FOG


RELATIVE HUMIDITY (PERCENT)
 HIGHEST   100           200 AM
 LOWEST     63           200 PM
 AVERAGE    82

..........................................................


THE HUNTSVILLE CLIMATE NORMALS FOR TODAY
                         NORMAL    RECORD    YEAR
 MAXIMUM TEMPERATURE (F)   76        90      1960
 MINIMUM TEMPERATURE (F)   53        26      1910


SUNRISE AND SUNSET
APRIL 25 2017.........SUNRISE   603 AM CDT   SUNSET   727 PM CDT
APRIL 26 2017.........SUNRISE   602 AM CDT   SUNSET   728 PM CDT


-  INDICATES NEGATIVE NUMBERS.
R  INDICATES RECORD WAS SET OR TIED.
MM INDICATES DATA IS MISSING.
T  INDICATES TRACE AMOUNT.




$$
