000
CDUS44 KHUN 300701
CLIHSV


CLIMATE REPORT
NATIONAL WEATHER SERVICE HUNTSVILLE AL
200 AM CDT FRI SEP 30 2016


...................................

...THE HUNTSVILLE CLIMATE SUMMARY FOR SEPTEMBER 29 2016...

CLIMATE NORMAL PERIOD 1981 TO 2010
CLIMATE RECORD PERIOD 1894 TO 2016


WEATHER ITEM   OBSERVED TIME   RECORD YEAR NORMAL DEPARTURE LAST
                VALUE   (LST)  VALUE       VALUE  FROM      YEAR
                                                  NORMAL
..................................................................
TEMPERATURE (F)
 YESTERDAY
  MAXIMUM         77   1244 PM  94    1955  80     -3       89
                                      1926
  MINIMUM         52    601 AM  37    1942  57     -5       69
  AVERAGE         65                        69     -4       79

PRECIPITATION (IN)
  YESTERDAY        0.00          2.50 1913   0.13  -0.13     0.02
  MONTH TO DATE    0.47                      3.59  -3.12     0.92
  SINCE SEP 1      0.47                      3.59  -3.12     0.92
  SINCE JAN 1     32.98                     39.91  -6.93    42.60

SNOWFALL (IN)
  YESTERDAY        0.0
  MONTH TO DATE    0.0
  SINCE SEP 1      0.0
  SINCE JUL 1      0.0
  SNOW DEPTH       0

DEGREE DAYS
 HEATING
  YESTERDAY        0                         1     -1        0
  MONTH TO DATE    0                        10    -10        3
  SINCE SEP 1      0                        10    -10        3
  SINCE JUL 1      0                        10    -10        3

 COOLING
  YESTERDAY        0                         5     -5       14
  MONTH TO DATE  445                       269    176      305
  SINCE SEP 1    445                       269    176      305
  SINCE JAN 1   2350                      1864    486     2150
..................................................................


WIND (MPH)
  HIGHEST WIND SPEED    16   HIGHEST WIND DIRECTION    NW (320)
  HIGHEST GUST SPEED    22   HIGHEST GUST DIRECTION    NW (320)
  AVERAGE WIND SPEED     8.0


SKY COVER
  POSSIBLE SUNSHINE  MM
  AVERAGE SKY COVER 0.4


WEATHER CONDITIONS
 THE FOLLOWING WEATHER WAS RECORDED YESTERDAY.
  NO SIGNIFICANT WEATHER WAS OBSERVED.


RELATIVE HUMIDITY (PERCENT)
 HIGHEST    80          1100 PM
 LOWEST     35          1200 PM
 AVERAGE    58

..........................................................


THE HUNTSVILLE CLIMATE NORMALS FOR TODAY
                         NORMAL    RECORD    YEAR
 MAXIMUM TEMPERATURE (F)   80        95      1926
 MINIMUM TEMPERATURE (F)   57        37      1967


SUNRISE AND SUNSET
SEPTEMBER 30 2016.....SUNRISE   641 AM CDT   SUNSET   632 PM CDT
OCTOBER  1 2016.......SUNRISE   642 AM CDT   SUNSET   630 PM CDT


-  INDICATES NEGATIVE NUMBERS.
R  INDICATES RECORD WAS SET OR TIED.
MM INDICATES DATA IS MISSING.
T  INDICATES TRACE AMOUNT.




$$
