000
CDUS44 KHUN 290701
CLIHSV


CLIMATE REPORT
NATIONAL WEATHER SERVICE HUNTSVILLE AL
201 AM CDT WED OCT 29 2014


...................................

...THE HUNTSVILLE CLIMATE SUMMARY FOR OCTOBER 28 2014...

CLIMATE NORMAL PERIOD 1981 TO 2010
CLIMATE RECORD PERIOD 1894 TO 2014


WEATHER ITEM   OBSERVED TIME   RECORD YEAR NORMAL DEPARTURE LAST
                VALUE   (LST)  VALUE       VALUE  FROM      YEAR
                                                  NORMAL
..................................................................
TEMPERATURE (F)
 YESTERDAY
  MAXIMUM         79    110 PM  86    1940  71      8       72
                                      1927
  MINIMUM         59    626 AM  26    1914  47     12       54
  AVERAGE         69                        59     10       63

PRECIPITATION (IN)
  YESTERDAY        0.00          1.24 1931   0.13  -0.13     0.02
  MONTH TO DATE    5.98                      3.21   2.77     0.59
  SINCE SEP 1      6.47                      6.93  -0.46     4.94
  SINCE JAN 1     44.62                     43.25   1.37    48.56

SNOWFALL (IN)
  YESTERDAY        0.0
  MONTH TO DATE    0.0
  SINCE SEP 1      0.0
  SINCE JUL 1      0.0
  SNOW DEPTH       0

DEGREE DAYS
 HEATING
  YESTERDAY        0                         7     -7        2
  MONTH TO DATE   64                       116    -52      131
  SINCE SEP 1     64                       129    -65      131
  SINCE JUL 1     64                       129    -65      131

 COOLING
  YESTERDAY        4                         1      3        0
  MONTH TO DATE  110                        67     43       85
  SINCE SEP 1    480                       342    138      356
  SINCE JAN 1   2032                      1937     95     1822
..................................................................


WIND (MPH)
  HIGHEST WIND SPEED    14   HIGHEST WIND DIRECTION     S (190)
  HIGHEST GUST SPEED    18   HIGHEST GUST DIRECTION    SW (220)
  AVERAGE WIND SPEED     5.4


SKY COVER
  POSSIBLE SUNSHINE  MM
  AVERAGE SKY COVER 0.6


WEATHER CONDITIONS
 THE FOLLOWING WEATHER WAS RECORDED YESTERDAY.
  FOG
  HAZE


RELATIVE HUMIDITY (PERCENT)
 HIGHEST    93           600 AM
 LOWEST     58           200 PM
 AVERAGE    76

..........................................................


THE HUNTSVILLE CLIMATE NORMALS FOR TODAY
                         NORMAL    RECORD    YEAR
 MAXIMUM TEMPERATURE (F)   70        86      1927
 MINIMUM TEMPERATURE (F)   47        23      1910


SUNRISE AND SUNSET
OCTOBER 29 2014.......SUNRISE   705 AM CDT   SUNSET   556 PM CDT
OCTOBER 30 2014.......SUNRISE   706 AM CDT   SUNSET   555 PM CDT


-  INDICATES NEGATIVE NUMBERS.
R  INDICATES RECORD WAS SET OR TIED.
MM INDICATES DATA IS MISSING.
T  INDICATES TRACE AMOUNT.




$$
