000
CDUS44 KHUN 260701
CLIHSV


CLIMATE REPORT
NATIONAL WEATHER SERVICE HUNTSVILLE AL
201 AM CDT THU MAR 26 2015


...................................

...THE HUNTSVILLE CLIMATE SUMMARY FOR MARCH 25 2015...

CLIMATE NORMAL PERIOD 1981 TO 2010
CLIMATE RECORD PERIOD 1894 TO 2015


WEATHER ITEM   OBSERVED TIME   RECORD YEAR NORMAL DEPARTURE LAST
                VALUE   (LST)  VALUE       VALUE  FROM      YEAR
                                                  NORMAL
..................................................................
TEMPERATURE (F)
 YESTERDAY
  MAXIMUM         78    334 PM  88    1910  68     10       48
  MINIMUM         55    247 AM  25    1940  44     11       29
  AVERAGE         67                        56     11       39

PRECIPITATION (IN)
  YESTERDAY        0.00          2.97 1964   0.17  -0.17      T
  MONTH TO DATE    4.54                      4.18   0.36     2.25
  SINCE MAR 1      4.54                      4.18   0.36     2.25
  SINCE JAN 1     12.28                     13.91  -1.63    12.12

SNOWFALL (IN)
  YESTERDAY        0.0
  MONTH TO DATE    1.0
  SINCE MAR 1      1.0
  SINCE JUL 1      9.8
  SNOW DEPTH       0

DEGREE DAYS
 HEATING
  YESTERDAY        0                        10    -10       26
  MONTH TO DATE  232                       316    -84      392
  SINCE MAR 1    232                       316    -84      392
  SINCE JUL 1   2873                      2768    105     3227

 COOLING
  YESTERDAY        2                         1      1        0
  MONTH TO DATE    2                         3     -1        0
  SINCE MAR 1      2                         3     -1        0
  SINCE JAN 1      2                         4     -2        1
..................................................................


WIND (MPH)
  HIGHEST WIND SPEED    15   HIGHEST WIND DIRECTION     S (200)
  HIGHEST GUST SPEED    19   HIGHEST GUST DIRECTION     S (200)
  AVERAGE WIND SPEED     7.2


SKY COVER
  POSSIBLE SUNSHINE  MM
  AVERAGE SKY COVER 0.5


WEATHER CONDITIONS
 THE FOLLOWING WEATHER WAS RECORDED YESTERDAY.
  NO SIGNIFICANT WEATHER WAS OBSERVED.


RELATIVE HUMIDITY (PERCENT)
 HIGHEST    86           300 AM
 LOWEST     40           400 PM
 AVERAGE    63

..........................................................


THE HUNTSVILLE CLIMATE NORMALS FOR TODAY
                         NORMAL    RECORD    YEAR
 MAXIMUM TEMPERATURE (F)   68        88      2007
 MINIMUM TEMPERATURE (F)   44        20      1955


SUNRISE AND SUNSET
MARCH 26 2015.........SUNRISE   643 AM CDT   SUNSET   703 PM CDT
MARCH 27 2015.........SUNRISE   641 AM CDT   SUNSET   704 PM CDT


-  INDICATES NEGATIVE NUMBERS.
R  INDICATES RECORD WAS SET OR TIED.
MM INDICATES DATA IS MISSING.
T  INDICATES TRACE AMOUNT.




$$
