138
CDUS44 KHUN 242123
CLIHSV


CLIMATE REPORT
NATIONAL WEATHER SERVICE HUNTSVILLE AL
422 PM CDT FRI JUN 24 2016


...................................

...THE HUNTSVILLE CLIMATE SUMMARY FOR JUNE 24 2016...
VALID TODAY AS OF 0400 PM LOCAL TIME.

CLIMATE NORMAL PERIOD 1981 TO 2010
CLIMATE RECORD PERIOD 1894 TO 2016


WEATHER ITEM   OBSERVED TIME   RECORD YEAR NORMAL DEPARTURE LAST
                VALUE   (LST)  VALUE       VALUE  FROM      YEAR
                                                  NORMAL
..................................................................
TEMPERATURE (F)
 TODAY
  MAXIMUM         96    229 PM 105    1930  90      6       97
  MINIMUM         76    325 AM  51    1915  69      7       72
  AVERAGE         86                        79      7       85

PRECIPITATION (IN)
  TODAY            0.00          2.25 1894   0.15  -0.15     0.01
  MONTH TO DATE    2.82                      3.41  -0.59     1.47
  SINCE JUN 1      2.82                      3.41  -0.59     1.47
  SINCE JAN 1     21.12                     27.78  -6.66    26.85

SNOWFALL (IN)
  TODAY            0.0
  MONTH TO DATE    0.0
  SINCE JUN 1      0.0
  SINCE JUL 1      0.4
  SNOW DEPTH       0

DEGREE DAYS
 HEATING
  TODAY            0                         0      0        0
  MONTH TO DATE    0                         0      0        0
  SINCE JUN 1      0                         0      0        0
  SINCE JUL 1   2253                      3001   -748     3030

 COOLING
  TODAY           21                        14      7       20
  MONTH TO DATE  371                       292     79      404
  SINCE JUN 1    371                       292     79      404
  SINCE JAN 1    658                       555    103      729
..................................................................


WIND (MPH)
  HIGHEST WIND SPEED    18   HIGHEST WIND DIRECTION    NE (50)
  HIGHEST GUST SPEED    22   HIGHEST GUST DIRECTION    NE (50)
  AVERAGE WIND SPEED     7.6


SKY COVER
  POSSIBLE SUNSHINE  MM
  AVERAGE SKY COVER 0.6


WEATHER CONDITIONS
 THE FOLLOWING WEATHER WAS RECORDED TODAY.
  NO SIGNIFICANT WEATHER WAS OBSERVED.


RELATIVE HUMIDITY (PERCENT)
 HIGHEST    76           300 AM
 LOWEST     46           100 PM
 AVERAGE    61

..........................................................


THE HUNTSVILLE CLIMATE NORMALS FOR TOMORROW
                         NORMAL    RECORD    YEAR
 MAXIMUM TEMPERATURE (F)   90       103      1937
                                             1931
                                             1914
 MINIMUM TEMPERATURE (F)   69        52      1974


SUNRISE AND SUNSET
JUNE 24 2016..........SUNRISE   535 AM CDT   SUNSET   804 PM CDT
JUNE 25 2016..........SUNRISE   536 AM CDT   SUNSET   804 PM CDT


-  INDICATES NEGATIVE NUMBERS.
R  INDICATES RECORD WAS SET OR TIED.
MM INDICATES DATA IS MISSING.
T  INDICATES TRACE AMOUNT.




$$
