439
CDUS44 KHUN 120803
CLIHSV


CLIMATE REPORT
NATIONAL WEATHER SERVICE HUNTSVILLE AL
203 AM CST TUE DEC 12 2017


...................................

...THE HUNTSVILLE CLIMATE SUMMARY FOR DECEMBER 11 2017...

CLIMATE NORMAL PERIOD 1981 TO 2010
CLIMATE RECORD PERIOD 1894 TO 2017


WEATHER ITEM   OBSERVED TIME   RECORD YEAR NORMAL DEPARTURE LAST
                VALUE   (LST)  VALUE       VALUE  FROM      YEAR
                                                  NORMAL
..................................................................
TEMPERATURE (F)
 YESTERDAY
  MAXIMUM         62    301 PM  77    2007  54      8       59
  MINIMUM         30    708 AM  10    1962  35     -5       29
                                      1937
  AVERAGE         46                        45      1       44

PRECIPITATION (IN)
  YESTERDAY        0.00          3.30 1899   0.21  -0.21     0.01
  MONTH TO DATE    1.50                      2.19  -0.69     3.05
  SINCE DEC 1      1.50                      2.19  -0.69     3.05
  SINCE JAN 1     50.62                     50.76  -0.14    41.58

SNOWFALL (IN)
  YESTERDAY        0.0
  MONTH TO DATE    0.0
  SINCE DEC 1      0.0
  SINCE JUL 1      0.0
  SNOW DEPTH       0

DEGREE DAYS
 HEATING
  YESTERDAY       19                        20     -1       21
  MONTH TO DATE  202                       210     -8      230
  SINCE DEC 1    202                       210     -8      230
  SINCE JUL 1    680                       737    -57      494

 COOLING
  YESTERDAY        0                         0      0        0
  MONTH TO DATE    0                         0      0        0
  SINCE DEC 1      0                         0      0        0
  SINCE JAN 1   2114                      1949    165     2548
..................................................................


WIND (MPH)
  HIGHEST WIND SPEED    15   HIGHEST WIND DIRECTION    SW (220)
  HIGHEST GUST SPEED    18   HIGHEST GUST DIRECTION    SW (230)
  AVERAGE WIND SPEED     6.0


SKY COVER
  POSSIBLE SUNSHINE  MM
  AVERAGE SKY COVER 0.0


WEATHER CONDITIONS
 THE FOLLOWING WEATHER WAS RECORDED YESTERDAY.
  NO SIGNIFICANT WEATHER WAS OBSERVED.


RELATIVE HUMIDITY (PERCENT)
 HIGHEST    85           500 AM
 LOWEST     36           300 PM
 AVERAGE    61

..........................................................


THE HUNTSVILLE CLIMATE NORMALS FOR TODAY
                         NORMAL    RECORD    YEAR
 MAXIMUM TEMPERATURE (F)   54        75      1931
 MINIMUM TEMPERATURE (F)   35         3      1962


SUNRISE AND SUNSET
DECEMBER 12 2017......SUNRISE   645 AM CST   SUNSET   437 PM CST
DECEMBER 13 2017......SUNRISE   646 AM CST   SUNSET   437 PM CST


-  INDICATES NEGATIVE NUMBERS.
R  INDICATES RECORD WAS SET OR TIED.
MM INDICATES DATA IS MISSING.
T  INDICATES TRACE AMOUNT.




$$
