000
CDUS44 KHUN 122228
CLIHSV


CLIMATE REPORT
NATIONAL WEATHER SERVICE HUNTSVILLE AL
428 PM CST FRI FEB 12 2016


...................................

...THE HUNTSVILLE CLIMATE SUMMARY FOR FEBRUARY 12 2016...
VALID TODAY AS OF 0400 PM LOCAL TIME.

CLIMATE NORMAL PERIOD 1981 TO 2010
CLIMATE RECORD PERIOD 1894 TO 2016


WEATHER ITEM   OBSERVED TIME   RECORD YEAR NORMAL DEPARTURE LAST
                VALUE   (LST)  VALUE       VALUE  FROM      YEAR
                                                  NORMAL
..................................................................
TEMPERATURE (F)
 TODAY
  MAXIMUM         58    224 PM  75    1938  55      3       42
  MINIMUM         34    652 AM   6    1981  35     -1       25
  AVERAGE         46                        45      1       34

PRECIPITATION (IN)
  TODAY            0.00          3.10 1945   0.17  -0.17     0.00
  MONTH TO DATE    2.27                      2.01   0.26     0.55
  SINCE DEC 1     16.52                     12.67   3.85    10.25
  SINCE JAN 1      5.84                      6.90  -1.06     4.52

SNOWFALL (IN)
  TODAY            0.0
  MONTH TO DATE    T
  SINCE DEC 1      0.4
  SINCE JUL 1      0.4
  SNOW DEPTH       0

DEGREE DAYS
 HEATING
  TODAY           19                        20     -1       31
  MONTH TO DATE  253                       255     -2      241
  SINCE DEC 1   1336                      1638   -302     1521
  SINCE JUL 1   1630                      2165   -535     2137

 COOLING
  TODAY            0                         0      0        0
  MONTH TO DATE    1                         0      1        0
  SINCE DEC 1     24                         2     22        0
  SINCE JAN 1      1                         0      1        0
..................................................................


WIND (MPH)
  HIGHEST WIND SPEED    21   HIGHEST WIND DIRECTION    NW (310)
  HIGHEST GUST SPEED    24   HIGHEST GUST DIRECTION    NW (320)
  AVERAGE WIND SPEED     5.4


SKY COVER
  POSSIBLE SUNSHINE  MM
  AVERAGE SKY COVER 0.4


WEATHER CONDITIONS
 THE FOLLOWING WEATHER WAS RECORDED TODAY.
  HAZE


RELATIVE HUMIDITY (PERCENT)
 HIGHEST    70           500 AM
 LOWEST     30           300 PM
 AVERAGE    50

..........................................................


THE HUNTSVILLE CLIMATE NORMALS FOR TOMORROW
                         NORMAL    RECORD    YEAR
 MAXIMUM TEMPERATURE (F)   55        82      1962
 MINIMUM TEMPERATURE (F)   35         7      1910


SUNRISE AND SUNSET
FEBRUARY 12 2016......SUNRISE   636 AM CST   SUNSET   527 PM CST
FEBRUARY 13 2016......SUNRISE   635 AM CST   SUNSET   528 PM CST


-  INDICATES NEGATIVE NUMBERS.
R  INDICATES RECORD WAS SET OR TIED.
MM INDICATES DATA IS MISSING.
T  INDICATES TRACE AMOUNT.


$$
