000
CDUS44 KHUN 240705
CLIHSV


CLIMATE REPORT
NATIONAL WEATHER SERVICE HUNTSVILLE AL
205 AM CDT THU JUL 24 2014


...................................

...THE HUNTSVILLE CLIMATE SUMMARY FOR JULY 23 2014...

CLIMATE NORMAL PERIOD 1981 TO 2010
CLIMATE RECORD PERIOD 1894 TO 2014


WEATHER ITEM   OBSERVED TIME   RECORD YEAR NORMAL DEPARTURE LAST
                VALUE   (LST)  VALUE       VALUE  FROM      YEAR
                                                  NORMAL
..................................................................
TEMPERATURE (F)
 YESTERDAY
  MAXIMUM         90   1114 AM 105    1952  91     -1       80
  MINIMUM         72   1148 PM  53    1947  71      1       70
  AVERAGE         81                        81      0       75

PRECIPITATION (IN)
  YESTERDAY        0.91          1.90 1963   0.13   0.78     0.61
  MONTH TO DATE    4.47                      3.11   1.36     9.22
  SINCE JUN 1     11.60                      7.40   4.20    11.43
  SINCE JAN 1     35.07                     31.77   3.30    40.55

SNOWFALL (IN)
  YESTERDAY        0.0
  MONTH TO DATE    0.0
  SINCE JUN 1      0.0
  SINCE JUL 1      0.0
  SNOW DEPTH       0

DEGREE DAYS
 HEATING
  YESTERDAY        0                         0      0        0
  MONTH TO DATE    0                         0      0        0
  SINCE JUN 1      0                         1     -1        0
  SINCE JUL 1      0                         0      0        0

 COOLING
  YESTERDAY       16                        16      0       10
  MONTH TO DATE  300                       360    -60      320
  SINCE JUN 1    701                       740    -39      744
  SINCE JAN 1    972                      1003    -31      977
..................................................................


WIND (MPH)
  HIGHEST WIND SPEED    23   HIGHEST WIND DIRECTION    NE (50)
  HIGHEST GUST SPEED    25   HIGHEST GUST DIRECTION    NE (50)
  AVERAGE WIND SPEED     2.5


SKY COVER
  POSSIBLE SUNSHINE  MM
  AVERAGE SKY COVER 0.7


WEATHER CONDITIONS
 THE FOLLOWING WEATHER WAS RECORDED YESTERDAY.
  THUNDERSTORM
  HEAVY RAIN
  RAIN
  LIGHT RAIN
  FOG


RELATIVE HUMIDITY (PERCENT)
 HIGHEST    94           300 AM
 LOWEST     55          1100 AM
 AVERAGE    75

..........................................................


THE HUNTSVILLE CLIMATE NORMALS FOR TODAY
                         NORMAL    RECORD    YEAR
 MAXIMUM TEMPERATURE (F)   91       104      1934
 MINIMUM TEMPERATURE (F)   71        58      1927


SUNRISE AND SUNSET
JULY 24 2014..........SUNRISE   551 AM CDT   SUNSET   755 PM CDT
JULY 25 2014..........SUNRISE   552 AM CDT   SUNSET   755 PM CDT


-  INDICATES NEGATIVE NUMBERS.
R  INDICATES RECORD WAS SET OR TIED.
MM INDICATES DATA IS MISSING.
T  INDICATES TRACE AMOUNT.




$$
