000
CDUS44 KHUN 042121
CLIHSV


CLIMATE REPORT
NATIONAL WEATHER SERVICE HUNTSVILLE AL
421 PM CDT WED MAY 4 2016


...................................

...THE HUNTSVILLE CLIMATE SUMMARY FOR MAY 4 2016...
VALID TODAY AS OF 0400 PM LOCAL TIME.

CLIMATE NORMAL PERIOD 1981 TO 2010
CLIMATE RECORD PERIOD 1894 TO 2016


WEATHER ITEM   OBSERVED TIME   RECORD YEAR NORMAL DEPARTURE LAST
                VALUE   (LST)  VALUE       VALUE  FROM      YEAR
                                                  NORMAL
..................................................................
TEMPERATURE (F)
 TODAY
  MAXIMUM         75    221 PM  90    1930  78     -3       84
                                      1913
  MINIMUM         50    511 AM  36    1971  56     -6       56
  AVERAGE         63                        67     -4       70

PRECIPITATION (IN)
  TODAY            0.00          2.11 2013   0.17  -0.17     0.00
  MONTH TO DATE    0.43                      0.70  -0.27     0.00
  SINCE MAR 1      7.16                     10.23  -3.07    12.56
  SINCE JAN 1     17.11                     19.96  -2.85    20.30

SNOWFALL (IN)
  TODAY            0.0
  MONTH TO DATE    0.0
  SINCE MAR 1      T
  SINCE JUL 1      0.4
  SNOW DEPTH       0

DEGREE DAYS
 HEATING
  TODAY            2                         2      0        0
  MONTH TO DATE    3                         8     -5        8
  SINCE MAR 1    340                       530   -190      383
  SINCE JUL 1   2236                      2982   -746     3024

 COOLING
  TODAY            0                         4     -4        5
  MONTH TO DATE    9                        14     -5        7
  SINCE MAR 1     99                        85     14       70
  SINCE JAN 1    100                        86     14       70
..................................................................


WIND (MPH)
  HIGHEST WIND SPEED    20   HIGHEST WIND DIRECTION     W (250)
  HIGHEST GUST SPEED    25   HIGHEST GUST DIRECTION     W (260)
  AVERAGE WIND SPEED     6.7


SKY COVER
  POSSIBLE SUNSHINE  MM
  AVERAGE SKY COVER 0.2


WEATHER CONDITIONS
 THE FOLLOWING WEATHER WAS RECORDED TODAY.
  NO SIGNIFICANT WEATHER WAS OBSERVED.


RELATIVE HUMIDITY (PERCENT)
 HIGHEST    89           200 AM
 LOWEST     35          1200 PM
 AVERAGE    62

..........................................................


THE HUNTSVILLE CLIMATE NORMALS FOR TOMORROW
                         NORMAL    RECORD    YEAR
 MAXIMUM TEMPERATURE (F)   79        94      1959
 MINIMUM TEMPERATURE (F)   56        36      1957
                                             1945


SUNRISE AND SUNSET
MAY  4 2016...........SUNRISE   553 AM CDT   SUNSET   735 PM CDT
MAY  5 2016...........SUNRISE   552 AM CDT   SUNSET   736 PM CDT


-  INDICATES NEGATIVE NUMBERS.
R  INDICATES RECORD WAS SET OR TIED.
MM INDICATES DATA IS MISSING.
T  INDICATES TRACE AMOUNT.




$$
