196
CDUS44 KHUN 240817
CLIHSV


CLIMATE REPORT
NATIONAL WEATHER SERVICE HUNTSVILLE AL
216 AM CST SAT FEB 24 2018


...................................

...THE HUNTSVILLE CLIMATE SUMMARY FOR FEBRUARY 23 2018...

CLIMATE NORMAL PERIOD 1981 TO 2010
CLIMATE RECORD PERIOD 1894 TO 2018


WEATHER ITEM   OBSERVED TIME   RECORD YEAR NORMAL DEPARTURE LAST
                VALUE   (LST)  VALUE       VALUE  FROM      YEAR
                                                  NORMAL
..................................................................
TEMPERATURE (F)
 YESTERDAY
  MAXIMUM         79    344 PM  83    1996  58     21       75
  MINIMUM         61    608 AM  15    1939  37     24       53
  AVERAGE         70                        48     22       64

PRECIPITATION (IN)
  YESTERDAY        T             2.35 1962   0.18  -0.18     0.00
  MONTH TO DATE    5.21                      3.95   1.26     1.02
  SINCE DEC 1     11.21                     14.61  -3.40    13.33
  SINCE JAN 1      6.73                      8.84  -2.11     7.42

SNOWFALL (IN)
  YESTERDAY        0.0
  MONTH TO DATE    0.0
  SINCE DEC 1      0.4
  SINCE JUL 1      0.4
  SNOW DEPTH       0

DEGREE DAYS
 HEATING
  YESTERDAY        0                        17    -17        1
  MONTH TO DATE  294                       460   -166      271
  SINCE DEC 1   1779                      1843    -64     1252
  SINCE JUL 1   2257                      2370   -113     1516

 COOLING
  YESTERDAY        5                         0      5        0
  MONTH TO DATE   30                         0     30        0
  SINCE DEC 1     30                         2     28        5
  SINCE JAN 1     30                         0     30        1
..................................................................


WIND (MPH)
  HIGHEST WIND SPEED    15   HIGHEST WIND DIRECTION     S (190)
  HIGHEST GUST SPEED    19   HIGHEST GUST DIRECTION    SW (230)
  AVERAGE WIND SPEED     7.3


SKY COVER
  POSSIBLE SUNSHINE  MM
  AVERAGE SKY COVER 0.5


WEATHER CONDITIONS
 THE FOLLOWING WEATHER WAS RECORDED YESTERDAY.
  LIGHT RAIN
  FOG


RELATIVE HUMIDITY (PERCENT)
 HIGHEST   100           600 AM
 LOWEST     48           300 PM
 AVERAGE    74

..........................................................


THE HUNTSVILLE CLIMATE NORMALS FOR TODAY
                         NORMAL    RECORD    YEAR
 MAXIMUM TEMPERATURE (F)   59        81      2017
 MINIMUM TEMPERATURE (F)   38        14      1967


SUNRISE AND SUNSET
FEBRUARY 24 2018......SUNRISE   622 AM CST   SUNSET   539 PM CST
FEBRUARY 25 2018......SUNRISE   621 AM CST   SUNSET   539 PM CST


-  INDICATES NEGATIVE NUMBERS.
R  INDICATES RECORD WAS SET OR TIED.
MM INDICATES DATA IS MISSING.
T  INDICATES TRACE AMOUNT.




$$
