000
CDUS44 KHUN 220724
CLIHSV


CLIMATE REPORT
NATIONAL WEATHER SERVICE HUNTSVILLE AL
224 AM CDT FRI SEP 22 2017


...................................

...THE HUNTSVILLE CLIMATE SUMMARY FOR SEPTEMBER 21 2017...

CLIMATE NORMAL PERIOD 1981 TO 2010
CLIMATE RECORD PERIOD 1894 TO 2017


WEATHER ITEM   OBSERVED TIME   RECORD YEAR NORMAL DEPARTURE LAST
                VALUE   (LST)  VALUE       VALUE  FROM      YEAR
                                                  NORMAL
..................................................................
TEMPERATURE (F)
 YESTERDAY
  MAXIMUM         91    204 PM 100    1925  83      8       94
  MINIMUM         68   1159 PM  39    1918  61      7       63
  AVERAGE         80                        72      8       79

PRECIPITATION (IN)
  YESTERDAY        0.00          2.68 2013   0.12  -0.12     0.00
  MONTH TO DATE    2.69                      2.55   0.14     0.47
  SINCE SEP 1      2.69                      2.55   0.14     0.47
  SINCE JAN 1     42.90                     38.87   4.03    32.98

SNOWFALL (IN)
  YESTERDAY        0.0
  MONTH TO DATE    0.0
  SINCE SEP 1      0.0
  SINCE JUL 1      0.0
  SNOW DEPTH       0

DEGREE DAYS
 HEATING
  YESTERDAY        0                         1     -1        0
  MONTH TO DATE   11                         2      9        0
  SINCE SEP 1     11                         2      9        0
  SINCE JUL 1     11                         2      9        0

 COOLING
  YESTERDAY       15                         7      8       14
  MONTH TO DATE  132                       221    -89      347
  SINCE SEP 1    132                       221    -89      347
  SINCE JAN 1   1860                      1816     44     2252
..................................................................


WIND (MPH)
  HIGHEST WIND SPEED    10   HIGHEST WIND DIRECTION    NE (30)
  HIGHEST GUST SPEED    14   HIGHEST GUST DIRECTION     E (80)
  AVERAGE WIND SPEED     2.9


SKY COVER
  POSSIBLE SUNSHINE  MM
  AVERAGE SKY COVER 0.3


WEATHER CONDITIONS
 THE FOLLOWING WEATHER WAS RECORDED YESTERDAY.
  FOG
  FOG W/VISIBILITY <= 1/4 MILE


RELATIVE HUMIDITY (PERCENT)
 HIGHEST   100          1200 AM
 LOWEST     56           200 PM
 AVERAGE    78

..........................................................


THE HUNTSVILLE CLIMATE NORMALS FOR TODAY
                         NORMAL    RECORD    YEAR
 MAXIMUM TEMPERATURE (F)   83       101      1925
 MINIMUM TEMPERATURE (F)   60        39      1938
                                             1918
                                             1913


SUNRISE AND SUNSET
SEPTEMBER 22 2017.....SUNRISE   635 AM CDT   SUNSET   643 PM CDT
SEPTEMBER 23 2017.....SUNRISE   636 AM CDT   SUNSET   642 PM CDT


-  INDICATES NEGATIVE NUMBERS.
R  INDICATES RECORD WAS SET OR TIED.
MM INDICATES DATA IS MISSING.
T  INDICATES TRACE AMOUNT.




$$
