000
CDUS44 KHUN 270726
CLIHSV


CLIMATE REPORT
NATIONAL WEATHER SERVICE HUNTSVILLE AL
226 AM CDT WED AUG 27 2014


...................................

...THE HUNTSVILLE CLIMATE SUMMARY FOR AUGUST 26 2014...
VALID TODAY AS OF 0200 AM LOCAL TIME.

CLIMATE NORMAL PERIOD 1981 TO 2010
CLIMATE RECORD PERIOD 1894 TO 2014


WEATHER ITEM   OBSERVED TIME   RECORD YEAR NORMAL DEPARTURE LAST
                VALUE   (LST)  VALUE       VALUE  FROM      YEAR
                                                  NORMAL
..................................................................
TEMPERATURE (F)
 TODAY
  MAXIMUM         90    211 PM 100    1938  91     -1       87
  MINIMUM         70   1159 PM  50    1917  69      1       63
  AVERAGE         80                        80      0       75

PRECIPITATION (IN)
  TODAY            0.00          1.55 1922   0.10  -0.10     0.00
  MONTH TO DATE    2.09                      3.07  -0.98     1.81
  SINCE JUN 1     13.69                     11.41   2.28    14.50
  SINCE JAN 1     37.16                     35.78   1.38    43.62

SNOWFALL (IN)
  TODAY            0.0
  MONTH TO DATE    0.0
  SINCE JUN 1      0.0
  SINCE JUL 1      0.0
  SNOW DEPTH       0

DEGREE DAYS
 HEATING
  TODAY            0                         0      0        0
  MONTH TO DATE    0                         0      0        0
  SINCE JUN 1      0                         1     -1        0
  SINCE JUL 1      0                         0      0        0

 COOLING
  TODAY           15                        14      1       10
  MONTH TO DATE  406                       403      3      312
  SINCE JUN 1   1200                      1265    -65     1157
  SINCE JAN 1   1471                      1528    -57     1390
..................................................................


WIND (MPH)
  HIGHEST WIND SPEED    10   HIGHEST WIND DIRECTION    SE (130)
  HIGHEST GUST SPEED    14   HIGHEST GUST DIRECTION    SE (130)
  AVERAGE WIND SPEED     5.3


SKY COVER
  POSSIBLE SUNSHINE  MM
  AVERAGE SKY COVER 0.4


WEATHER CONDITIONS
 THE FOLLOWING WEATHER WAS RECORDED TODAY.
  NO SIGNIFICANT WEATHER WAS OBSERVED.


RELATIVE HUMIDITY (PERCENT)
 HIGHEST    87          1200 AM
 LOWEST     41           100 PM
 AVERAGE    64

..........................................................


THE HUNTSVILLE CLIMATE NORMALS FOR TOMORROW
                         NORMAL    RECORD    YEAR
 MAXIMUM TEMPERATURE (F)   90       104      1943
 MINIMUM TEMPERATURE (F)   68        52      1945


SUNRISE AND SUNSET
AUGUST 26 2014........SUNRISE   616 AM CDT   SUNSET   721 PM CDT
AUGUST 27 2014........SUNRISE   616 AM CDT   SUNSET   720 PM CDT


-  INDICATES NEGATIVE NUMBERS.
R  INDICATES RECORD WAS SET OR TIED.
MM INDICATES DATA IS MISSING.
T  INDICATES TRACE AMOUNT.




$$
