000
CXUS54 KHUN 021535
CLMHSV


CLIMATE REPORT
NATIONAL WEATHER SERVICE HUNTSVILLE AL
1031 AM CDT SUN JUL 2 2017

...................................

...THE HUNTSVILLE CLIMATE SUMMARY FOR THE MONTH OF JUNE 2017...

CLIMATE NORMAL PERIOD 1981 TO 2010
CLIMATE RECORD PERIOD 1894 TO 2017

WEATHER         OBSERVED          NORMAL  DEPART  LAST YEAR`S
                 VALUE   DATE(S)  VALUE   FROM    VALUE
                                          NORMAL
.............................................................
TEMPERATURE (F)
RECORD
 HIGH             108   06/29/1931
 LOW               42   06/03/1956
HIGHEST            93   06/15        MM      MM       99
                        06/14
LOWEST             56   06/09        MM      MM       57
AVG. MAXIMUM     86.5              88.2    -1.7     92.8
AVG. MINIMUM     67.3              67.1     0.2     68.7
MEAN             76.9              77.7    -0.8     80.7
DAYS MAX >= 90      6              12.6    -6.6       24
DAYS MAX <= 32      0               0.0     0.0        0
DAYS MIN <= 32      0               0.0     0.0        0
DAYS MIN <= 0       0               0.0     0.0        0

PRECIPITATION (INCHES)
RECORD
 MAXIMUM        14.99   1989
 MINIMUM         0.17   1988
TOTALS           6.76              4.29    2.47     4.40
DAILY AVG.       0.23              0.14    0.09     0.15
DAYS >= .01        12              10.1     1.9        8
DAYS >= .10         9               6.5     2.5        5
DAYS >= .50         5               2.9     2.1        2
DAYS >= 1.00        3               1.1     1.9        2
GREATEST
 24 HR. TOTAL    1.70   06/22 TO 06/22              2.10

SNOWFALL (INCHES)
RECORDS
 TOTAL              T   1999
                        1994
 24 HR TOTAL      0.0   MM
TOTALS            0.0               0.0     0.0      0.0
SINCE 7/1           T               2.4    -2.4      0.4
DAYS >= TRACE       0               0.0     0.0        0
DAYS >= 1.0         0               0.0     0.0        0
GREATEST
 SNOW DEPTH         0   MM                             0
 24 HR TOTAL      0.0   06/30 TO 06/30

DEGREE_DAYS
HEATING TOTAL       0                 1      -1        0
 SINCE 7/1       1967              3002   -1035     2253
COOLING TOTAL     365               380     -15      480
 SINCE 1/1        754               643     111      767

FREEZE DATES
RECORD
 EARLIEST     10/09/2000
 LATEST       05/02/1909
EARLIEST      03/05             11/05
LATEST        03/16             03/30
..............................................................

WIND (MPH)
AVERAGE WIND SPEED              6.1
HIGHEST WIND SPEED/DIRECTION    40/310    DATE  06/15
HIGHEST GUST SPEED/DIRECTION    54/320    DATE  06/15

AVERAGE RH (PERCENT)     75


-  INDICATES NEGATIVE NUMBERS.
R  INDICATES RECORD WAS SET OR TIED.
MM INDICATES DATA IS MISSING.
T  INDICATES TRACE AMOUNT.

$$
