000
CXUS54 KHUN 022008
CLMHSV


CLIMATE REPORT
NATIONAL WEATHER SERVICE HUNTSVILLE AL
207 PM CST MON MAR 2 2015

...................................

...THE HUNTSVILLE CLIMATE SUMMARY FOR THE MONTH OF FEBRUARY 2015...

CLIMATE NORMAL PERIOD 1981 TO 2010
CLIMATE RECORD PERIOD 1894 TO 2015

WEATHER         OBSERVED          NORMAL  DEPART  LAST YEAR`S
                 VALUE   DATE(S)  VALUE   FROM    VALUE
                                          NORMAL
.............................................................
TEMPERATURE (F)
RECORD
 HIGH              83   02/23/1996
 LOW               -8   02/17/1958
HIGHEST            67   02/08        MM      MM       73
LOWEST             11   02/19        MM      MM       19
AVG. MAXIMUM     47.0              55.9    -8.9     52.9
AVG. MINIMUM       MM              35.5      MM     32.9
MEAN             37.1              45.7    -8.6     42.9
DAYS MAX >= 90      0               0.0     0.0        0
DAYS MAX <= 32      2               0.6     1.4        1
DAYS MIN <= 32     MM              10.4      MM       15
DAYS MIN <= 0       0               0.0     0.0        0

PRECIPITATION (INCHES)
RECORD
 MAXIMUM        12.52   1939
 MINIMUM         0.59   1978
TOTALS           3.77              4.84   -1.07     6.57
DAILY AVG.       0.13              0.17   -0.04     0.23
DAYS >= .01        10              10.4    -0.4       15
DAYS >= .10         5               7.1    -2.1       10
DAYS >= .50         4               3.4     0.6        3
DAYS >= 1.00        2               1.2     0.8        3
GREATEST
 24 HR. TOTAL    1.35   02/16 TO 02/16              2.35

SNOWFALL (INCHES)
RECORDS
 TOTAL            8.0   1958
 24 HR TOTAL      8.0   02/15/1958 TO 02/15/1958
TOTALS            8.8R              0.5     8.3      5.2
SINCE 7/1         8.8               1.9     6.9      5.2
DAYS >= TRACE       9               0.7     8.3        5
DAYS >= 1.0         1               0.3     0.7        2
GREATEST
 SNOW DEPTH         7R  02/26                          4
 24 HR TOTAL      8.2R  02/25 TO 02/26

DEGREE_DAYS
HEATING TOTAL     745               542     203      611
 SINCE 7/1       2641              2452     189     2835
COOLING TOTAL       0                 1      -1        1
 SINCE 1/1          0                 1      -1        1

FREEZE DATES
RECORD
 EARLIEST     10/09/2000
 LATEST       05/02/1909
EARLIEST                        11/05
LATEST                          03/30
..............................................................

WIND (MPH)
AVERAGE WIND SPEED              8.5
HIGHEST WIND SPEED/DIRECTION    28/170    DATE  02/21
HIGHEST GUST SPEED/DIRECTION    36/160    DATE  02/21

AVERAGE RH (PERCENT)     61


-  INDICATES NEGATIVE NUMBERS.
R  INDICATES RECORD WAS SET OR TIED.
MM INDICATES DATA IS MISSING.
T  INDICATES TRACE AMOUNT.

$$
