000
CXUS54 KHUN 041441
CLMHSV


CLIMATE REPORT
NATIONAL WEATHER SERVICE HUNTSVILLE AL
940 AM CDT TUE APR 4 2017

...................................

...THE HUNTSVILLE CLIMATE SUMMARY FOR THE MONTH OF MARCH 2017...

CLIMATE NORMAL PERIOD 1981 TO 2010
CLIMATE RECORD PERIOD 1894 TO 2017

WEATHER         OBSERVED          NORMAL  DEPART  LAST YEAR`S
                 VALUE   DATE(S)  VALUE   FROM    VALUE
                                          NORMAL
.............................................................
TEMPERATURE (F)
RECORD
 HIGH              90   03/24/1929
                        03/21/1907
 LOW                6   03/03/1980
HIGHEST            85   03/21        MM      MM       85
LOWEST             21   03/16        MM      MM       32
AVG. MAXIMUM     66.9              64.9     2.0     69.1
AVG. MINIMUM     44.1              42.2     1.9     46.8
MEAN             55.5              53.5     2.0     58.0
DAYS MAX >= 90      0               0.0     0.0        0
DAYS MAX <= 32      0               0.1    -0.1        0
DAYS MIN <= 32      5               4.4     0.6        1
DAYS MIN <= 0       0               0.0     0.0        0

PRECIPITATION (INCHES)
RECORD
 MAXIMUM        17.00   1980
 MINIMUM         0.50   1910
TOTALS           3.91              5.21   -1.30     4.49
DAILY AVG.       0.13              0.17   -0.04     0.14
DAYS >= .01        13              10.6     2.4        8
DAYS >= .10         8               7.4     0.6        7
DAYS >= .50         3               3.6    -0.6        4
DAYS >= 1.00        0               1.6    -1.6        1
GREATEST
 24 HR. TOTAL    0.87   03/10 TO 03/10              1.85

SNOWFALL (INCHES)
RECORDS
 TOTAL            7.3   1993
 24 HR TOTAL      4.9   03/13/1993 TO 03/13/1993
TOTALS              T               0.5    -0.5        T
SINCE 7/1           T               2.4    -2.4      0.4
DAYS >= TRACE       1               0.3     0.7        1
DAYS >= 1.0         0               0.1    -0.1        0
GREATEST
 SNOW DEPTH         0   MM                             0
 24 HR TOTAL        T   03/12 TO 03/12

DEGREE_DAYS
HEATING TOTAL     312               368     -56      233
 SINCE 7/1       1879              2820    -941     2129
COOLING TOTAL      25                13      12       24
 SINCE 1/1         30                14      16       25

FREEZE DATES
RECORD
 EARLIEST     10/09/2000
 LATEST       05/02/1909
EARLIEST      03/05             11/05
LATEST                          03/30
..............................................................

WIND (MPH)
AVERAGE WIND SPEED              8.8
HIGHEST WIND SPEED/DIRECTION    35/310    DATE  03/01
HIGHEST GUST SPEED/DIRECTION    46/300    DATE  03/01

AVERAGE RH (PERCENT)     64


-  INDICATES NEGATIVE NUMBERS.
R  INDICATES RECORD WAS SET OR TIED.
MM INDICATES DATA IS MISSING.
T  INDICATES TRACE AMOUNT.

$$
