444
CXUS54 KHUN 012112
CLMHSV


CLIMATE REPORT
NATIONAL WEATHER SERVICE HUNTSVILLE AL
410 PM CDT MON AUG 1 2016

...................................

...THE HUNTSVILLE CLIMATE SUMMARY FOR THE MONTH OF JULY 2016...

CLIMATE NORMAL PERIOD 1981 TO 2010
CLIMATE RECORD PERIOD 1894 TO 2016

WEATHER         OBSERVED          NORMAL  DEPART  LAST YEAR`S
                 VALUE   DATE(S)  VALUE   FROM    VALUE
                                          NORMAL
.............................................................
TEMPERATURE (F)
RECORD
 HIGH             111   07/29/1930
 LOW               49   07/22/1944
HIGHEST           100   07/21        MM      MM      100
LOWEST             61   07/01        MM      MM       68
AVG. MAXIMUM     94.1              90.7     3.4     93.3
AVG. MINIMUM     72.6              70.4     2.2     73.5
MEAN             83.4              80.6     2.8     83.4
DAYS MAX >= 90     27              17.8     9.2       23
DAYS MAX <= 32      0               0.0     0.0        0
DAYS MIN <= 32      0               0.0     0.0        0
DAYS MIN <= 0       0               0.0     0.0        0

PRECIPITATION (INCHES)
RECORD
 MAXIMUM        14.81   1967
 MINIMUM         0.60   1902
TOTALS           4.93              4.05    0.88     5.81
DAILY AVG.       0.16              0.13    0.03     0.19
DAYS >= .01        13              10.5     2.5       10
DAYS >= .10         8               6.9     1.1        7
DAYS >= .50         4               2.9     1.1        5
DAYS >= 1.00        2               1.0     1.0        1
GREATEST
 24 HR. TOTAL    1.70   07/14 TO 07/14              1.67
                        07/13 TO 07/14
                        07/14 TO 07/14

SNOWFALL (INCHES)
RECORDS
 TOTAL              T   2002
 24 HR TOTAL      0.0   MM
TOTALS            0.0               0.0     0.0      0.0
SINCE 7/1         0.0               0.0     0.0      0.0
DAYS >= TRACE       0               0.0     0.0        0
DAYS >= 1.0         0               0.0     0.0        0
GREATEST
 SNOW DEPTH         0   MM                             0
 24 HR TOTAL      0.0   07/31 TO 07/31

DEGREE_DAYS
HEATING TOTAL       0                 0       0        0
 SINCE 7/1          0                 0       0        0
COOLING TOTAL     575               482      93      576
 SINCE 1/1       1342              1125     217     1398

FREEZE DATES
RECORD
 EARLIEST     10/09/2000
 LATEST       05/02/1909
EARLIEST                        11/05
LATEST                          03/30
..............................................................

WIND (MPH)
AVERAGE WIND SPEED              5.1
HIGHEST WIND SPEED/DIRECTION    26/180    DATE  07/03
HIGHEST GUST SPEED/DIRECTION    41/310    DATE  07/14

AVERAGE RH (PERCENT)     65


-  INDICATES NEGATIVE NUMBERS.
R  INDICATES RECORD WAS SET OR TIED.
MM INDICATES DATA IS MISSING.
T  INDICATES TRACE AMOUNT.

$$
