000
CXUS54 KHUN 031723
CLMHSV


CLIMATE REPORT
NATIONAL WEATHER SERVICE HUNTSVILLE AL
1115 AM CST MON MAR 3 2014

...................................

...THE HUNTSVILLE CLIMATE SUMMARY FOR THE MONTH OF FEBRUARY 2014...

CLIMATE NORMAL PERIOD 1981 TO 2010
CLIMATE RECORD PERIOD 1894 TO 2014

WEATHER         OBSERVED          NORMAL  DEPART  LAST YEAR`S
                 VALUE   DATE(S)  VALUE   FROM    VALUE
                                          NORMAL
.............................................................
TEMPERATURE (F)
RECORD
 HIGH              83   02/23/1996
 LOW               -8   02/17/1958
HIGHEST            73   02/20        MM      MM       66
LOWEST             19   02/27        MM      MM       21
AVG. MAXIMUM     52.9              55.9    -3.0     53.9
AVG. MINIMUM     32.9              35.5    -2.6     35.2
MEAN             42.9              45.7    -2.8     44.6
DAYS MAX >= 90      0               0.0     0.0        0
DAYS MAX <= 32      1               0.6     0.4        0
DAYS MIN <= 32     15              10.4     4.6       10
DAYS MIN <= 0       0               0.0     0.0        0

PRECIPITATION (INCHES)
RECORD
 MAXIMUM        12.52   1939
 MINIMUM         0.59   1978
TOTALS           6.57              4.84    1.73     3.29
DAILY AVG.       0.23              0.17    0.06     0.12
DAYS >= .01        15              10.4     4.6       15
DAYS >= .10        10               7.1     2.9        9
DAYS >= .50         3               3.4    -0.4        2
DAYS >= 1.00        3               1.2     1.8        0
GREATEST
 24 HR. TOTAL    2.35   02/20 TO 02/21              0.96

SNOWFALL (INCHES)
RECORDS
 TOTAL            8.0   1958
 24 HR TOTAL      8.0   02/15/1958 TO 02/15/1958
TOTALS            5.2               0.5     4.7        T
SINCE 7/1         5.2               1.9     3.3      0.7
DAYS >= TRACE       5               0.7     4.3        4
DAYS >= 1.0         2               0.3     1.7        0
GREATEST
 SNOW DEPTH         4R  02/13                          0
 24 HR TOTAL      4.0   02/12 TO 02/13

DEGREE_DAYS
HEATING TOTAL     611               542      69      566
 SINCE 7/1       2835              2452     383     2272
COOLING TOTAL       1                 1       0        0
 SINCE 1/1          1                 1       0        6

FREEZE DATES
RECORD
 EARLIEST     10/09/2000
 LATEST       05/02/1909
EARLIEST                        11/05
LATEST                          03/30
..............................................................

WIND (MPH)
AVERAGE WIND SPEED              7.9
HIGHEST WIND SPEED/DIRECTION    35/220    DATE  02/20
HIGHEST GUST SPEED/DIRECTION    46/220    DATE  02/20

AVERAGE RH (PERCENT)     68


-  INDICATES NEGATIVE NUMBERS.
R  INDICATES RECORD WAS SET OR TIED.
MM INDICATES DATA IS MISSING.
T  INDICATES TRACE AMOUNT.

$$
