000
CXUS54 KHUN 031603
CLMHSV


CLIMATE REPORT
NATIONAL WEATHER SERVICE HUNTSVILLE AL
1102 AM CDT FRI JUN 3 2016

...................................

...THE HUNTSVILLE CLIMATE SUMMARY FOR THE MONTH OF MAY 2016...

CLIMATE NORMAL PERIOD 1981 TO 2010
CLIMATE RECORD PERIOD 1894 TO 2016

WEATHER         OBSERVED          NORMAL  DEPART  LAST YEAR`S
                 VALUE   DATE(S)  VALUE   FROM    VALUE
                                          NORMAL
.............................................................
TEMPERATURE (F)
RECORD
 HIGH              99   05/27/1926
                        05/30/1914
                        05/29/1914
 LOW               32   05/07/1944
                        05/02/1909
HIGHEST            94   05/31        MM      MM       92
                        05/30
LOWEST             43   05/06        MM      MM       45
AVG. MAXIMUM     82.4              81.3     1.1     84.4
AVG. MINIMUM     58.5              59.3    -0.8     61.2
MEAN             70.4              70.3     0.1     72.8
DAYS MAX >= 90      6               2.9     3.1        3
DAYS MAX <= 32      0               0.0     0.0        0
DAYS MIN <= 32      0               0.0     0.0        0
DAYS MIN <= 0       0               0.0     0.0        0

PRECIPITATION (INCHES)
RECORD
 MAXIMUM        11.88   1983
 MINIMUM         0.32   1951
TOTALS           1.62              5.11   -3.49     5.08
DAILY AVG.       0.05              0.16   -0.11     0.16
DAYS >= .01         6              10.2    -4.2       11
DAYS >= .10         2               6.7    -4.7        9
DAYS >= .50         1               3.6    -2.6        3
DAYS >= 1.00        1               1.6    -0.6        1
GREATEST
 24 HR. TOTAL    1.04   05/12 TO 05/12              2.15
                        05/11 TO 05/12
                        05/12 TO 05/12

SNOWFALL (INCHES)
RECORDS
 TOTAL              T   1998
                        1993
 24 HR TOTAL      0.0   MM
TOTALS            0.0               0.0     0.0      0.0
SINCE 7/1         0.4               2.4    -2.0      9.8
DAYS >= TRACE       0               0.0     0.0        0
DAYS >= 1.0         0               0.0     0.0        0
GREATEST
 SNOW DEPTH         0   MM                             0
 24 HR TOTAL      0.0   05/31 TO 05/31

DEGREE_DAYS
HEATING TOTAL      20                27      -7       14
 SINCE 7/1       2253              3001    -748     3030
COOLING TOTAL     196               191       5      262
 SINCE 1/1        287               263      24      325

FREEZE DATES
RECORD
 EARLIEST     10/09/2000
 LATEST       05/02/1909
EARLIEST                        11/05
LATEST                          03/30
..............................................................

WIND (MPH)
AVERAGE WIND SPEED              6.3
HIGHEST WIND SPEED/DIRECTION    32/220    DATE  05/12
HIGHEST GUST SPEED/DIRECTION    42/220    DATE  05/12

AVERAGE RH (PERCENT)     63


-  INDICATES NEGATIVE NUMBERS.
R  INDICATES RECORD WAS SET OR TIED.
MM INDICATES DATA IS MISSING.
T  INDICATES TRACE AMOUNT.

$$
