000
CXUS54 KHUN 031406
CLMHSV


CLIMATE REPORT
NATIONAL WEATHER SERVICE HUNTSVILLE AL
904 AM CDT WED JUN 3 2015

...................................

...THE HUNTSVILLE CLIMATE SUMMARY FOR THE MONTH OF MAY 2015...

CLIMATE NORMAL PERIOD 1981 TO 2010
CLIMATE RECORD PERIOD 1894 TO 2015

WEATHER         OBSERVED          NORMAL  DEPART  LAST YEAR`S
                 VALUE   DATE(S)  VALUE   FROM    VALUE
                                          NORMAL
.............................................................
TEMPERATURE (F)
RECORD
 HIGH              99   05/27/1926
                        05/30/1914
                        05/29/1914
 LOW               32   05/07/1944
                        05/02/1909
HIGHEST            92   05/10        MM      MM       90
LOWEST             45   05/02        MM      MM       47
AVG. MAXIMUM     84.4              81.3     3.1     81.8
AVG. MINIMUM     61.2              59.3     1.9     60.1
MEAN             72.8              70.3     2.5     70.9
DAYS MAX >= 90      3               2.9     0.1        1
DAYS MAX <= 32      0               0.0     0.0        0
DAYS MIN <= 32      0               0.0     0.0        0
DAYS MIN <= 0       0               0.0     0.0        0

PRECIPITATION (INCHES)
RECORD
 MAXIMUM        11.88   1983
 MINIMUM         0.32   1951
TOTALS           5.08              5.11   -0.03     2.80
DAILY AVG.       0.16              0.16    0.00     0.09
DAYS >= .01        11              10.2     0.8        6
DAYS >= .10         9               6.7     2.3        6
DAYS >= .50         3               3.6    -0.6        3
DAYS >= 1.00        1               1.6    -0.6        1
GREATEST
 24 HR. TOTAL    2.15   05/27 TO 05/27              1.11

SNOWFALL (INCHES)
RECORDS
 TOTAL              T   1998
                        1993
 24 HR TOTAL      0.0   MM
TOTALS            0.0               0.0     0.0      0.0
SINCE 7/1         9.8               2.4     7.4      5.2
DAYS >= TRACE       0               0.0     0.0        0
DAYS >= 1.0         0               0.0     0.0        0
GREATEST
 SNOW DEPTH         0   MM                             0
 24 HR TOTAL      0.0   05/31 TO 05/31

DEGREE_DAYS
HEATING TOTAL      14                27     -13       38
 SINCE 7/1       3030              3001      29     3463
COOLING TOTAL     262               191      71      228
 SINCE 1/1        325               263      62      271

FREEZE DATES
RECORD
 EARLIEST     10/09/2000
 LATEST       05/02/1909
EARLIEST                        11/05
LATEST                          03/30
..............................................................

WIND (MPH)
AVERAGE WIND SPEED              6.5
HIGHEST WIND SPEED/DIRECTION    28/240    DATE  05/20
HIGHEST GUST SPEED/DIRECTION    38/250    DATE  05/20

AVERAGE RH (PERCENT)     65


-  INDICATES NEGATIVE NUMBERS.
R  INDICATES RECORD WAS SET OR TIED.
MM INDICATES DATA IS MISSING.
T  INDICATES TRACE AMOUNT.

$$
