000
CXUS54 KHUN 030626
CLMHSV


CLIMATE REPORT
NATIONAL WEATHER SERVICE HUNTSVILLE AL
125 AM CDT MON OCT 3 2016

...................................

...THE HUNTSVILLE CLIMATE SUMMARY FOR THE MONTH OF SEPTEMBER 2016...

CLIMATE NORMAL PERIOD 1981 TO 2010
CLIMATE RECORD PERIOD 1894 TO 2016

WEATHER         OBSERVED          NORMAL  DEPART  LAST YEAR`S
                 VALUE   DATE(S)  VALUE   FROM    VALUE
                                          NORMAL
.............................................................
TEMPERATURE (F)
RECORD
 HIGH             108   09/07/1925
 LOW               37   09/30/1967
                        09/29/1942
HIGHEST            99   09/25        MM      MM       94
LOWEST             49   09/30        MM      MM       49
AVG. MAXIMUM     92.4              85.0     7.4     86.1
AVG. MINIMUM     66.5              62.5     4.0     64.1
MEAN             79.4              73.7     5.7     75.1
DAYS MAX >= 90     24               6.7    17.3       11
DAYS MAX <= 32      0               0.0     0.0        0
DAYS MIN <= 32      0               0.0     0.0        0
DAYS MIN <= 0       0               0.0     0.0        0

PRECIPITATION (INCHES)
RECORD
 MAXIMUM        12.48   1906
 MINIMUM         0.00   1916
TOTALS           0.47              3.72   -3.25     0.92
DAILY AVG.       0.02              0.12   -0.10     0.03
DAYS >= .01         3               7.5    -4.5        8
DAYS >= .10         2               4.9    -2.9        1
DAYS >= .50         0               2.6    -2.6        1
DAYS >= 1.00        0               1.3    -1.3        0
GREATEST
 24 HR. TOTAL    0.31   09/10 TO 09/10              0.60
                        09/09 TO 09/10
                        09/10 TO 09/10

SNOWFALL (INCHES)
RECORDS
 TOTAL            0.0   2002
                        2001
                        2000
 24 HR TOTAL      0.0   MM
TOTALS            0.0               0.0     0.0      0.0
SINCE 7/1         0.0               0.0     0.0      0.0
DAYS >= TRACE       0               0.0     0.0        0
DAYS >= 1.0         0               0.0     0.0        0
GREATEST
 SNOW DEPTH         0   MM                             0
 24 HR TOTAL      0.0   09/30 TO 09/30

DEGREE_DAYS
HEATING TOTAL       3                13     -10        3
 SINCE 7/1          3                13     -10        3
COOLING TOTAL     445               275     170      312
 SINCE 1/1       2350              1870     480     2157

FREEZE DATES
RECORD
 EARLIEST     10/09/2000
 LATEST       05/02/1909
EARLIEST                        11/05
LATEST                          03/30
..............................................................

WIND (MPH)
AVERAGE WIND SPEED              5.5
HIGHEST WIND SPEED/DIRECTION    28/260    DATE  09/10
HIGHEST GUST SPEED/DIRECTION    36/260    DATE  09/10

AVERAGE RH (PERCENT)     60


-  INDICATES NEGATIVE NUMBERS.
R  INDICATES RECORD WAS SET OR TIED.
MM INDICATES DATA IS MISSING.
T  INDICATES TRACE AMOUNT.

$$
