000
CXUS54 KHUN 012232
CLMHSV


CLIMATE REPORT
NATIONAL WEATHER SERVICE HUNTSVILLE AL
430 PM CST TUE MAR 1 2016

...................................

...THE HUNTSVILLE CLIMATE SUMMARY FOR THE MONTH OF FEBRUARY 2016...

CLIMATE NORMAL PERIOD 1981 TO 2010
CLIMATE RECORD PERIOD 1894 TO 2016

WEATHER         OBSERVED          NORMAL  DEPART  LAST YEAR`S
                 VALUE   DATE(S)  VALUE   FROM    VALUE
                                          NORMAL
.............................................................
TEMPERATURE (F)
RECORD
 HIGH              83   02/23/1996
 LOW               -8   02/17/1958
HIGHEST            77   02/02        MM      MM       67
LOWEST             20   02/10        MM      MM       11
AVG. MAXIMUM     56.7              55.9     0.8     47.0
AVG. MINIMUM     37.1              35.5     1.6       MM
MEAN             46.9              45.7     1.2     37.1
DAYS MAX >= 90      0               0.0     0.0        0
DAYS MAX <= 32      0               0.6    -0.6        2
DAYS MIN <= 32     12              10.4     1.6       MM
DAYS MIN <= 0       0               0.0     0.0        0

PRECIPITATION (INCHES)
RECORD
 MAXIMUM        12.52   1939
 MINIMUM         0.59   1978
TOTALS           6.38              4.84    1.54     3.77
DAILY AVG.       0.22                MM      MM     0.13
DAYS >= .01        10              10.4    -0.4       10
DAYS >= .10         8               7.1     0.9        5
DAYS >= .50         4               3.4     0.6        4
DAYS >= 1.00        2               1.2     0.8        2
GREATEST
 24 HR. TOTAL    2.25   02/02 TO 02/03              1.35

SNOWFALL (INCHES)
RECORDS
 TOTAL            8.8   2015
 24 HR TOTAL      8.2   02/25/2015 TO 02/26/2015
TOTALS              T               0.5    -0.5      8.8
SINCE 7/1         0.4               1.9    -1.5      8.8
DAYS >= TRACE       2               0.7     1.3        9
DAYS >= 1.0         0               0.3    -0.3        1
GREATEST
 SNOW DEPTH         0   MM                             7
 24 HR TOTAL        T   02/09 TO 02/09
                        02/08 TO 02/08

DEGREE_DAYS
HEATING TOTAL     519               542     -23      745
 SINCE 7/1       1896              2468    -572     2641
COOLING TOTAL       1                 1       0        0
 SINCE 1/1          1                 1       0        0

FREEZE DATES
RECORD
 EARLIEST     10/09/2000
 LATEST       05/02/1909
EARLIEST                        11/05
LATEST                          03/30
..............................................................

WIND (MPH)
AVERAGE WIND SPEED              8.8
HIGHEST WIND SPEED/DIRECTION    36/260    DATE  02/24
HIGHEST GUST SPEED/DIRECTION    44/160    DATE  02/02

AVERAGE RH (PERCENT)     61


-  INDICATES NEGATIVE NUMBERS.
R  INDICATES RECORD WAS SET OR TIED.
MM INDICATES DATA IS MISSING.
T  INDICATES TRACE AMOUNT.

$$
