000
CXUS54 KHUN 031601
CLMHSV


CLIMATE REPORT
NATIONAL WEATHER SERVICE HUNTSVILLE AL
959 AM CST MON FEB 3 2014

...................................

...THE HUNTSVILLE CLIMATE SUMMARY FOR THE MONTH OF JANUARY 2014...

CLIMATE NORMAL PERIOD 1981 TO 2010
CLIMATE RECORD PERIOD 1894 TO 2014

WEATHER         OBSERVED          NORMAL  DEPART  LAST YEAR`S
                 VALUE   DATE(S)  VALUE   FROM    VALUE
                                          NORMAL
.............................................................
TEMPERATURE (F)
RECORD
 HIGH              79   01/01/1952
 LOW              -11   01/21/1985
                        01/30/1966
HIGHEST            64   01/20        MM      MM       72
LOWEST              4   01/07        MM      MM       24
AVG. MAXIMUM     45.8              51.2    -5.4     54.0
AVG. MINIMUM     21.9              31.8    -9.9     37.4
MEAN             33.8              41.5    -7.7     45.7
DAYS MAX >= 90      0               0.0     0.0        0
DAYS MAX <= 32      6               1.4     4.6        0
DAYS MIN <= 32     27              16.5    10.5       10
DAYS MIN <= 0       0               0.1    -0.1        0

PRECIPITATION (INCHES)
RECORD
 MAXIMUM        10.92   1982
 MINIMUM         1.28   1914
TOTALS           3.30              4.89   -1.59     8.59
DAILY AVG.       0.11              0.16   -0.05     0.28
DAYS >= .01         6              10.7    -4.7       13
DAYS >= .10         4               7.2    -3.2        9
DAYS >= .50         2               3.4    -1.4        5
DAYS >= 1.00        1               1.5    -0.5        4
GREATEST
 24 HR. TOTAL    2.26   01/10 TO 01/11              2.12

SNOWFALL (INCHES)
RECORDS
 TOTAL            9.6   1988
 24 HR TOTAL      8.9   01/09/2011 TO 01/10/2011
TOTALS              T               1.1    -1.1      0.7
SINCE 7/1           T               1.4    -1.4      0.7
DAYS >= TRACE       4               0.9     3.1        1
DAYS >= 1.0         0               0.4    -0.4        0
GREATEST
 SNOW DEPTH         0   MM                            -1
 24 HR TOTAL        T   01/28 TO 01/28
                        01/06 TO 01/06
                        01/05 TO 01/05

DEGREE_DAYS
HEATING TOTAL     957               729     228      598
 SINCE 7/1       2224              1910     314     1706
COOLING TOTAL       0                 0       0        6
 SINCE 1/1          0                 0       0        6

FREEZE DATES
RECORD
 EARLIEST     10/09/2000
 LATEST       05/02/1909
EARLIEST                        11/05
LATEST                          03/30
..............................................................

WIND (MPH)
AVERAGE WIND SPEED              7.9
HIGHEST WIND SPEED/DIRECTION    30/320    DATE  01/21
HIGHEST GUST SPEED/DIRECTION    45/290    DATE  01/05

AVERAGE RH (PERCENT)     60


-  INDICATES NEGATIVE NUMBERS.
R  INDICATES RECORD WAS SET OR TIED.
MM INDICATES DATA IS MISSING.
T  INDICATES TRACE AMOUNT.

$$
