000
CXUS54 KHUN 011607
CLMHSV


CLIMATE REPORT
NATIONAL WEATHER SERVICE HUNTSVILLE AL
1107 AM CDT SUN JUN 1 2014

...................................

...THE HUNTSVILLE CLIMATE SUMMARY FOR THE MONTH OF MAY 2014...

CLIMATE NORMAL PERIOD 1981 TO 2010
CLIMATE RECORD PERIOD 1894 TO 2014

WEATHER         OBSERVED          NORMAL  DEPART  LAST YEAR`S
                 VALUE   DATE(S)  VALUE   FROM    VALUE
                                          NORMAL
.............................................................
TEMPERATURE (F)
RECORD
 HIGH              99   05/27/1926
                        05/30/1914
                        05/29/1914
 LOW               32   05/07/1944
                        05/02/1909
HIGHEST            90   05/31        MM      MM       90
LOWEST             47   05/03        MM      MM       41
                        05/01
AVG. MAXIMUM     81.8              81.3     0.5     78.7
AVG. MINIMUM     60.1              59.3     0.8     57.4
MEAN             70.9              70.3     0.6     68.0
DAYS MAX >= 90      1               2.9    -1.9        2
DAYS MAX <= 32      0               0.0     0.0        0
DAYS MIN <= 32      0               0.0     0.0        0
DAYS MIN <= 0       0               0.0     0.0        0

PRECIPITATION (INCHES)
RECORD
 MAXIMUM        11.88   1983
 MINIMUM         0.32   1951
TOTALS           2.80              5.11   -2.31     6.60
DAILY AVG.       0.09              0.16   -0.07     0.21
DAYS >= .01         6              10.2    -4.2        7
DAYS >= .10         6               6.7    -0.7        6
DAYS >= .50         3               3.6    -0.6        5
DAYS >= 1.00        1               1.6    -0.6        3
GREATEST
 24 HR. TOTAL    1.11   05/14 TO 05/14              2.96
                        05/13 TO 05/14
                        05/14 TO 05/14

SNOWFALL (INCHES)
RECORDS
 TOTAL              T   1998
                        1993
 24 HR TOTAL      0.0   MM
TOTALS            0.0               0.0     0.0      0.0
SINCE 7/1         5.2               2.4     2.8      0.7
DAYS >= TRACE       0               0.0     0.0        0
DAYS >= 1.0         0               0.0     0.0        0
GREATEST
 SNOW DEPTH         0   MM                             0
 24 HR TOTAL      0.0   05/31 TO 05/31

DEGREE_DAYS
HEATING TOTAL      38                27      11       71
 SINCE 7/1       3463              3001     462     3042
COOLING TOTAL     228               191      37      174
 SINCE 1/1        271               263       8      233

FREEZE DATES
RECORD
 EARLIEST     10/09/2000
 LATEST       05/02/1909
EARLIEST                        11/05
LATEST                          03/30
..............................................................

WIND (MPH)
AVERAGE WIND SPEED              5.8
HIGHEST WIND SPEED/DIRECTION    23/120    DATE  05/30
HIGHEST GUST SPEED/DIRECTION    29/230    DATE  05/09

AVERAGE RH (PERCENT)     68


-  INDICATES NEGATIVE NUMBERS.
R  INDICATES RECORD WAS SET OR TIED.
MM INDICATES DATA IS MISSING.
T  INDICATES TRACE AMOUNT.

$$
