000
CXUS54 KHUN 012127
CF6MSL
PRELIMINARY LOCAL CLIMATOLOGICAL DATA (WS FORM: F-6)

                                          STATION:   MUSCLE SHOALS
                                          MONTH:     JUNE
                                          YEAR:      2016
                                          LATITUDE:   34 45 N
                                          LONGITUDE:  87 37 W

  TEMPERATURE IN F:       :PCPN:    SNOW:  WIND      :SUNSHINE: SKY     :PK WND
================================================================================
1   2   3   4   5  6A  6B    7    8   9   10  11  12  13   14  15   16   17  18
                                     12Z  AVG MX 2MIN
DY MAX MIN AVG DEP HDD CDD  WTR  SNW DPTH SPD SPD DIR MIN PSBL S-S WX    SPD DR
================================================================================

 1  93  67  80   6   0  15 0.05  0.0    0  3.5 18 250   M    M   3 13     22 230
 2  93  69  81   7   0  16 0.00  0.0    0  3.3 22 150   M    M   2 13     25 160
 3  92  70  81   7   0  16 0.49  0.0    0  2.6 26 170   M    M   4 138    34 170
 4  83  70  77   2   0  12 0.59  0.0    0  4.8 14 270   M    M   3 13     18 210
 5  82  70  76   1   0  11 0.84  0.0    0  4.2 17 300   M    M   6 18     21 300
 6  88  66  77   2   0  12 0.00  0.0    0  2.7 10 340   M    M   2 128    14 340
 7  89  62  76   1   0  11 0.00  0.0    0  6.1 21 310   M    M   0 1      29 300
 8  86  58  72  -4   0   7 0.00  0.0    0  3.2 12  50   M    M   0 8      16  40
 9  87  58  73  -3   0   8 0.00  0.0    0  1.4  8  60   M    M   0        12  80
10  94  57  76   0   0  11 0.00  0.0    0  2.1  9 100   M    M   0        11 200
11  93  64  79   3   0  14 0.00  0.0    0  2.3 10 190   M    M   3 138    14 230
12  93  71  82   6   0  17 0.41  0.0    0  3.2 32 310   M    M   1 138    50 290
13  95  70  83   6   0  18 0.00  0.0    0  3.3 20 190   M    M   2 1238   27 200
14  92  73  83   6   0  18 0.08  0.0    0  5.2 18 220   M    M   1 38     22 210
15  92  73  83   6   0  18 0.73  0.0    0  6.3 18 120   M    M   7 138    26  30
16  95  70  83   6   0  18 0.00  0.0    0  5.2 13 280   M    M   1 1      17 300
17  93  73  83   5   0  18 0.00  0.0    0  6.8 22 210   M    M   1 138    27 210
18  87  67  77  -1   0  12 0.00  0.0    0  6.6 16 130   M    M   3 1      22 110
19  89  69  79   1   0  14 0.00  0.0    0  6.0 17 140   M    M   3        25 180
20  90  64  77  -1   0  12 0.00  0.0    0  3.5 10 160   M    M   1        12 210
21  93  69  81   3   0  16 0.00  0.0    0  5.8 16 250   M    M   3        20 240
22  96  74  85   7   0  20 0.00  0.0    0  7.5 15 240   M    M   1        20 280
23  96  74  85   6   0  20 0.00  0.0    0  8.9 18 280   M    M   1        23 260
24  96  74  85   6   0  20    T  0.0    0  6.4 18 290   M    M   2        22 260
25  96  74  85   6   0  20 0.39  0.0    0  2.5 13 360   M    M   2 138    20 190
26  95  72  84   5   0  19    T  0.0    0  1.9 21 210   M    M   1 13     27 220
27  94  72  83   4   0  18 1.11  0.0    0  2.3 31 290   M    M   3 13     35 290
28  91  72  82   3   0  17 0.00  0.0    0  3.6 10  70   M    M   2 1      19  20
29  88  70  79   0   0  14 0.00  0.0    0  3.3  8 330   M    M   0        12 340
30  89  61  75  -5   0  10 0.00  0.0    0  2.3  8 330   M    M   0        12 340
================================================================================
SM 2740 2053         0 452  4.69     0.0 126.8          M       58
================================================================================
AV 91.3 68.4                               4.2 FASTST   M    M   2    MAX(MPH)
                                 MISC ---->  # 32 310               # 50  290
================================================================================
NOTES:
# LAST OF SEVERAL OCCURRENCES

COLUMN 17 PEAK WIND IN M.P.H.

PRELIMINARY LOCAL CLIMATOLOGICAL DATA (WS FORM: F-6) , PAGE 2

                                          STATION:  MUSCLE SHOALS
                                          MONTH:    JUNE
                                          YEAR:     2016
                                          LATITUDE:   34 45 N
                                          LONGITUDE:  87 37 W

[TEMPERATURE DATA]      [PRECIPITATION DATA]       SYMBOLS USED IN COLUMN 16

AVERAGE MONTHLY: 79.9   TOTAL FOR MONTH:   4.69    1 = FOG OR MIST
DPTR FM NORMAL:   2.9   DPTR FM NORMAL:   -0.07    2 = FOG REDUCING VISIBILITY
HIGHEST:    96 ON 25,24 GRTST 24HR  1.11 ON 27-27      TO 1/4 MILE OR LESS
LOWEST:     57 ON 10                               3 = THUNDER
                        SNOW, ICE PELLETS, HAIL    4 = ICE PELLETS
                        TOTAL MONTH:   0.0 INCH    5 = HAIL
                        GRTST 24HR     0.0         6 = FREEZING RAIN OR DRIZZLE
                        GRTST DEPTH:   0           7 = DUSTSTORM OR SANDSTORM:
                                                       VSBY 1/2 MILE OR LESS
                                                   8 = SMOKE OR HAZE
[NO. OF DAYS WITH]      [WEATHER - DAYS WITH]      9 = BLOWING SNOW
                                                   X = TORNADO
MAX 32 OR BELOW:   0    0.01 INCH OR MORE:   9
MAX 90 OR ABOVE:  20    0.10 INCH OR MORE:   7
MIN 32 OR BELOW:   0    0.50 INCH OR MORE:   4
MIN  0 OR BELOW:   0    1.00 INCH OR MORE:   1

[HDD (BASE 65) ]
TOTAL THIS MO.     0    CLEAR  (SCALE 0-3)  26
DPTR FM NORMAL    -1    PTCLDY (SCALE 4-7)   4
TOTAL FM JUL 1  2360    CLOUDY (SCALE 8-10)  0
DPTR FM NORMAL  -744

[CDD (BASE 65) ]
TOTAL THIS MO.   452
DPTR FM NORMAL    90    [PRESSURE DATA]
TOTAL FM JAN 1   719    HIGHEST SLP 30.32 ON 20
DPTR FM NORMAL   113    LOWEST  SLP 29.76 ON  6

[REMARKS]
#FINAL-06-16#
