000
CDUS44 KHUN 310711
CLIMSL


CLIMATE REPORT
NATIONAL WEATHER SERVICE HUNTSVILLE AL
211 AM CDT FRI OCT 31 2014


...................................

...THE MUSCLE SHOALS CLIMATE SUMMARY FOR OCTOBER 30 2014...

CLIMATE NORMAL PERIOD 1981 TO 2010
CLIMATE RECORD PERIOD 1893 TO 2014


WEATHER ITEM   OBSERVED TIME   RECORD YEAR NORMAL DEPARTURE LAST
                VALUE   (LST)  VALUE       VALUE  FROM      YEAR
                                                  NORMAL
..................................................................
TEMPERATURE (F)
 YESTERDAY
  MAXIMUM         68    324 PM  86    1961  70     -2       81
                                      1937
                                      1927
  MINIMUM         38    552 AM  26    1920  45     -7       59
  AVERAGE         53                        58     -5       70

PRECIPITATION (IN)
  YESTERDAY        0.00          2.12 2009   0.12  -0.12     0.00
  MONTH TO DATE    6.92                      3.31   3.61     1.39
  SINCE SEP 1      9.63                      7.03   2.60     3.85
  SINCE JAN 1     42.83                     42.74   0.09    46.74

SNOWFALL (IN)
  YESTERDAY        0.0
  MONTH TO DATE    0.0
  SINCE SEP 1      0.0
  SINCE JUL 1      0.0
  SNOW DEPTH       0

DEGREE DAYS
 HEATING
  YESTERDAY       12                         8      4        0
  MONTH TO DATE   95                       146    -51      130
  SINCE SEP 1     95                       161    -66      130
  SINCE JUL 1     95                       161    -66      130

 COOLING
  YESTERDAY        0                         1     -1        5
  MONTH TO DATE  100                        60     40      101
  SINCE SEP 1    407                       319     88      410
  SINCE JAN 1   1860                      1862     -2     1891
..................................................................


WIND (MPH)
  HIGHEST WIND SPEED    10   HIGHEST WIND DIRECTION     W (290)
  HIGHEST GUST SPEED    14   HIGHEST GUST DIRECTION     W (280)
  AVERAGE WIND SPEED     2.6


SKY COVER
  POSSIBLE SUNSHINE  MM
  AVERAGE SKY COVER 0.0


WEATHER CONDITIONS
 THE FOLLOWING WEATHER WAS RECORDED YESTERDAY.
  FOG


RELATIVE HUMIDITY (PERCENT)
 HIGHEST    92           600 AM
 LOWEST     27           300 PM
 AVERAGE    60

..........................................................


THE MUSCLE SHOALS CLIMATE NORMALS FOR TODAY
                         NORMAL    RECORD    YEAR
 MAXIMUM TEMPERATURE (F)   69        86      2000
 MINIMUM TEMPERATURE (F)   45        23      1917


SUNRISE AND SUNSET
OCTOBER 31 2014.......SUNRISE   710 AM CDT   SUNSET   558 PM CDT
NOVEMBER  1 2014......SUNRISE   711 AM CDT   SUNSET   557 PM CDT


-  INDICATES NEGATIVE NUMBERS.
R  INDICATES RECORD WAS SET OR TIED.
MM INDICATES DATA IS MISSING.
T  INDICATES TRACE AMOUNT.




$$
