000
CDUS44 KHUN 060717
CLIMSL


CLIMATE REPORT
NATIONAL WEATHER SERVICE HUNTSVILLE AL
217 AM CDT MON JUL 6 2015


...................................

...THE MUSCLE SHOALS CLIMATE SUMMARY FOR JULY 5 2015...

CLIMATE NORMAL PERIOD 1981 TO 2010
CLIMATE RECORD PERIOD 1893 TO 2015


WEATHER ITEM   OBSERVED TIME   RECORD YEAR NORMAL DEPARTURE LAST
                VALUE   (LST)  VALUE       VALUE  FROM      YEAR
                                                  NORMAL
..................................................................
TEMPERATURE (F)
 YESTERDAY
  MAXIMUM         84    355 PM 104    2012  90     -6       88
  MINIMUM         68    458 AM  54    1922  70     -2       56
  AVERAGE         76                        80     -4       72

PRECIPITATION (IN)
  YESTERDAY        T             1.84 2006   0.15  -0.15     0.00
  MONTH TO DATE    2.51                      0.77   1.74     0.00
  SINCE JUN 1      4.87                      5.53  -0.66     7.47
  SINCE JAN 1     28.76                     29.03  -0.27    24.26

SNOWFALL (IN)
  YESTERDAY        0.0
  MONTH TO DATE    0.0
  SINCE JUN 1      0.0
  SINCE JUL 1      0.0
  SNOW DEPTH       0

DEGREE DAYS
 HEATING
  YESTERDAY        0                         0      0        0
  MONTH TO DATE    0                         0      0        0
  SINCE JUN 1      0                         1     -1        0
  SINCE JUL 1      0                         0      0        0

 COOLING
  YESTERDAY       11                        15     -4        7
  MONTH TO DATE   58                        75    -17       63
  SINCE JUN 1    516                       437     79      464
  SINCE JAN 1    770                       681     89      721
..................................................................


WIND (MPH)
  HIGHEST WIND SPEED    14   HIGHEST WIND DIRECTION     W (250)
  HIGHEST GUST SPEED    17   HIGHEST GUST DIRECTION    SW (230)
  AVERAGE WIND SPEED     4.7


SKY COVER
  POSSIBLE SUNSHINE  MM
  AVERAGE SKY COVER 0.3


WEATHER CONDITIONS
 THE FOLLOWING WEATHER WAS RECORDED YESTERDAY.
  LIGHT RAIN


RELATIVE HUMIDITY (PERCENT)
 HIGHEST    93           300 AM
 LOWEST     58          1200 PM
 AVERAGE    76

..........................................................


THE MUSCLE SHOALS CLIMATE NORMALS FOR TODAY
                         NORMAL    RECORD    YEAR
 MAXIMUM TEMPERATURE (F)   90       103      2012
 MINIMUM TEMPERATURE (F)   70        53      1972


SUNRISE AND SUNSET
JULY  6 2015..........SUNRISE   543 AM CDT   SUNSET   807 PM CDT
JULY  7 2015..........SUNRISE   544 AM CDT   SUNSET   807 PM CDT


-  INDICATES NEGATIVE NUMBERS.
R  INDICATES RECORD WAS SET OR TIED.
MM INDICATES DATA IS MISSING.
T  INDICATES TRACE AMOUNT.




$$
