000
CDUS44 KHUN 252125
CLIMSL


CLIMATE REPORT
NATIONAL WEATHER SERVICE HUNTSVILLE AL
424 PM CDT SUN SEP 25 2016


...................................

...THE MUSCLE SHOALS CLIMATE SUMMARY FOR SEPTEMBER 25 2016...
VALID TODAY AS OF 0400 PM LOCAL TIME.

CLIMATE NORMAL PERIOD 1981 TO 2010
CLIMATE RECORD PERIOD 1893 TO 2016


WEATHER ITEM   OBSERVED TIME   RECORD YEAR NORMAL DEPARTURE LAST
                VALUE   (LST)  VALUE       VALUE  FROM      YEAR
                                                  NORMAL
..................................................................
TEMPERATURE (F)
 TODAY
  MAXIMUM         99R   225 PM  97    1933  81     18       81
  MINIMUM         62    600 AM  40    1928  58      4       63
  AVERAGE         81                        70     11       72

PRECIPITATION (IN)
  TODAY            0.00          3.10 2005   0.13  -0.13     0.00
  MONTH TO DATE    0.50                      3.09  -2.59     0.48
  SINCE SEP 1      0.50                      3.09  -2.59     0.48
  SINCE JAN 1     32.13                     38.80  -6.67    37.02

SNOWFALL (IN)
  TODAY            0.0
  MONTH TO DATE    0.0
  SINCE SEP 1      0.0
  SINCE JUL 1      0.0
  SNOW DEPTH       0

DEGREE DAYS
 HEATING
  TODAY            0                         1     -1        0
  MONTH TO DATE    0                         7     -7        5
  SINCE SEP 1      0                         7     -7        5
  SINCE JUL 1      0                         7     -7        5

 COOLING
  TODAY           16                         6     10        7
  MONTH TO DATE  381                       236    145      225
  SINCE SEP 1    381                       236    145      225
  SINCE JAN 1   2184                      1779    405     1878
..................................................................


WIND (MPH)
  HIGHEST WIND SPEED     9   HIGHEST WIND DIRECTION    NW (320)
  HIGHEST GUST SPEED    13   HIGHEST GUST DIRECTION     W (270)
  AVERAGE WIND SPEED     1.9


SKY COVER
  POSSIBLE SUNSHINE  MM
  AVERAGE SKY COVER 0.0


WEATHER CONDITIONS
 THE FOLLOWING WEATHER WAS RECORDED TODAY.
  FOG
  HAZE


RELATIVE HUMIDITY (PERCENT)
 HIGHEST    93           400 AM
 LOWEST     22           100 PM
 AVERAGE    58

..........................................................


THE MUSCLE SHOALS CLIMATE NORMALS FOR TOMORROW
                         NORMAL    RECORD    YEAR
 MAXIMUM TEMPERATURE (F)   81        98      1931
 MINIMUM TEMPERATURE (F)   58        37      1899


SUNRISE AND SUNSET
SEPTEMBER 25 2016.....SUNRISE   641 AM CDT   SUNSET   642 PM CDT
SEPTEMBER 26 2016.....SUNRISE   642 AM CDT   SUNSET   641 PM CDT


-  INDICATES NEGATIVE NUMBERS.
R  INDICATES RECORD WAS SET OR TIED.
MM INDICATES DATA IS MISSING.
T  INDICATES TRACE AMOUNT.




$$
