000
CDUS44 KHUN 190806
CLIMSL


CLIMATE REPORT
NATIONAL WEATHER SERVICE HUNTSVILLE AL
206 AM CST FRI DEC 19 2014


...................................

...THE MUSCLE SHOALS CLIMATE SUMMARY FOR DECEMBER 18 2014...

CLIMATE NORMAL PERIOD 1981 TO 2010
CLIMATE RECORD PERIOD 1893 TO 2014


WEATHER ITEM   OBSERVED TIME   RECORD YEAR NORMAL DEPARTURE LAST
                VALUE   (LST)  VALUE       VALUE  FROM      YEAR
                                                  NORMAL
..................................................................
TEMPERATURE (F)
 YESTERDAY
  MAXIMUM         46    352 PM  74    1924  52     -6       56
  MINIMUM         38    635 AM   5    1901  33      5       27
  AVERAGE         42                        43     -1       42

PRECIPITATION (IN)
  YESTERDAY        0.02          1.96 1959   0.18  -0.16     0.00
  MONTH TO DATE    1.89                      3.59  -1.70     2.75
  SINCE DEC 1      1.89                      3.59  -1.70     2.75
  SINCE JAN 1     49.03                     51.11  -2.08    53.20

SNOWFALL (IN)
  YESTERDAY        0.0
  MONTH TO DATE    0.0
  SINCE DEC 1      0.0
  SINCE JUL 1      T
  SNOW DEPTH       0

DEGREE DAYS
 HEATING
  YESTERDAY       23                        22      1       23
  MONTH TO DATE  307                       369    -62      377
  SINCE DEC 1    307                       369    -62      377
  SINCE JUL 1    959                       931     28      994

 COOLING
  YESTERDAY        0                         0      0        0
  MONTH TO DATE    0                         0      0        3
  SINCE DEC 1      0                         0      0        3
  SINCE JAN 1   1861                      1871    -10     1898
..................................................................


WIND (MPH)
  HIGHEST WIND SPEED     7   HIGHEST WIND DIRECTION    NE (50)
  HIGHEST GUST SPEED    10   HIGHEST GUST DIRECTION    NE (60)
  AVERAGE WIND SPEED     2.3


SKY COVER
  POSSIBLE SUNSHINE  MM
  AVERAGE SKY COVER 1.0


WEATHER CONDITIONS
 THE FOLLOWING WEATHER WAS RECORDED YESTERDAY.
  LIGHT RAIN


RELATIVE HUMIDITY (PERCENT)
 HIGHEST    79           800 AM
 LOWEST     65           100 PM
 AVERAGE    72

..........................................................


THE MUSCLE SHOALS CLIMATE NORMALS FOR TODAY
                         NORMAL    RECORD    YEAR
 MAXIMUM TEMPERATURE (F)   52        75      1924
 MINIMUM TEMPERATURE (F)   33         9      1963


SUNRISE AND SUNSET
DECEMBER 19 2014......SUNRISE   653 AM CST   SUNSET   442 PM CST
DECEMBER 20 2014......SUNRISE   653 AM CST   SUNSET   443 PM CST


-  INDICATES NEGATIVE NUMBERS.
R  INDICATES RECORD WAS SET OR TIED.
MM INDICATES DATA IS MISSING.
T  INDICATES TRACE AMOUNT.




$$
