000
CDUS44 KHUN 260705
CLIMSL


CLIMATE REPORT
NATIONAL WEATHER SERVICE HUNTSVILLE AL
205 AM CDT WED APR 26 2017


...................................

...THE MUSCLE SHOALS CLIMATE SUMMARY FOR APRIL 25 2017...

CLIMATE NORMAL PERIOD 1981 TO 2010
CLIMATE RECORD PERIOD 1893 TO 2017


WEATHER ITEM   OBSERVED TIME   RECORD YEAR NORMAL DEPARTURE LAST
                VALUE   (LST)  VALUE       VALUE  FROM      YEAR
                                                  NORMAL
..................................................................
TEMPERATURE (F)
 YESTERDAY
  MAXIMUM         80    401 PM  96    1925  76      4       83
  MINIMUM         48    346 AM  33    1910  52     -4       59
  AVERAGE         64                        64      0       71

PRECIPITATION (IN)
  YESTERDAY        0.00          2.21 1932   0.15  -0.15     0.00
  MONTH TO DATE    2.57                      3.62  -1.05     2.47
  SINCE MAR 1      7.57                      8.38  -0.81     6.99
  SINCE JAN 1     14.81                     17.65  -2.84    14.12

SNOWFALL (IN)
  YESTERDAY        0.0
  MONTH TO DATE    0.0
  SINCE MAR 1      T
  SINCE JUL 1      T
  SNOW DEPTH       0

DEGREE DAYS
 HEATING
  YESTERDAY        1                         3     -2        0
  MONTH TO DATE   58                       147    -89       97
  SINCE MAR 1    378                       525   -147      333
  SINCE JUL 1   2058                      3060  -1002     2334

 COOLING
  YESTERDAY        0                         2     -2        6
  MONTH TO DATE   82                        38     44       26
  SINCE MAR 1    107                        50     57       50
  SINCE JAN 1    115                        51     64       50
..................................................................


WIND (MPH)
  HIGHEST WIND SPEED    12   HIGHEST WIND DIRECTION     S (160)
  HIGHEST GUST SPEED    15   HIGHEST GUST DIRECTION     S (200)
  AVERAGE WIND SPEED     3.5


SKY COVER
  POSSIBLE SUNSHINE  MM
  AVERAGE SKY COVER 0.2


WEATHER CONDITIONS
 THE FOLLOWING WEATHER WAS RECORDED YESTERDAY.
  FOG
  FOG W/VISIBILITY <= 1/4 MILE


RELATIVE HUMIDITY (PERCENT)
 HIGHEST    96           100 AM
 LOWEST     42           400 PM
 AVERAGE    69

..........................................................


THE MUSCLE SHOALS CLIMATE NORMALS FOR TODAY
                         NORMAL    RECORD    YEAR
 MAXIMUM TEMPERATURE (F)   76        95      1925
 MINIMUM TEMPERATURE (F)   53        30      1919


SUNRISE AND SUNSET
APRIL 26 2017.........SUNRISE   605 AM CDT   SUNSET   732 PM CDT
APRIL 27 2017.........SUNRISE   604 AM CDT   SUNSET   732 PM CDT


-  INDICATES NEGATIVE NUMBERS.
R  INDICATES RECORD WAS SET OR TIED.
MM INDICATES DATA IS MISSING.
T  INDICATES TRACE AMOUNT.




$$
