000
CDUS44 KHUN 290701
CLIMSL


CLIMATE REPORT
NATIONAL WEATHER SERVICE HUNTSVILLE AL
201 AM CDT THU JUN 29 2017


...................................

...THE MUSCLE SHOALS CLIMATE SUMMARY FOR JUNE 28 2017...

CLIMATE NORMAL PERIOD 1981 TO 2010
CLIMATE RECORD PERIOD 1893 TO 2017


WEATHER ITEM   OBSERVED TIME   RECORD YEAR NORMAL DEPARTURE LAST
                VALUE   (LST)  VALUE       VALUE  FROM      YEAR
                                                  NORMAL
..................................................................
TEMPERATURE (F)
 YESTERDAY
  MAXIMUM         88    457 PM 105    2012  90     -2       91
  MINIMUM         59    404 AM  53    1926  69    -10       72
  AVERAGE         74                        79     -5       82

PRECIPITATION (IN)
  YESTERDAY        0.00          3.51 1939   0.16  -0.16     0.00
  MONTH TO DATE    2.16                      4.46  -2.30     4.69
  SINCE JUN 1      2.16                      4.46  -2.30     4.69
  SINCE JAN 1     23.13                     27.96  -4.83    21.17

SNOWFALL (IN)
  YESTERDAY        0.0
  MONTH TO DATE    0.0
  SINCE JUN 1      0.0
  SINCE JUL 1      T
  SNOW DEPTH       0

DEGREE DAYS
 HEATING
  YESTERDAY        0                         0      0        0
  MONTH TO DATE    0                         0      0        0
  SINCE JUN 1      0                         0      0        0
  SINCE JUL 1   2094                      3103  -1009     2360

 COOLING
  YESTERDAY        9                        14     -5       17
  MONTH TO DATE  322                       334    -12      428
  SINCE JUN 1    322                       334    -12      428
  SINCE JAN 1    651                       578     73      695
..................................................................


WIND (MPH)
  HIGHEST WIND SPEED    14   HIGHEST WIND DIRECTION     S (160)
  HIGHEST GUST SPEED    18   HIGHEST GUST DIRECTION     S (160)
  AVERAGE WIND SPEED     4.8


SKY COVER
  POSSIBLE SUNSHINE  MM
  AVERAGE SKY COVER 0.1


WEATHER CONDITIONS
 THE FOLLOWING WEATHER WAS RECORDED YESTERDAY.
  NO SIGNIFICANT WEATHER WAS OBSERVED.


RELATIVE HUMIDITY (PERCENT)
 HIGHEST    93           200 AM
 LOWEST     40           200 PM
 AVERAGE    67

..........................................................


THE MUSCLE SHOALS CLIMATE NORMALS FOR TODAY
                         NORMAL    RECORD    YEAR
 MAXIMUM TEMPERATURE (F)   90       107      2012
 MINIMUM TEMPERATURE (F)   69        54      1974
                                             1938


SUNRISE AND SUNSET
JUNE 29 2017..........SUNRISE   540 AM CDT   SUNSET   808 PM CDT
JUNE 30 2017..........SUNRISE   541 AM CDT   SUNSET   808 PM CDT


-  INDICATES NEGATIVE NUMBERS.
R  INDICATES RECORD WAS SET OR TIED.
MM INDICATES DATA IS MISSING.
T  INDICATES TRACE AMOUNT.




$$
