000
CDUS44 KHUN 160817
CLIMSL


CLIMATE REPORT
NATIONAL WEATHER SERVICE HUNTSVILLE AL
217 AM CST TUE JAN 16 2018


...................................

...THE MUSCLE SHOALS CLIMATE SUMMARY FOR JANUARY 15 2018...

CLIMATE NORMAL PERIOD 1981 TO 2010
CLIMATE RECORD PERIOD 1893 TO 2018


WEATHER ITEM   OBSERVED TIME   RECORD YEAR NORMAL DEPARTURE LAST
                VALUE   (LST)  VALUE       VALUE  FROM      YEAR
                                                  NORMAL
..................................................................
TEMPERATURE (F)
 YESTERDAY
  MAXIMUM         51    344 PM  75    1947  50      1       67
                                      1932
  MINIMUM         26    720 AM   5    1927  31     -5       51
  AVERAGE         39                        41     -2       59

PRECIPITATION (IN)
  YESTERDAY        0.00          1.90 1954   0.14  -0.14     0.00
  MONTH TO DATE    0.86                      2.20  -1.34     1.41
  SINCE DEC 1      6.22                      7.88  -1.66     6.75
  SINCE JAN 1      0.86                      2.20  -1.34     1.41

SNOWFALL (IN)
  YESTERDAY        0.0
  MONTH TO DATE    T
  SINCE DEC 1      T
  SINCE JUL 1      T
  SNOW DEPTH       0

DEGREE DAYS
 HEATING
  YESTERDAY       26                        24      2        6
  MONTH TO DATE  453                       360     93      253
  SINCE DEC 1   1129                      1034     95      821
  SINCE JUL 1   1636                      1596     40     1149

 COOLING
  YESTERDAY        0                         0      0        0
  MONTH TO DATE    0                         0      0        4
  SINCE DEC 1      0                         1     -1        6
  SINCE JAN 1      0                         0      0        4
..................................................................


WIND (MPH)
  HIGHEST WIND SPEED    16   HIGHEST WIND DIRECTION    SW (210)
  HIGHEST GUST SPEED    23   HIGHEST GUST DIRECTION    SW (230)
  AVERAGE WIND SPEED     6.0


SKY COVER
  POSSIBLE SUNSHINE  MM
  AVERAGE SKY COVER 0.2


WEATHER CONDITIONS
 THE FOLLOWING WEATHER WAS RECORDED YESTERDAY.
  NO SIGNIFICANT WEATHER WAS OBSERVED.


RELATIVE HUMIDITY (PERCENT)
 HIGHEST    75          1200 AM
 LOWEST     34           100 PM
 AVERAGE    55

..........................................................


THE MUSCLE SHOALS CLIMATE NORMALS FOR TODAY
                         NORMAL    RECORD    YEAR
 MAXIMUM TEMPERATURE (F)   50        80      1932
 MINIMUM TEMPERATURE (F)   31         3      1982
                                             1977


SUNRISE AND SUNSET
JANUARY 16 2018.......SUNRISE   657 AM CST   SUNSET   504 PM CST
JANUARY 17 2018.......SUNRISE   657 AM CST   SUNSET   505 PM CST


-  INDICATES NEGATIVE NUMBERS.
R  INDICATES RECORD WAS SET OR TIED.
MM INDICATES DATA IS MISSING.
T  INDICATES TRACE AMOUNT.




$$
