000
CDUS44 KHUN 290704
CLIMSL


CLIMATE REPORT
NATIONAL WEATHER SERVICE HUNTSVILLE AL
204 AM CDT FRI AUG 29 2014


...................................

...THE MUSCLE SHOALS CLIMATE SUMMARY FOR AUGUST 28 2014...

CLIMATE NORMAL PERIOD 1981 TO 2010
CLIMATE RECORD PERIOD 1893 TO 2014


WEATHER ITEM   OBSERVED TIME   RECORD YEAR NORMAL DEPARTURE LAST
                VALUE   (LST)  VALUE       VALUE  FROM      YEAR
                                                  NORMAL
..................................................................
TEMPERATURE (F)
 YESTERDAY
  MAXIMUM         95    229 PM 104    1909  90      5       91
  MINIMUM         67    547 AM  54    1967  67      0       66
                                      1927
                                      1917
  AVERAGE         81                        79      2       79

PRECIPITATION (IN)
  YESTERDAY        0.00          1.10 1923   0.09  -0.09     0.00
  MONTH TO DATE    3.62                      2.84   0.78     5.70
  SINCE JUN 1     16.11                     11.90   4.21    17.98
  SINCE JAN 1     32.90                     35.40  -2.50    42.89

SNOWFALL (IN)
  YESTERDAY        0.0
  MONTH TO DATE    0.0
  SINCE JUN 1      0.0
  SINCE JUL 1      0.0
  SNOW DEPTH       0

DEGREE DAYS
 HEATING
  YESTERDAY        0                         0      0        0
  MONTH TO DATE    0                         0      0        0
  SINCE JUN 1      0                         1     -1        0
  SINCE JUL 1      0                         0      0        0

 COOLING
  YESTERDAY       16                        14      2       14
  MONTH TO DATE  387                       421    -34      363
  SINCE JUN 1   1155                      1260   -105     1189
  SINCE JAN 1   1412                      1504    -92     1429
..................................................................


WIND (MPH)
  HIGHEST WIND SPEED    10   HIGHEST WIND DIRECTION     S (200)
  HIGHEST GUST SPEED    14   HIGHEST GUST DIRECTION    SW (210)
  AVERAGE WIND SPEED     1.8


SKY COVER
  POSSIBLE SUNSHINE  MM
  AVERAGE SKY COVER 0.1


WEATHER CONDITIONS
 THE FOLLOWING WEATHER WAS RECORDED YESTERDAY.
  FOG
  HAZE


RELATIVE HUMIDITY (PERCENT)
 HIGHEST    93           200 AM
 LOWEST     36           100 PM
 AVERAGE    65

..........................................................


THE MUSCLE SHOALS CLIMATE NORMALS FOR TODAY
                         NORMAL    RECORD    YEAR
 MAXIMUM TEMPERATURE (F)   90       104      2000
 MINIMUM TEMPERATURE (F)   67        53      1992


SUNRISE AND SUNSET
AUGUST 29 2014........SUNRISE   621 AM CDT   SUNSET   721 PM CDT
AUGUST 30 2014........SUNRISE   622 AM CDT   SUNSET   720 PM CDT


-  INDICATES NEGATIVE NUMBERS.
R  INDICATES RECORD WAS SET OR TIED.
MM INDICATES DATA IS MISSING.
T  INDICATES TRACE AMOUNT.


$$
