000
CDUS44 KHUN 290804
CLIMSL


CLIMATE REPORT
NATIONAL WEATHER SERVICE HUNTSVILLE AL
204 AM CST SAT NOV 29 2014


...................................

...THE MUSCLE SHOALS CLIMATE SUMMARY FOR NOVEMBER 28 2014...

CLIMATE NORMAL PERIOD 1981 TO 2010
CLIMATE RECORD PERIOD 1893 TO 2014


WEATHER ITEM   OBSERVED TIME   RECORD YEAR NORMAL DEPARTURE LAST
                VALUE   (LST)  VALUE       VALUE  FROM      YEAR
                                                  NORMAL
..................................................................
TEMPERATURE (F)
 YESTERDAY
  MAXIMUM         53    318 PM  77    1927  58     -5       47
  MINIMUM         23    454 AM  12    1938  38    -15       19
  AVERAGE         38                        48    -10       33

PRECIPITATION (IN)
  YESTERDAY        0.00          2.08 1948   0.19  -0.19     0.00
  MONTH TO DATE    4.29                      4.28   0.01     3.29
  SINCE SEP 1     13.94                     11.43   2.51     7.56
  SINCE JAN 1     47.14                     47.14   0.00    50.45

SNOWFALL (IN)
  YESTERDAY        0.0
  MONTH TO DATE    T
  SINCE SEP 1      T
  SINCE JUL 1      T
  SNOW DEPTH       0

DEGREE DAYS
 HEATING
  YESTERDAY       27                        17     10       32
  MONTH TO DATE  531                       361    170      439
  SINCE SEP 1    641                       529    112      569
  SINCE JUL 1    641                       529    112      569

 COOLING
  YESTERDAY        0                         0      0        0
  MONTH TO DATE    0                         4     -4        1
  SINCE SEP 1    407                       325     82      414
  SINCE JAN 1   1860                      1868     -8     1895
..................................................................


WIND (MPH)
  HIGHEST WIND SPEED    12   HIGHEST WIND DIRECTION     S (190)
  HIGHEST GUST SPEED    18   HIGHEST GUST DIRECTION     S (170)
  AVERAGE WIND SPEED     4.5


SKY COVER
  POSSIBLE SUNSHINE  MM
  AVERAGE SKY COVER 0.0


WEATHER CONDITIONS
 THE FOLLOWING WEATHER WAS RECORDED YESTERDAY.
  NO SIGNIFICANT WEATHER WAS OBSERVED.


RELATIVE HUMIDITY (PERCENT)
 HIGHEST    88           500 AM
 LOWEST     33           200 PM
 AVERAGE    61

..........................................................


THE MUSCLE SHOALS CLIMATE NORMALS FOR TODAY
                         NORMAL    RECORD    YEAR
 MAXIMUM TEMPERATURE (F)   58        76      1927
 MINIMUM TEMPERATURE (F)   37        18      1955


SUNRISE AND SUNSET
NOVEMBER 29 2014......SUNRISE   638 AM CST   SUNSET   440 PM CST
NOVEMBER 30 2014......SUNRISE   639 AM CST   SUNSET   440 PM CST


-  INDICATES NEGATIVE NUMBERS.
R  INDICATES RECORD WAS SET OR TIED.
MM INDICATES DATA IS MISSING.
T  INDICATES TRACE AMOUNT.




$$
