000
CDUS44 KHUN 260702
CLIMSL


CLIMATE REPORT
NATIONAL WEATHER SERVICE HUNTSVILLE AL
201 AM CDT WED JUL 26 2017


...................................

...THE MUSCLE SHOALS CLIMATE SUMMARY FOR JULY 25 2017...

CLIMATE NORMAL PERIOD 1981 TO 2010
CLIMATE RECORD PERIOD 1893 TO 2017


WEATHER ITEM   OBSERVED TIME   RECORD YEAR NORMAL DEPARTURE LAST
                VALUE   (LST)  VALUE       VALUE  FROM      YEAR
                                                  NORMAL
..................................................................
TEMPERATURE (F)
 YESTERDAY
  MAXIMUM         95    335 PM 102    1924  91      4       95
  MINIMUM         69    430 AM  55    1909  70     -1       72
  AVERAGE         82                        81      1       84

PRECIPITATION (IN)
  YESTERDAY        0.00          1.77 1933   0.13  -0.13     0.00
  MONTH TO DATE    3.43                      3.61  -0.18     3.95
  SINCE JUN 1      6.05                      8.37  -2.32     8.64
  SINCE JAN 1     27.02                     31.87  -4.85    25.12

SNOWFALL (IN)
  YESTERDAY        0.0
  MONTH TO DATE    0.0
  SINCE JUN 1      0.0
  SINCE JUL 1      0.0
  SNOW DEPTH       0

DEGREE DAYS
 HEATING
  YESTERDAY        0                         0      0        0
  MONTH TO DATE    0                         0      0        0
  SINCE JUN 1      0                         1     -1        0
  SINCE JUL 1      0                         0      0        0

 COOLING
  YESTERDAY       17                        16      1       19
  MONTH TO DATE  441                       386     55      461
  SINCE JUN 1    790                       748     42      913
  SINCE JAN 1   1119                       992    127     1180
..................................................................


WIND (MPH)
  HIGHEST WIND SPEED    15   HIGHEST WIND DIRECTION    NW (310)
  HIGHEST GUST SPEED    20   HIGHEST GUST DIRECTION    NW (310)
  AVERAGE WIND SPEED     2.1


SKY COVER
  POSSIBLE SUNSHINE  MM
  AVERAGE SKY COVER 0.1


WEATHER CONDITIONS
 THE FOLLOWING WEATHER WAS RECORDED YESTERDAY.
  THUNDERSTORM


RELATIVE HUMIDITY (PERCENT)
 HIGHEST    97           400 AM
 LOWEST     46           300 PM
 AVERAGE    72

..........................................................


THE MUSCLE SHOALS CLIMATE NORMALS FOR TODAY
                         NORMAL    RECORD    YEAR
 MAXIMUM TEMPERATURE (F)   91       106      1952
 MINIMUM TEMPERATURE (F)   70        58      1905


SUNRISE AND SUNSET
JULY 26 2017..........SUNRISE   556 AM CDT   SUNSET   757 PM CDT
JULY 27 2017..........SUNRISE   557 AM CDT   SUNSET   757 PM CDT


-  INDICATES NEGATIVE NUMBERS.
R  INDICATES RECORD WAS SET OR TIED.
MM INDICATES DATA IS MISSING.
T  INDICATES TRACE AMOUNT.




$$
