000
CDUS44 KHUN 282134
CLIMSL


CLIMATE REPORT
NATIONAL WEATHER SERVICE HUNTSVILLE AL
433 PM CDT TUE JUN 28 2016


...................................

...THE MUSCLE SHOALS CLIMATE SUMMARY FOR JUNE 28 2016...
VALID TODAY AS OF 0400 PM LOCAL TIME.

CLIMATE NORMAL PERIOD 1981 TO 2010
CLIMATE RECORD PERIOD 1893 TO 2016


WEATHER ITEM   OBSERVED TIME   RECORD YEAR NORMAL DEPARTURE LAST
                VALUE   (LST)  VALUE       VALUE  FROM      YEAR
                                                  NORMAL
..................................................................
TEMPERATURE (F)
 TODAY
  MAXIMUM         91    330 PM 105    2012  90      1       87
  MINIMUM         73    452 AM  53    1926  69      4       62
  AVERAGE         82                        79      3       75

PRECIPITATION (IN)
  TODAY            0.00          3.51 1939   0.16  -0.16     0.00
  MONTH TO DATE    4.69                      4.46   0.23     2.33
  SINCE JUN 1      4.69                      4.46   0.23     2.33
  SINCE JAN 1     21.17                     27.96  -6.79    26.22

SNOWFALL (IN)
  TODAY            0.0
  MONTH TO DATE    0.0
  SINCE JUN 1      0.0
  SINCE JUL 1      T
  SNOW DEPTH       0

DEGREE DAYS
 HEATING
  TODAY            0                         0      0        0
  MONTH TO DATE    0                         0      0        0
  SINCE JUN 1      0                         0      0        0
  SINCE JUL 1   2360                      3103   -743     3233

 COOLING
  TODAY           17                        14      3       10
  MONTH TO DATE  428                       334     94      432
  SINCE JUN 1    428                       334     94      432
  SINCE JAN 1    695                       578    117      686
..................................................................


WIND (MPH)
  HIGHEST WIND SPEED    10   HIGHEST WIND DIRECTION     E (70)
  HIGHEST GUST SPEED    19   HIGHEST GUST DIRECTION     N (20)
  AVERAGE WIND SPEED     3.5


SKY COVER
  POSSIBLE SUNSHINE  MM
  AVERAGE SKY COVER 0.3


WEATHER CONDITIONS
 THE FOLLOWING WEATHER WAS RECORDED TODAY.
  FOG


RELATIVE HUMIDITY (PERCENT)
 HIGHEST    93           600 AM
 LOWEST     41           300 PM
 AVERAGE    67

..........................................................


THE MUSCLE SHOALS CLIMATE NORMALS FOR TOMORROW
                         NORMAL    RECORD    YEAR
 MAXIMUM TEMPERATURE (F)   90       107      2012
 MINIMUM TEMPERATURE (F)   69        54      1974
                                             1938


SUNRISE AND SUNSET
JUNE 28 2016..........SUNRISE   540 AM CDT   SUNSET   808 PM CDT
JUNE 29 2016..........SUNRISE   540 AM CDT   SUNSET   808 PM CDT


-  INDICATES NEGATIVE NUMBERS.
R  INDICATES RECORD WAS SET OR TIED.
MM INDICATES DATA IS MISSING.
T  INDICATES TRACE AMOUNT.




$$
