000
CDUS44 KHUN 230704
CLIMSL


CLIMATE REPORT
NATIONAL WEATHER SERVICE HUNTSVILLE AL
204 AM CDT SAT SEP 23 2017


...................................

...THE MUSCLE SHOALS CLIMATE SUMMARY FOR SEPTEMBER 22 2017...

CLIMATE NORMAL PERIOD 1981 TO 2010
CLIMATE RECORD PERIOD 1893 TO 2017


WEATHER ITEM   OBSERVED TIME   RECORD YEAR NORMAL DEPARTURE LAST
                VALUE   (LST)  VALUE       VALUE  FROM      YEAR
                                                  NORMAL
..................................................................
TEMPERATURE (F)
 YESTERDAY
  MAXIMUM         90    330 PM  98    2010  83      7       97
  MINIMUM         65    556 AM  37    1913  59      6       63
  AVERAGE         78                        71      7       80

PRECIPITATION (IN)
  YESTERDAY        0.00          2.00 1907   0.13  -0.13     0.00
  MONTH TO DATE    3.51                      2.71   0.80     0.50
  SINCE SEP 1      3.51                      2.71   0.80     0.50
  SINCE JAN 1     37.33                     38.42  -1.09    32.13

SNOWFALL (IN)
  YESTERDAY        0.0
  MONTH TO DATE    0.0
  SINCE SEP 1      0.0
  SINCE JUL 1      0.0
  SNOW DEPTH       0

DEGREE DAYS
 HEATING
  YESTERDAY        0                         1     -1        0
  MONTH TO DATE   12                         4      8        0
  SINCE SEP 1     12                         4      8        0
  SINCE JUL 1     12                         4      8        0

 COOLING
  YESTERDAY       13                         7      6       15
  MONTH TO DATE  141                       218    -77      331
  SINCE SEP 1    141                       218    -77      331
  SINCE JAN 1   1766                      1761      5     2134
..................................................................


WIND (MPH)
  HIGHEST WIND SPEED     7   HIGHEST WIND DIRECTION    NW (330)
  HIGHEST GUST SPEED    14   HIGHEST GUST DIRECTION     S (170)
  AVERAGE WIND SPEED     1.1


SKY COVER
  POSSIBLE SUNSHINE  MM
  AVERAGE SKY COVER 0.3


WEATHER CONDITIONS
 THE FOLLOWING WEATHER WAS RECORDED YESTERDAY.
  FOG
  FOG W/VISIBILITY <= 1/4 MILE


RELATIVE HUMIDITY (PERCENT)
 HIGHEST    93          1200 AM
 LOWEST     44           400 PM
 AVERAGE    69

..........................................................


THE MUSCLE SHOALS CLIMATE NORMALS FOR TODAY
                         NORMAL    RECORD    YEAR
 MAXIMUM TEMPERATURE (F)   82        98      2016
                                             2010
                                             1931
 MINIMUM TEMPERATURE (F)   59        38      1918


SUNRISE AND SUNSET
SEPTEMBER 23 2017.....SUNRISE   639 AM CDT   SUNSET   645 PM CDT
SEPTEMBER 24 2017.....SUNRISE   640 AM CDT   SUNSET   644 PM CDT


-  INDICATES NEGATIVE NUMBERS.
R  INDICATES RECORD WAS SET OR TIED.
MM INDICATES DATA IS MISSING.
T  INDICATES TRACE AMOUNT.




$$
