000
CDUS44 KHUN 250702
CLIMSL


CLIMATE REPORT
NATIONAL WEATHER SERVICE HUNTSVILLE AL
200 AM CDT SAT OCT 25 2014


...................................

...THE MUSCLE SHOALS CLIMATE SUMMARY FOR OCTOBER 24 2014...

CLIMATE NORMAL PERIOD 1981 TO 2010
CLIMATE RECORD PERIOD 1893 TO 2014


WEATHER ITEM   OBSERVED TIME   RECORD YEAR NORMAL DEPARTURE LAST
                VALUE   (LST)  VALUE       VALUE  FROM      YEAR
                                                  NORMAL
..................................................................
TEMPERATURE (F)
 YESTERDAY
  MAXIMUM         75    329 PM  88    1939  72      3       66
  MINIMUM         43    640 AM  25    1937  47     -4       39
  AVERAGE         59                        59      0       53

PRECIPITATION (IN)
  YESTERDAY        0.00          3.24 1986   0.12  -0.12     0.00
  MONTH TO DATE    6.54                      2.58   3.96     1.38
  SINCE SEP 1      9.25                      6.30   2.95     3.84
  SINCE JAN 1     42.45                     42.01   0.44    46.73

SNOWFALL (IN)
  YESTERDAY        0.0
  MONTH TO DATE    0.0
  SINCE SEP 1      0.0
  SINCE JUL 1      0.0
  SNOW DEPTH       0

DEGREE DAYS
 HEATING
  YESTERDAY        6                         7     -1       12
  MONTH TO DATE   74                       101    -27       87
  SINCE SEP 1     74                       116    -42       87
  SINCE JUL 1     74                       116    -42       87

 COOLING
  YESTERDAY        0                         1     -1        0
  MONTH TO DATE   84                        54     30       96
  SINCE SEP 1    391                       313     78      405
  SINCE JAN 1   1844                      1856    -12     1886
..................................................................


WIND (MPH)
  HIGHEST WIND SPEED    10   HIGHEST WIND DIRECTION     N (340)
  HIGHEST GUST SPEED    14   HIGHEST GUST DIRECTION    NW (330)
  AVERAGE WIND SPEED     2.6


SKY COVER
  POSSIBLE SUNSHINE  MM
  AVERAGE SKY COVER 0.1


WEATHER CONDITIONS
 THE FOLLOWING WEATHER WAS RECORDED YESTERDAY.
  FOG


RELATIVE HUMIDITY (PERCENT)
 HIGHEST    92           500 AM
 LOWEST     23           200 PM
 AVERAGE    58

..........................................................


THE MUSCLE SHOALS CLIMATE NORMALS FOR TODAY
                         NORMAL    RECORD    YEAR
 MAXIMUM TEMPERATURE (F)   71        89      1931
 MINIMUM TEMPERATURE (F)   47        26      1903


SUNRISE AND SUNSET
OCTOBER 25 2014.......SUNRISE   705 AM CDT   SUNSET   604 PM CDT
OCTOBER 26 2014.......SUNRISE   706 AM CDT   SUNSET   603 PM CDT


-  INDICATES NEGATIVE NUMBERS.
R  INDICATES RECORD WAS SET OR TIED.
MM INDICATES DATA IS MISSING.
T  INDICATES TRACE AMOUNT.




$$
