000
CDUS44 KHUN 040803
CLIMSL


CLIMATE REPORT
NATIONAL WEATHER SERVICE HUNTSVILLE AL
203 AM CST WED MAR 4 2015


...................................

...THE MUSCLE SHOALS CLIMATE SUMMARY FOR MARCH 3 2015...

CLIMATE NORMAL PERIOD 1981 TO 2010
CLIMATE RECORD PERIOD 1893 TO 2015


WEATHER ITEM   OBSERVED TIME   RECORD YEAR NORMAL DEPARTURE LAST
                VALUE   (LST)  VALUE       VALUE  FROM      YEAR
                                                  NORMAL
..................................................................
TEMPERATURE (F)
 YESTERDAY
  MAXIMUM         67   1031 PM  84    1901  60      7       38
  MINIMUM         44    322 AM  10    1943  39      5       25
  AVERAGE         56                        50      6       32

PRECIPITATION (IN)
  YESTERDAY       MM             3.46 1977   0.15  MM        0.86
  MONTH TO DATE   MM                         0.48  MM        0.92
  SINCE MAR 1     MM                         0.48  MM        0.92
  SINCE JAN 1      7.28                      9.75  -2.47     6.61

SNOWFALL (IN)
  YESTERDAY        0.0
  MONTH TO DATE    0.0
  SINCE MAR 1      0.0
  SINCE JUL 1      3.5
  SNOW DEPTH       0

DEGREE DAYS
 HEATING
  YESTERDAY        9                        16     -7       33
  MONTH TO DATE   44                        48     -4       51
  SINCE MAR 1     44                        48     -4       51
  SINCE JUL 1   2815                      2583    232     2822

 COOLING
  YESTERDAY        0                         0      0        0
  MONTH TO DATE    0                         0      0        0
  SINCE MAR 1      0                         0      0        0
  SINCE JAN 1      0                         1     -1        0
..................................................................


WIND (MPH)
  HIGHEST WIND SPEED    18   HIGHEST WIND DIRECTION     S (190)
  HIGHEST GUST SPEED    24   HIGHEST GUST DIRECTION     S (190)
  AVERAGE WIND SPEED     6.6


SKY COVER
  POSSIBLE SUNSHINE  MM
  AVERAGE SKY COVER 0.9


WEATHER CONDITIONS
 THE FOLLOWING WEATHER WAS RECORDED YESTERDAY.
  LIGHT RAIN
  FOG
  HAZE


RELATIVE HUMIDITY (PERCENT)
 HIGHEST    96           900 AM
 LOWEST     81          1000 PM
 AVERAGE    89

..........................................................


THE MUSCLE SHOALS CLIMATE NORMALS FOR TODAY
                         NORMAL    RECORD    YEAR
 MAXIMUM TEMPERATURE (F)   61        82      1976
                                             1910
 MINIMUM TEMPERATURE (F)   39        12      1943


SUNRISE AND SUNSET
MARCH  4 2015.........SUNRISE   616 AM CST   SUNSET   549 PM CST
MARCH  5 2015.........SUNRISE   615 AM CST   SUNSET   550 PM CST


-  INDICATES NEGATIVE NUMBERS.
R  INDICATES RECORD WAS SET OR TIED.
MM INDICATES DATA IS MISSING.
T  INDICATES TRACE AMOUNT.




$$
