000
CDUS44 KHUN 270722
CLIMSL


CLIMATE REPORT
NATIONAL WEATHER SERVICE HUNTSVILLE AL
222 AM CDT MON APR 27 2015


...................................

...THE MUSCLE SHOALS CLIMATE SUMMARY FOR APRIL 26 2015...

CLIMATE NORMAL PERIOD 1981 TO 2010
CLIMATE RECORD PERIOD 1893 TO 2015


WEATHER ITEM   OBSERVED TIME   RECORD YEAR NORMAL DEPARTURE LAST
                VALUE   (LST)  VALUE       VALUE  FROM      YEAR
                                                  NORMAL
..................................................................
TEMPERATURE (F)
 YESTERDAY
  MAXIMUM         72    200 PM  95    1925  76     -4       85
  MINIMUM         51   1159 PM  30    1919  53     -2       45
  AVERAGE         62                        64     -2       65

PRECIPITATION (IN)
  YESTERDAY        0.00          2.28 1920   0.15  -0.15     0.00
  MONTH TO DATE    4.91                      3.77   1.14     3.50
  SINCE MAR 1     11.49                      8.53   2.96     6.12
  SINCE JAN 1     18.77                     17.80   0.97    11.81

SNOWFALL (IN)
  YESTERDAY        0.0
  MONTH TO DATE    0.0
  SINCE MAR 1      0.7
  SINCE JUL 1      4.2
  SNOW DEPTH       0

DEGREE DAYS
 HEATING
  YESTERDAY        3                         3      0        0
  MONTH TO DATE   72                       150    -78      134
  SINCE MAR 1    420                       528   -108      577
  SINCE JUL 1   3191                      3063    128     3348

 COOLING
  YESTERDAY        0                         2     -2        0
  MONTH TO DATE   54                        40     14       31
  SINCE MAR 1     56                        52      4       31
  SINCE JAN 1     56                        53      3       31
..................................................................


WIND (MPH)
  HIGHEST WIND SPEED    15   HIGHEST WIND DIRECTION    NW (310)
  HIGHEST GUST SPEED    22   HIGHEST GUST DIRECTION     W (290)
  AVERAGE WIND SPEED     6.6


SKY COVER
  POSSIBLE SUNSHINE  MM
  AVERAGE SKY COVER 0.5


WEATHER CONDITIONS
 THE FOLLOWING WEATHER WAS RECORDED YESTERDAY.
  FOG
  FOG W/VISIBILITY <= 1/4 MILE


RELATIVE HUMIDITY (PERCENT)
 HIGHEST    93           300 AM
 LOWEST     61           200 PM
 AVERAGE    77

..........................................................


THE MUSCLE SHOALS CLIMATE NORMALS FOR TODAY
                         NORMAL    RECORD    YEAR
 MAXIMUM TEMPERATURE (F)   76        94      1925
 MINIMUM TEMPERATURE (F)   53        30      1919


SUNRISE AND SUNSET
APRIL 27 2015.........SUNRISE   605 AM CDT   SUNSET   732 PM CDT
APRIL 28 2015.........SUNRISE   604 AM CDT   SUNSET   733 PM CDT


-  INDICATES NEGATIVE NUMBERS.
R  INDICATES RECORD WAS SET OR TIED.
MM INDICATES DATA IS MISSING.
T  INDICATES TRACE AMOUNT.




$$
