000
CDUS44 KHUN 202124
CLIMSL


CLIMATE REPORT
NATIONAL WEATHER SERVICE HUNTSVILLE AL
424 PM CDT SUN APR 20 2014


...................................

...THE MUSCLE SHOALS CLIMATE SUMMARY FOR APRIL 20 2014...
VALID TODAY AS OF 0400 PM LOCAL TIME.

CLIMATE NORMAL PERIOD 1981 TO 2010
CLIMATE RECORD PERIOD 1893 TO 2014


WEATHER ITEM   OBSERVED TIME   RECORD YEAR NORMAL DEPARTURE LAST
                VALUE   (LST)  VALUE       VALUE  FROM      YEAR
                                                  NORMAL
..................................................................
TEMPERATURE (F)
 TODAY
  MAXIMUM         79    301 PM  89    2002  75      4       68
                                      1987
                                      1971
  MINIMUM         44    238 AM  31    1907  51     -7       36
  AVERAGE         62                        63     -1       52

PRECIPITATION (IN)
  TODAY            0.00          2.64 1995   0.14  -0.14     0.00
  MONTH TO DATE    3.28                      2.90   0.38     3.12
  SINCE MAR 1      5.90                      7.66  -1.76     7.89
  SINCE JAN 1     11.59                     16.93  -5.34    19.39

SNOWFALL (IN)
  TODAY            0.0
  MONTH TO DATE    0.0
  SINCE MAR 1      T
  SINCE JUL 1      1.4
  SNOW DEPTH       0

DEGREE DAYS
 HEATING
  TODAY            3                         4     -1       13
  MONTH TO DATE  127                       128     -1      124
  SINCE MAR 1    570                       506     64      644
  SINCE JUL 1   3341                      3041    300     2860

 COOLING
  TODAY            0                         2     -2        0
  MONTH TO DATE   27                        28     -1       45
  SINCE MAR 1     27                        40    -13       46
  SINCE JAN 1     27                        41    -14       53
..................................................................


WIND (MPH)
  HIGHEST WIND SPEED     7   HIGHEST WIND DIRECTION     E (80)
  HIGHEST GUST SPEED    10   HIGHEST GUST DIRECTION     E (70)
  AVERAGE WIND SPEED     1.5


SKY COVER
  POSSIBLE SUNSHINE  MM
  AVERAGE SKY COVER 0.0


WEATHER CONDITIONS
 THE FOLLOWING WEATHER WAS RECORDED TODAY.
  NO SIGNIFICANT WEATHER WAS OBSERVED.


RELATIVE HUMIDITY (PERCENT)
 HIGHEST    89           500 AM
 LOWEST     27           300 PM
 AVERAGE    58

..........................................................


THE MUSCLE SHOALS CLIMATE NORMALS FOR TOMORROW
                         NORMAL    RECORD    YEAR
 MAXIMUM TEMPERATURE (F)   75        91      1987
                                             1925
 MINIMUM TEMPERATURE (F)   51        33      1953


SUNRISE AND SUNSET
APRIL 20 2014.........SUNRISE   613 AM CDT   SUNSET   727 PM CDT
APRIL 21 2014.........SUNRISE   611 AM CDT   SUNSET   727 PM CDT


-  INDICATES NEGATIVE NUMBERS.
R  INDICATES RECORD WAS SET OR TIED.
MM INDICATES DATA IS MISSING.
T  INDICATES TRACE AMOUNT.




$$
