000
CDUS44 KHUN 252222
CLIMSL


CLIMATE REPORT
NATIONAL WEATHER SERVICE HUNTSVILLE AL
422 PM CST TUE NOV 25 2014


...................................

...THE MUSCLE SHOALS CLIMATE SUMMARY FOR NOVEMBER 25 2014...
VALID TODAY AS OF 0400 PM LOCAL TIME.

CLIMATE NORMAL PERIOD 1981 TO 2010
CLIMATE RECORD PERIOD 1893 TO 2014


WEATHER ITEM   OBSERVED TIME   RECORD YEAR NORMAL DEPARTURE LAST
                VALUE   (LST)  VALUE       VALUE  FROM      YEAR
                                                  NORMAL
..................................................................
TEMPERATURE (F)
 TODAY
  MAXIMUM         53    122 PM  79    1921  59     -6       42
  MINIMUM         30    659 AM   2    1950  38     -8       31
  AVERAGE         42                        49     -7       37

PRECIPITATION (IN)
  TODAY            0.00          1.55 1902   0.17  -0.17     0.05
  MONTH TO DATE    4.29                      3.71   0.58     1.80
  SINCE SEP 1     13.94                     10.86   3.08     6.07
  SINCE JAN 1     47.14                     46.57   0.57    48.96

SNOWFALL (IN)
  TODAY            0.0
  MONTH TO DATE    T
  SINCE SEP 1      T
  SINCE JUL 1      T
  SNOW DEPTH       0

DEGREE DAYS
 HEATING
  TODAY           23                        16      7       28
  MONTH TO DATE  453                       310    143      350
  SINCE SEP 1    563                       478     85      480
  SINCE JUL 1    563                       478     85      480

 COOLING
  TODAY            0                         0      0        0
  MONTH TO DATE    0                         4     -4        1
  SINCE SEP 1    407                       325     82      414
  SINCE JAN 1   1860                      1868     -8     1895
..................................................................


WIND (MPH)
  HIGHEST WIND SPEED    12   HIGHEST WIND DIRECTION     W (290)
  HIGHEST GUST SPEED    14   HIGHEST GUST DIRECTION     W (290)
  AVERAGE WIND SPEED     3.9


SKY COVER
  POSSIBLE SUNSHINE  MM
  AVERAGE SKY COVER 0.0


WEATHER CONDITIONS
 THE FOLLOWING WEATHER WAS RECORDED TODAY.
  FOG


RELATIVE HUMIDITY (PERCENT)
 HIGHEST    92           500 AM
 LOWEST     41          1200 PM
 AVERAGE    67

..........................................................


THE MUSCLE SHOALS CLIMATE NORMALS FOR TOMORROW
                         NORMAL    RECORD    YEAR
 MAXIMUM TEMPERATURE (F)   59        79      1965
                                             1927
 MINIMUM TEMPERATURE (F)   38        18      1938
                                             1928
                                             1916


SUNRISE AND SUNSET
NOVEMBER 25 2014......SUNRISE   634 AM CST   SUNSET   441 PM CST
NOVEMBER 26 2014......SUNRISE   635 AM CST   SUNSET   440 PM CST


-  INDICATES NEGATIVE NUMBERS.
R  INDICATES RECORD WAS SET OR TIED.
MM INDICATES DATA IS MISSING.
T  INDICATES TRACE AMOUNT.




$$
