000
CDUS44 KHUN 300722
CLIMSL


CLIMATE REPORT
NATIONAL WEATHER SERVICE HUNTSVILLE AL
222 AM CDT TUE SEP 30 2014


...................................

...THE MUSCLE SHOALS CLIMATE SUMMARY FOR SEPTEMBER 29 2014...

CLIMATE NORMAL PERIOD 1981 TO 2010
CLIMATE RECORD PERIOD 1893 TO 2014


WEATHER ITEM   OBSERVED TIME   RECORD YEAR NORMAL DEPARTURE LAST
                VALUE   (LST)  VALUE       VALUE  FROM      YEAR
                                                  NORMAL
..................................................................
TEMPERATURE (F)
 YESTERDAY
  MAXIMUM         89    316 PM  97    1904  80      9       77
  MINIMUM         61   1147 PM  39    1967  56      5       58
                                      1909
                                      1908
  AVERAGE         75                        68      7       68

PRECIPITATION (IN)
  YESTERDAY        0.00          1.69 1913   0.13  -0.13      T
  MONTH TO DATE    2.72                      3.59  -0.87     2.40
  SINCE SEP 1      2.72                      3.59  -0.87     2.40
  SINCE JAN 1     35.92                     39.30  -3.38    45.29

SNOWFALL (IN)
  YESTERDAY        0.0
  MONTH TO DATE    0.0
  SINCE SEP 1      0.0
  SINCE JUL 1      0.0
  SNOW DEPTH       0

DEGREE DAYS
 HEATING
  YESTERDAY        0                         2     -2        0
  MONTH TO DATE    0                        12    -12        0
  SINCE SEP 1      0                        12    -12        0
  SINCE JUL 1      0                        12    -12        0

 COOLING
  YESTERDAY       10                         5      5        3
  MONTH TO DATE  299                       256     43      307
  SINCE SEP 1    299                       256     43      307
  SINCE JAN 1   1752                      1799    -47     1788
..................................................................


WIND (MPH)
  HIGHEST WIND SPEED     9   HIGHEST WIND DIRECTION     N (340)
  HIGHEST GUST SPEED    13   HIGHEST GUST DIRECTION     N (340)
  AVERAGE WIND SPEED     1.0


SKY COVER
  POSSIBLE SUNSHINE  MM
  AVERAGE SKY COVER 0.2


WEATHER CONDITIONS
 THE FOLLOWING WEATHER WAS RECORDED YESTERDAY.
  FOG
  HAZE


RELATIVE HUMIDITY (PERCENT)
 HIGHEST    93           600 AM
 LOWEST     34           300 PM
 AVERAGE    64

..........................................................


THE MUSCLE SHOALS CLIMATE NORMALS FOR TODAY
                         NORMAL    RECORD    YEAR
 MAXIMUM TEMPERATURE (F)   80        94      1933
                                             1904
 MINIMUM TEMPERATURE (F)   56        35      1901


SUNRISE AND SUNSET
SEPTEMBER 30 2014.....SUNRISE   644 AM CDT   SUNSET   636 PM CDT
OCTOBER  1 2014.......SUNRISE   645 AM CDT   SUNSET   634 PM CDT


-  INDICATES NEGATIVE NUMBERS.
R  INDICATES RECORD WAS SET OR TIED.
MM INDICATES DATA IS MISSING.
T  INDICATES TRACE AMOUNT.




$$
