000
CDUS44 KHUN 080801
CLIMSL


CLIMATE REPORT
NATIONAL WEATHER SERVICE HUNTSVILLE AL
200 AM CST THU DEC 8 2016


...................................

...THE MUSCLE SHOALS CLIMATE SUMMARY FOR DECEMBER 7 2016...

CLIMATE NORMAL PERIOD 1981 TO 2010
CLIMATE RECORD PERIOD 1893 TO 2016


WEATHER ITEM   OBSERVED TIME   RECORD YEAR NORMAL DEPARTURE LAST
                VALUE   (LST)  VALUE       VALUE  FROM      YEAR
                                                  NORMAL
..................................................................
TEMPERATURE (F)
 YESTERDAY
  MAXIMUM         46   1227 AM  78    1998  55     -9       64
                                      1951
  MINIMUM         41    831 PM  10    1937  35      6       33
  AVERAGE         44                        45     -1       49

PRECIPITATION (IN)
  YESTERDAY        0.00          1.67 1936   0.20  -0.20     0.00
  MONTH TO DATE    3.22                      1.40   1.82     1.04
  SINCE DEC 1      3.22                      1.40   1.82     1.04
  SINCE JAN 1     38.68                     48.92 -10.24    45.29

SNOWFALL (IN)
  YESTERDAY        0.0
  MONTH TO DATE    0.0
  SINCE DEC 1      0.0
  SINCE JUL 1      0.0
  SNOW DEPTH       0

DEGREE DAYS
 HEATING
  YESTERDAY       21                        20      1       16
  MONTH TO DATE  129                       134     -5      119
  SINCE DEC 1    129                       134     -5      119
  SINCE JUL 1    457                       696   -239      484

 COOLING
  YESTERDAY        0                         0      0        0
  MONTH TO DATE    0                         0      0        0
  SINCE DEC 1      0                         0      0        0
  SINCE JAN 1   2366                      1871    495     2008
..................................................................


WIND (MPH)
  HIGHEST WIND SPEED    10   HIGHEST WIND DIRECTION    NE (50)
  HIGHEST GUST SPEED    14   HIGHEST GUST DIRECTION     N (10)
  AVERAGE WIND SPEED     4.3


SKY COVER
  POSSIBLE SUNSHINE  MM
  AVERAGE SKY COVER 0.9


WEATHER CONDITIONS
 THE FOLLOWING WEATHER WAS RECORDED YESTERDAY.
  NO SIGNIFICANT WEATHER WAS OBSERVED.


RELATIVE HUMIDITY (PERCENT)
 HIGHEST    83           100 AM
 LOWEST     65          1200 PM
 AVERAGE    74

..........................................................


THE MUSCLE SHOALS CLIMATE NORMALS FOR TODAY
                         NORMAL    RECORD    YEAR
 MAXIMUM TEMPERATURE (F)   55        76      1978
 MINIMUM TEMPERATURE (F)   35        15      2006


SUNRISE AND SUNSET
DECEMBER  8 2016......SUNRISE   646 AM CST   SUNSET   439 PM CST
DECEMBER  9 2016......SUNRISE   646 AM CST   SUNSET   440 PM CST


-  INDICATES NEGATIVE NUMBERS.
R  INDICATES RECORD WAS SET OR TIED.
MM INDICATES DATA IS MISSING.
T  INDICATES TRACE AMOUNT.




$$
