424
CDUS44 KHUN 280713
CLIMSL


CLIMATE REPORT
NATIONAL WEATHER SERVICE HUNTSVILLE AL
213 AM CDT TUE JUN 28 2016


...................................

...THE MUSCLE SHOALS CLIMATE SUMMARY FOR JUNE 27 2016...

CLIMATE NORMAL PERIOD 1981 TO 2010
CLIMATE RECORD PERIOD 1893 TO 2016


WEATHER ITEM   OBSERVED TIME   RECORD YEAR NORMAL DEPARTURE LAST
                VALUE   (LST)  VALUE       VALUE  FROM      YEAR
                                                  NORMAL
..................................................................
TEMPERATURE (F)
 YESTERDAY
  MAXIMUM         94   1120 AM 103    1952  90      4       84
                                      1937
                                      1914
  MINIMUM         72    456 AM  53    1974  69      3       65
  AVERAGE         83                        79      4       75

PRECIPITATION (IN)
  YESTERDAY        1.11          2.37 1972   0.15   0.96     1.01
  MONTH TO DATE    4.69                      4.30   0.39     2.33
  SINCE JUN 1      4.69                      4.30   0.39     2.33
  SINCE JAN 1     21.17                     27.80  -6.63    26.22

SNOWFALL (IN)
  YESTERDAY        0.0
  MONTH TO DATE    0.0
  SINCE JUN 1      0.0
  SINCE JUL 1      T
  SNOW DEPTH       0

DEGREE DAYS
 HEATING
  YESTERDAY        0                         0      0        0
  MONTH TO DATE    0                         0      0        0
  SINCE JUN 1      0                         0      0        0
  SINCE JUL 1   2360                      3103   -743     3233

 COOLING
  YESTERDAY       18                        14      4       10
  MONTH TO DATE  411                       320     91      422
  SINCE JUN 1    411                       320     91      422
  SINCE JAN 1    678                       564    114      676
..................................................................


WIND (MPH)
  HIGHEST WIND SPEED    31   HIGHEST WIND DIRECTION     W (290)
  HIGHEST GUST SPEED    35   HIGHEST GUST DIRECTION     W (290)
  AVERAGE WIND SPEED     2.3


SKY COVER
  POSSIBLE SUNSHINE  MM
  AVERAGE SKY COVER 0.3


WEATHER CONDITIONS
 THE FOLLOWING WEATHER WAS RECORDED YESTERDAY.
  THUNDERSTORM
  HEAVY RAIN
  RAIN
  LIGHT RAIN
  FOG


RELATIVE HUMIDITY (PERCENT)
 HIGHEST    93           200 AM
 LOWEST     46          1200 PM
 AVERAGE    70

..........................................................


THE MUSCLE SHOALS CLIMATE NORMALS FOR TODAY
                         NORMAL    RECORD    YEAR
 MAXIMUM TEMPERATURE (F)   90       105      2012
 MINIMUM TEMPERATURE (F)   69        53      1926


SUNRISE AND SUNSET
JUNE 28 2016..........SUNRISE   540 AM CDT   SUNSET   808 PM CDT
JUNE 29 2016..........SUNRISE   540 AM CDT   SUNSET   808 PM CDT


-  INDICATES NEGATIVE NUMBERS.
R  INDICATES RECORD WAS SET OR TIED.
MM INDICATES DATA IS MISSING.
T  INDICATES TRACE AMOUNT.




$$
