588
CDUS44 KHUN 270804
CLIMSL


CLIMATE REPORT
NATIONAL WEATHER SERVICE HUNTSVILLE AL
203 AM CST MON FEB 27 2017


...................................

...THE MUSCLE SHOALS CLIMATE SUMMARY FOR FEBRUARY 26 2017...

CLIMATE NORMAL PERIOD 1981 TO 2010
CLIMATE RECORD PERIOD 1893 TO 2017


WEATHER ITEM   OBSERVED TIME   RECORD YEAR NORMAL DEPARTURE LAST
                VALUE   (LST)  VALUE       VALUE  FROM      YEAR
                                                  NORMAL
..................................................................
TEMPERATURE (F)
 YESTERDAY
  MAXIMUM         61    426 PM  80    1918  59      2       53
  MINIMUM         25    351 AM  14    1894  38    -13       30
  AVERAGE         43                        48     -5       42

PRECIPITATION (IN)
  YESTERDAY        0.00          2.63 1987   0.17  -0.17     0.00
  MONTH TO DATE    1.57                      4.32  -2.75     3.48
  SINCE DEC 1     11.63                     14.61  -2.98    14.07
  SINCE JAN 1      6.29                      8.93  -2.64     7.13

SNOWFALL (IN)
  YESTERDAY        0.0
  MONTH TO DATE    0.0
  SINCE DEC 1      T
  SINCE JUL 1      T
  SNOW DEPTH       0

DEGREE DAYS
 HEATING
  YESTERDAY       22                        17      5       23
  MONTH TO DATE  311                       522   -211      488
  SINCE DEC 1   1339                      1940   -601     1602
  SINCE JUL 1   1667                      2502   -835     1967

 COOLING
  YESTERDAY        0                         0      0        0
  MONTH TO DATE    4                         0      4        0
  SINCE DEC 1     10                         1      9       22
  SINCE JAN 1      8                         0      8        0
..................................................................


WIND (MPH)
  HIGHEST WIND SPEED    14   HIGHEST WIND DIRECTION    SE (150)
  HIGHEST GUST SPEED    19   HIGHEST GUST DIRECTION     E (110)
  AVERAGE WIND SPEED     5.7


SKY COVER
  POSSIBLE SUNSHINE  MM
  AVERAGE SKY COVER 0.1


WEATHER CONDITIONS
 THE FOLLOWING WEATHER WAS RECORDED YESTERDAY.
  HAZE


RELATIVE HUMIDITY (PERCENT)
 HIGHEST    81           400 AM
 LOWEST     20           300 PM
 AVERAGE    51

..........................................................


THE MUSCLE SHOALS CLIMATE NORMALS FOR TODAY
                         NORMAL    RECORD    YEAR
 MAXIMUM TEMPERATURE (F)   59        82      1917
 MINIMUM TEMPERATURE (F)   38        10      1934


SUNRISE AND SUNSET
FEBRUARY 27 2017......SUNRISE   622 AM CST   SUNSET   545 PM CST
FEBRUARY 28 2017......SUNRISE   621 AM CST   SUNSET   546 PM CST


-  INDICATES NEGATIVE NUMBERS.
R  INDICATES RECORD WAS SET OR TIED.
MM INDICATES DATA IS MISSING.
T  INDICATES TRACE AMOUNT.




$$
