000
CDUS44 KHUN 290731
CLIMSL


CLIMATE REPORT
NATIONAL WEATHER SERVICE HUNTSVILLE AL
231 AM CDT WED JUL 29 2015


...................................

...THE MUSCLE SHOALS CLIMATE SUMMARY FOR JULY 28 2015...

CLIMATE NORMAL PERIOD 1981 TO 2010
CLIMATE RECORD PERIOD 1893 TO 2015


WEATHER ITEM   OBSERVED TIME   RECORD YEAR NORMAL DEPARTURE LAST
                VALUE   (LST)  VALUE       VALUE  FROM      YEAR
                                                  NORMAL
..................................................................
TEMPERATURE (F)
 YESTERDAY
  MAXIMUM         96    243 PM 108    1930  91      5       88
  MINIMUM         74    519 AM  55    1937  70      4       68
  AVERAGE         85                        81      4       78

PRECIPITATION (IN)
  YESTERDAY        0.00          5.60 1972   0.12  -0.12     0.00
  MONTH TO DATE    4.19                      3.96   0.23     5.02
  SINCE JUN 1      6.55                      8.72  -2.17    12.49
  SINCE JAN 1     30.44                     32.22  -1.78    29.28

SNOWFALL (IN)
  YESTERDAY        0.0
  MONTH TO DATE    0.0
  SINCE JUN 1      0.0
  SINCE JUL 1      0.0
  SNOW DEPTH       0

DEGREE DAYS
 HEATING
  YESTERDAY        0                         0      0        0
  MONTH TO DATE    0                         0      0        0
  SINCE JUN 1      0                         1     -1        0
  SINCE JUL 1      0                         0      0        0

 COOLING
  YESTERDAY       20                        16      4       13
  MONTH TO DATE  487                       434     53      347
  SINCE JUN 1    945                       796    149      748
  SINCE JAN 1   1199                      1040    159     1005
..................................................................


WIND (MPH)
  HIGHEST WIND SPEED    14   HIGHEST WIND DIRECTION    NW (310)
  HIGHEST GUST SPEED    18   HIGHEST GUST DIRECTION     W (280)
  AVERAGE WIND SPEED     4.0


SKY COVER
  POSSIBLE SUNSHINE  MM
  AVERAGE SKY COVER 0.1


WEATHER CONDITIONS
 THE FOLLOWING WEATHER WAS RECORDED YESTERDAY.
  NO SIGNIFICANT WEATHER WAS OBSERVED.


RELATIVE HUMIDITY (PERCENT)
 HIGHEST    94           200 AM
 LOWEST     48           100 PM
 AVERAGE    71

..........................................................


THE MUSCLE SHOALS CLIMATE NORMALS FOR TODAY
                         NORMAL    RECORD    YEAR
 MAXIMUM TEMPERATURE (F)   91       108      1930
 MINIMUM TEMPERATURE (F)   70        55      1937


SUNRISE AND SUNSET
JULY 29 2015..........SUNRISE   558 AM CDT   SUNSET   755 PM CDT
JULY 30 2015..........SUNRISE   559 AM CDT   SUNSET   755 PM CDT


-  INDICATES NEGATIVE NUMBERS.
R  INDICATES RECORD WAS SET OR TIED.
MM INDICATES DATA IS MISSING.
T  INDICATES TRACE AMOUNT.




$$
