000
CDUS44 KHUN 282136
CLIMSL


CLIMATE REPORT
NATIONAL WEATHER SERVICE HUNTSVILLE AL
435 PM CDT FRI JUL 28 2017


...................................

...THE MUSCLE SHOALS CLIMATE SUMMARY FOR JULY 28 2017...
VALID TODAY AS OF 0400 PM LOCAL TIME.

CLIMATE NORMAL PERIOD 1981 TO 2010
CLIMATE RECORD PERIOD 1893 TO 2017


WEATHER ITEM   OBSERVED TIME   RECORD YEAR NORMAL DEPARTURE LAST
                VALUE   (LST)  VALUE       VALUE  FROM      YEAR
                                                  NORMAL
..................................................................
TEMPERATURE (F)
 TODAY
  MAXIMUM         82    259 PM 108    1930  91     -9       83
  MINIMUM         74    215 AM  55    1937  70      4       73
  AVERAGE         78                        81     -3       78

PRECIPITATION (IN)
  TODAY            0.98          5.60 1972   0.12   0.86     0.82
  MONTH TO DATE    4.42                      3.96   0.46     4.77
  SINCE JUN 1      7.04                      8.72  -1.68     9.46
  SINCE JAN 1     28.01                     32.22  -4.21    25.94

SNOWFALL (IN)
  TODAY            0.0
  MONTH TO DATE    0.0
  SINCE JUN 1      0.0
  SINCE JUL 1      0.0
  SNOW DEPTH       0

DEGREE DAYS
 HEATING
  TODAY            0                         0      0        0
  MONTH TO DATE    0                         0      0        0
  SINCE JUN 1      0                         1     -1        0
  SINCE JUL 1      0                         0      0        0

 COOLING
  TODAY           13                        16     -3       13
  MONTH TO DATE  494                       434     60      514
  SINCE JUN 1    843                       796     47      966
  SINCE JAN 1   1172                      1040    132     1233
..................................................................


WIND (MPH)
  HIGHEST WIND SPEED    17   HIGHEST WIND DIRECTION     W (260)
  HIGHEST GUST SPEED    23   HIGHEST GUST DIRECTION    SW (230)
  AVERAGE WIND SPEED     5.8


SKY COVER
  POSSIBLE SUNSHINE  MM
  AVERAGE SKY COVER 0.9


WEATHER CONDITIONS
 THE FOLLOWING WEATHER WAS RECORDED TODAY.
  THUNDERSTORM
  HEAVY RAIN
  RAIN
  LIGHT RAIN


RELATIVE HUMIDITY (PERCENT)
 HIGHEST    91          1200 PM
 LOWEST     79          1200 AM
 AVERAGE    85

..........................................................


THE MUSCLE SHOALS CLIMATE NORMALS FOR TOMORROW
                         NORMAL    RECORD    YEAR
 MAXIMUM TEMPERATURE (F)   91       108      1930
 MINIMUM TEMPERATURE (F)   70        55      1937


SUNRISE AND SUNSET
JULY 28 2017..........SUNRISE   558 AM CDT   SUNSET   756 PM CDT
JULY 29 2017..........SUNRISE   558 AM CDT   SUNSET   755 PM CDT


-  INDICATES NEGATIVE NUMBERS.
R  INDICATES RECORD WAS SET OR TIED.
MM INDICATES DATA IS MISSING.
T  INDICATES TRACE AMOUNT.




$$
