000
CDUS44 KHUN 242125
CLIMSL


CLIMATE REPORT
NATIONAL WEATHER SERVICE HUNTSVILLE AL
424 PM CDT THU JUL 24 2014


...................................

...THE MUSCLE SHOALS CLIMATE SUMMARY FOR JULY 24 2014...
VALID TODAY AS OF 0400 PM LOCAL TIME.

CLIMATE NORMAL PERIOD 1981 TO 2010
CLIMATE RECORD PERIOD 1893 TO 2014


WEATHER ITEM   OBSERVED TIME   RECORD YEAR NORMAL DEPARTURE LAST
                VALUE   (LST)  VALUE       VALUE  FROM      YEAR
                                                  NORMAL
..................................................................
TEMPERATURE (F)
 TODAY
  MAXIMUM         88    304 PM 102    1924  91     -3       88
  MINIMUM         69    233 AM  56    1904  70     -1       71
  AVERAGE         79                        81     -2       80

PRECIPITATION (IN)
  TODAY            0.00          1.53 1959   0.14  -0.14      T
  MONTH TO DATE    5.02                      3.48   1.54     7.13
  SINCE JUN 1     12.49                      8.24   4.25    11.81
  SINCE JAN 1     29.28                     31.74  -2.46    36.72

SNOWFALL (IN)
  TODAY            0.0
  MONTH TO DATE    0.0
  SINCE JUN 1      0.0
  SINCE JUL 1      0.0
  SNOW DEPTH       0

DEGREE DAYS
 HEATING
  TODAY            0                         0      0        0
  MONTH TO DATE    0                         0      0        0
  SINCE JUN 1      0                         1     -1        0
  SINCE JUL 1      0                         0      0        0

 COOLING
  TODAY           14                        16     -2       15
  MONTH TO DATE  296                       370    -74      335
  SINCE JUN 1    697                       732    -35      741
  SINCE JAN 1    954                       976    -22      981
..................................................................


WIND (MPH)
  HIGHEST WIND SPEED    13   HIGHEST WIND DIRECTION    NW (310)
  HIGHEST GUST SPEED    16   HIGHEST GUST DIRECTION     W (270)
  AVERAGE WIND SPEED     4.4


SKY COVER
  POSSIBLE SUNSHINE  MM
  AVERAGE SKY COVER 0.6


WEATHER CONDITIONS
 THE FOLLOWING WEATHER WAS RECORDED TODAY.
  FOG
  HAZE


RELATIVE HUMIDITY (PERCENT)
 HIGHEST    93           400 AM
 LOWEST     43           200 PM
 AVERAGE    68

..........................................................


THE MUSCLE SHOALS CLIMATE NORMALS FOR TOMORROW
                         NORMAL    RECORD    YEAR
 MAXIMUM TEMPERATURE (F)   91       102      1924
 MINIMUM TEMPERATURE (F)   70        55      1909


SUNRISE AND SUNSET
JULY 24 2014..........SUNRISE   555 AM CDT   SUNSET   759 PM CDT
JULY 25 2014..........SUNRISE   555 AM CDT   SUNSET   758 PM CDT


-  INDICATES NEGATIVE NUMBERS.
R  INDICATES RECORD WAS SET OR TIED.
MM INDICATES DATA IS MISSING.
T  INDICATES TRACE AMOUNT.




$$
