000
CDUS44 KHUN 270719
CLIMSL


CLIMATE REPORT
NATIONAL WEATHER SERVICE HUNTSVILLE AL
219 AM CDT MON JUN 27 2016


...................................

...THE MUSCLE SHOALS CLIMATE SUMMARY FOR JUNE 26 2016...

CLIMATE NORMAL PERIOD 1981 TO 2010
CLIMATE RECORD PERIOD 1893 TO 2016


WEATHER ITEM   OBSERVED TIME   RECORD YEAR NORMAL DEPARTURE LAST
                VALUE   (LST)  VALUE       VALUE  FROM      YEAR
                                                  NORMAL
..................................................................
TEMPERATURE (F)
 YESTERDAY
  MAXIMUM         95   1249 PM 108    1914  90      5       97
  MINIMUM         72    511 AM  52    1974  69      3       72
  AVERAGE         84                        79      5       85

PRECIPITATION (IN)
  YESTERDAY        T             2.08 1900   0.16  -0.16     0.68
  MONTH TO DATE    3.58                      4.15  -0.57     1.32
  SINCE JUN 1      3.58                      4.15  -0.57     1.32
  SINCE JAN 1     20.06                     27.65  -7.59    25.21

SNOWFALL (IN)
  YESTERDAY        0.0
  MONTH TO DATE    0.0
  SINCE JUN 1      0.0
  SINCE JUL 1      T
  SNOW DEPTH       0

DEGREE DAYS
 HEATING
  YESTERDAY        0                         0      0        0
  MONTH TO DATE    0                         0      0        0
  SINCE JUN 1      0                         0      0        0
  SINCE JUL 1   2360                      3103   -743     3233

 COOLING
  YESTERDAY       19                        14      5       20
  MONTH TO DATE  393                       306     87      412
  SINCE JUN 1    393                       306     87      412
  SINCE JAN 1    660                       550    110      666
..................................................................


WIND (MPH)
  HIGHEST WIND SPEED    21   HIGHEST WIND DIRECTION    SW (210)
  HIGHEST GUST SPEED    27   HIGHEST GUST DIRECTION    SW (220)
  AVERAGE WIND SPEED     1.9


SKY COVER
  POSSIBLE SUNSHINE  MM
  AVERAGE SKY COVER 0.1


WEATHER CONDITIONS
 THE FOLLOWING WEATHER WAS RECORDED YESTERDAY.
  THUNDERSTORM
  LIGHT RAIN
  FOG


RELATIVE HUMIDITY (PERCENT)
 HIGHEST    93           100 AM
 LOWEST     44           100 PM
 AVERAGE    69

..........................................................


THE MUSCLE SHOALS CLIMATE NORMALS FOR TODAY
                         NORMAL    RECORD    YEAR
 MAXIMUM TEMPERATURE (F)   90       103      1952
                                             1937
                                             1914
 MINIMUM TEMPERATURE (F)   69        53      1974


SUNRISE AND SUNSET
JUNE 27 2016..........SUNRISE   539 AM CDT   SUNSET   808 PM CDT
JUNE 28 2016..........SUNRISE   540 AM CDT   SUNSET   808 PM CDT


-  INDICATES NEGATIVE NUMBERS.
R  INDICATES RECORD WAS SET OR TIED.
MM INDICATES DATA IS MISSING.
T  INDICATES TRACE AMOUNT.




$$
