000
CDUS44 KHUN 250705
CLIMSL


CLIMATE REPORT
NATIONAL WEATHER SERVICE HUNTSVILLE AL
205 AM CDT TUE APR 25 2017


...................................

...THE MUSCLE SHOALS CLIMATE SUMMARY FOR APRIL 24 2017...

CLIMATE NORMAL PERIOD 1981 TO 2010
CLIMATE RECORD PERIOD 1893 TO 2017


WEATHER ITEM   OBSERVED TIME   RECORD YEAR NORMAL DEPARTURE LAST
                VALUE   (LST)  VALUE       VALUE  FROM      YEAR
                                                  NORMAL
..................................................................
TEMPERATURE (F)
 YESTERDAY
  MAXIMUM         71   1245 PM  96    1925  76     -5       83
  MINIMUM         51   1144 PM  35    1910  52     -1       49
  AVERAGE         61                        64     -3       66

PRECIPITATION (IN)
  YESTERDAY        0.00          1.95 1908   0.15  -0.15     0.00
  MONTH TO DATE    2.57                      3.47  -0.90     2.47
  SINCE MAR 1      7.57                      8.23  -0.66     6.99
  SINCE JAN 1     14.81                     17.50  -2.69    14.12

SNOWFALL (IN)
  YESTERDAY        0.0
  MONTH TO DATE    0.0
  SINCE MAR 1      T
  SINCE JUL 1      T
  SNOW DEPTH       0

DEGREE DAYS
 HEATING
  YESTERDAY        4                         4      0        0
  MONTH TO DATE   57                       144    -87       97
  SINCE MAR 1    377                       522   -145      333
  SINCE JUL 1   2057                      3057  -1000     2334

 COOLING
  YESTERDAY        0                         2     -2        1
  MONTH TO DATE   82                        36     46       20
  SINCE MAR 1    107                        48     59       44
  SINCE JAN 1    115                        49     66       44
..................................................................


WIND (MPH)
  HIGHEST WIND SPEED    17   HIGHEST WIND DIRECTION    NW (310)
  HIGHEST GUST SPEED    21   HIGHEST GUST DIRECTION    NW (310)
  AVERAGE WIND SPEED     4.6


SKY COVER
  POSSIBLE SUNSHINE  MM
  AVERAGE SKY COVER 0.7


WEATHER CONDITIONS
 THE FOLLOWING WEATHER WAS RECORDED YESTERDAY.
  FOG
  HAZE


RELATIVE HUMIDITY (PERCENT)
 HIGHEST    93          1200 AM
 LOWEST     63          1100 AM
 AVERAGE    78

..........................................................


THE MUSCLE SHOALS CLIMATE NORMALS FOR TODAY
                         NORMAL    RECORD    YEAR
 MAXIMUM TEMPERATURE (F)   76        96      1925
 MINIMUM TEMPERATURE (F)   52        33      1910


SUNRISE AND SUNSET
APRIL 25 2017.........SUNRISE   606 AM CDT   SUNSET   731 PM CDT
APRIL 26 2017.........SUNRISE   605 AM CDT   SUNSET   732 PM CDT


-  INDICATES NEGATIVE NUMBERS.
R  INDICATES RECORD WAS SET OR TIED.
MM INDICATES DATA IS MISSING.
T  INDICATES TRACE AMOUNT.


$$
