000
CDUS44 KHUN 280825
CLIMSL


CLIMATE REPORT
NATIONAL WEATHER SERVICE HUNTSVILLE AL
223 AM CST FRI NOV 28 2014


...................................

...THE MUSCLE SHOALS CLIMATE SUMMARY FOR NOVEMBER 27 2014...

CLIMATE NORMAL PERIOD 1981 TO 2010
CLIMATE RECORD PERIOD 1893 TO 2014


WEATHER ITEM   OBSERVED TIME   RECORD YEAR NORMAL DEPARTURE LAST
                VALUE   (LST)  VALUE       VALUE  FROM      YEAR
                                                  NORMAL
..................................................................
TEMPERATURE (F)
 YESTERDAY
  MAXIMUM         45   1250 PM  79    1990  59    -14       38
                                      1927
  MINIMUM         30   1123 PM  15    1938  38     -8       24
                                      1903
  AVERAGE         38                        48    -10       31

PRECIPITATION (IN)
  YESTERDAY        0.00          2.52 1994   0.19  -0.19     0.00
  MONTH TO DATE    4.29                      4.09   0.20     3.29
  SINCE SEP 1     13.94                     11.24   2.70     7.56
  SINCE JAN 1     47.14                     46.95   0.19    50.45

SNOWFALL (IN)
  YESTERDAY        0.0
  MONTH TO DATE    T
  SINCE SEP 1      T
  SINCE JUL 1      T
  SNOW DEPTH       0

DEGREE DAYS
 HEATING
  YESTERDAY       27                        17     10       34
  MONTH TO DATE  504                       344    160      407
  SINCE SEP 1    614                       512    102      537
  SINCE JUL 1    614                       512    102      537

 COOLING
  YESTERDAY        0                         0      0        0
  MONTH TO DATE    0                         4     -4        1
  SINCE SEP 1    407                       325     82      414
  SINCE JAN 1   1860                      1868     -8     1895
..................................................................


WIND (MPH)
  HIGHEST WIND SPEED    16   HIGHEST WIND DIRECTION     N (340)
  HIGHEST GUST SPEED    23   HIGHEST GUST DIRECTION     N (350)
  AVERAGE WIND SPEED     7.9


SKY COVER
  POSSIBLE SUNSHINE  MM
  AVERAGE SKY COVER 0.5


WEATHER CONDITIONS
 THE FOLLOWING WEATHER WAS RECORDED YESTERDAY.
  NO SIGNIFICANT WEATHER WAS OBSERVED.


RELATIVE HUMIDITY (PERCENT)
 HIGHEST    82           200 AM
 LOWEST     49           100 PM
 AVERAGE    66

..........................................................


THE MUSCLE SHOALS CLIMATE NORMALS FOR TODAY
                         NORMAL    RECORD    YEAR
 MAXIMUM TEMPERATURE (F)   58        77      1927
 MINIMUM TEMPERATURE (F)   38        12      1938


SUNRISE AND SUNSET
NOVEMBER 28 2014......SUNRISE   637 AM CST   SUNSET   440 PM CST
NOVEMBER 29 2014......SUNRISE   638 AM CST   SUNSET   440 PM CST


-  INDICATES NEGATIVE NUMBERS.
R  INDICATES RECORD WAS SET OR TIED.
MM INDICATES DATA IS MISSING.
T  INDICATES TRACE AMOUNT.




$$
