000
CDUS44 KHUN 250706
CLIMSL


CLIMATE REPORT
NATIONAL WEATHER SERVICE HUNTSVILLE AL
205 AM CDT SUN JUN 25 2017


...................................

...THE MUSCLE SHOALS CLIMATE SUMMARY FOR JUNE 24 2017...

CLIMATE NORMAL PERIOD 1981 TO 2010
CLIMATE RECORD PERIOD 1893 TO 2017


WEATHER ITEM   OBSERVED TIME   RECORD YEAR NORMAL DEPARTURE LAST
                VALUE   (LST)  VALUE       VALUE  FROM      YEAR
                                                  NORMAL
..................................................................
TEMPERATURE (F)
 YESTERDAY
  MAXIMUM         89    203 PM 103    1914  89      0       96
  MINIMUM         68   1113 PM  53    1974  68      0       74
                                      1961
                                      1915
  AVERAGE         79                        79      0       85

PRECIPITATION (IN)
  YESTERDAY        0.04          3.13 1900   0.15  -0.11      T
  MONTH TO DATE    2.16                      3.84  -1.68     3.19
  SINCE JUN 1      2.16                      3.84  -1.68     3.19
  SINCE JAN 1     23.13                     27.34  -4.21    19.67

SNOWFALL (IN)
  YESTERDAY        0.0
  MONTH TO DATE    0.0
  SINCE JUN 1      0.0
  SINCE JUL 1      T
  SNOW DEPTH       0

DEGREE DAYS
 HEATING
  YESTERDAY        0                         0      0        0
  MONTH TO DATE    0                         0      0        0
  SINCE JUN 1      0                         0      0        0
  SINCE JUL 1   2094                      3103  -1009     2360

 COOLING
  YESTERDAY       14                        14      0       20
  MONTH TO DATE  289                       278     11      354
  SINCE JUN 1    289                       278     11      354
  SINCE JAN 1    618                       522     96      621
..................................................................


WIND (MPH)
  HIGHEST WIND SPEED    13   HIGHEST WIND DIRECTION    NW (320)
  HIGHEST GUST SPEED    18   HIGHEST GUST DIRECTION     N (350)
  AVERAGE WIND SPEED     5.2


SKY COVER
  POSSIBLE SUNSHINE  MM
  AVERAGE SKY COVER 0.4


WEATHER CONDITIONS
 THE FOLLOWING WEATHER WAS RECORDED YESTERDAY.
  THUNDERSTORM
  RAIN
  LIGHT RAIN


RELATIVE HUMIDITY (PERCENT)
 HIGHEST    94          1200 AM
 LOWEST     45          1200 PM
 AVERAGE    70

..........................................................


THE MUSCLE SHOALS CLIMATE NORMALS FOR TODAY
                         NORMAL    RECORD    YEAR
 MAXIMUM TEMPERATURE (F)   90       106      1914
 MINIMUM TEMPERATURE (F)   68        53      1974


SUNRISE AND SUNSET
JUNE 25 2017..........SUNRISE   539 AM CDT   SUNSET   808 PM CDT
JUNE 26 2017..........SUNRISE   539 AM CDT   SUNSET   808 PM CDT


-  INDICATES NEGATIVE NUMBERS.
R  INDICATES RECORD WAS SET OR TIED.
MM INDICATES DATA IS MISSING.
T  INDICATES TRACE AMOUNT.




$$
