000
CDUS44 KHUN 280701
CLIMSL


CLIMATE REPORT
NATIONAL WEATHER SERVICE HUNTSVILLE AL
201 AM CDT WED SEP 28 2016


...................................

...THE MUSCLE SHOALS CLIMATE SUMMARY FOR SEPTEMBER 27 2016...

CLIMATE NORMAL PERIOD 1981 TO 2010
CLIMATE RECORD PERIOD 1893 TO 2016


WEATHER ITEM   OBSERVED TIME   RECORD YEAR NORMAL DEPARTURE LAST
                VALUE   (LST)  VALUE       VALUE  FROM      YEAR
                                                  NORMAL
..................................................................
TEMPERATURE (F)
 YESTERDAY
  MAXIMUM         85    256 PM  95    1954  81      4       82
  MINIMUM         52   1155 PM  38    1940  57     -5       64
  AVERAGE         69                        69      0       73

PRECIPITATION (IN)
  YESTERDAY        0.00          1.35 1977   0.12  -0.12      T
  MONTH TO DATE    0.50                      3.34  -2.84     0.51
  SINCE SEP 1      0.50                      3.34  -2.84     0.51
  SINCE JAN 1     32.13                     39.05  -6.92    37.05

SNOWFALL (IN)
  YESTERDAY        0.0
  MONTH TO DATE    0.0
  SINCE SEP 1      0.0
  SINCE JUL 1      0.0
  SNOW DEPTH       0

DEGREE DAYS
 HEATING
  YESTERDAY        0                         1     -1        0
  MONTH TO DATE    0                         9     -9        5
  SINCE SEP 1      0                         9     -9        5
  SINCE JUL 1      0                         9     -9        5

 COOLING
  YESTERDAY        4                         5     -1        8
  MONTH TO DATE  396                       246    150      240
  SINCE SEP 1    396                       246    150      240
  SINCE JAN 1   2199                      1789    410     1893
..................................................................


WIND (MPH)
  HIGHEST WIND SPEED    13   HIGHEST WIND DIRECTION    NE (60)
  HIGHEST GUST SPEED    16   HIGHEST GUST DIRECTION     E (70)
  AVERAGE WIND SPEED     4.5


SKY COVER
  POSSIBLE SUNSHINE  MM
  AVERAGE SKY COVER 0.1


WEATHER CONDITIONS
 THE FOLLOWING WEATHER WAS RECORDED YESTERDAY.
  NO SIGNIFICANT WEATHER WAS OBSERVED.


RELATIVE HUMIDITY (PERCENT)
 HIGHEST    83          1100 PM
 LOWEST     22           100 PM
 AVERAGE    53

..........................................................


THE MUSCLE SHOALS CLIMATE NORMALS FOR TODAY
                         NORMAL    RECORD    YEAR
 MAXIMUM TEMPERATURE (F)   80        96      1904
 MINIMUM TEMPERATURE (F)   57        39      1940
                                             1909


SUNRISE AND SUNSET
SEPTEMBER 28 2016.....SUNRISE   643 AM CDT   SUNSET   638 PM CDT
SEPTEMBER 29 2016.....SUNRISE   644 AM CDT   SUNSET   637 PM CDT


-  INDICATES NEGATIVE NUMBERS.
R  INDICATES RECORD WAS SET OR TIED.
MM INDICATES DATA IS MISSING.
T  INDICATES TRACE AMOUNT.




$$
