000
CDUS44 KHUN 290709
CLIMSL


CLIMATE REPORT
NATIONAL WEATHER SERVICE HUNTSVILLE AL
208 AM CDT SUN MAR 29 2015


...................................

...THE MUSCLE SHOALS CLIMATE SUMMARY FOR MARCH 28 2015...

CLIMATE NORMAL PERIOD 1981 TO 2010
CLIMATE RECORD PERIOD 1893 TO 2015


WEATHER ITEM   OBSERVED TIME   RECORD YEAR NORMAL DEPARTURE LAST
                VALUE   (LST)  VALUE       VALUE  FROM      YEAR
                                                  NORMAL
..................................................................
TEMPERATURE (F)
 YESTERDAY
  MAXIMUM         48    339 PM  87    1910  68    -20       71
  MINIMUM         32   1159 PM  25    1913  45    -13       56
  AVERAGE         40                        56    -16       64

PRECIPITATION (IN)
  YESTERDAY        0.00          3.88 1951   0.15  -0.15     0.00
  MONTH TO DATE    5.01                      4.30   0.71     2.00
  SINCE MAR 1      5.01                      4.30   0.71     2.00
  SINCE JAN 1     12.29                     13.57  -1.28     7.69

SNOWFALL (IN)
  YESTERDAY        0.0
  MONTH TO DATE    0.7
  SINCE MAR 1      0.7
  SINCE JUL 1      4.2
  SNOW DEPTH       0

DEGREE DAYS
 HEATING
  YESTERDAY       25                         9     16        1
  MONTH TO DATE  318                       351    -33      412
  SINCE MAR 1    318                       351    -33      412
  SINCE JUL 1   3089                      2886    203     3183

 COOLING
  YESTERDAY        0                         1     -1        0
  MONTH TO DATE    2                         5     -3        0
  SINCE MAR 1      2                         5     -3        0
  SINCE JAN 1      2                         6     -4        0
..................................................................


WIND (MPH)
  HIGHEST WIND SPEED    13   HIGHEST WIND DIRECTION    NW (310)
  HIGHEST GUST SPEED    18   HIGHEST GUST DIRECTION     N (340)
  AVERAGE WIND SPEED     3.8


SKY COVER
  POSSIBLE SUNSHINE  MM
  AVERAGE SKY COVER 0.2


WEATHER CONDITIONS
 THE FOLLOWING WEATHER WAS RECORDED YESTERDAY.
  NO SIGNIFICANT WEATHER WAS OBSERVED.


RELATIVE HUMIDITY (PERCENT)
 HIGHEST    75          1200 AM
 LOWEST     28           400 PM
 AVERAGE    52

..........................................................


THE MUSCLE SHOALS CLIMATE NORMALS FOR TODAY
                         NORMAL    RECORD    YEAR
 MAXIMUM TEMPERATURE (F)   69        86      2007
 MINIMUM TEMPERATURE (F)   45        26      1937


SUNRISE AND SUNSET
MARCH 29 2015.........SUNRISE   642 AM CDT   SUNSET   709 PM CDT
MARCH 30 2015.........SUNRISE   641 AM CDT   SUNSET   710 PM CDT


-  INDICATES NEGATIVE NUMBERS.
R  INDICATES RECORD WAS SET OR TIED.
MM INDICATES DATA IS MISSING.
T  INDICATES TRACE AMOUNT.




$$
