000
CDUS44 KHUN 302134
CLIMSL


CLIMATE REPORT
NATIONAL WEATHER SERVICE HUNTSVILLE AL
431 PM CDT SAT JUL 30 2016


...................................

...THE MUSCLE SHOALS CLIMATE SUMMARY FOR JULY 30 2016...
VALID TODAY AS OF 0400 PM LOCAL TIME.

CLIMATE NORMAL PERIOD 1981 TO 2010
CLIMATE RECORD PERIOD 1893 TO 2016


WEATHER ITEM   OBSERVED TIME   RECORD YEAR NORMAL DEPARTURE LAST
                VALUE   (LST)  VALUE       VALUE  FROM      YEAR
                                                  NORMAL
..................................................................
TEMPERATURE (F)
 TODAY
  MAXIMUM         84   1038 AM 103    1986  91     -7       91
  MINIMUM         70    511 AM  55    2014  70      0       75
  AVERAGE         77                        81     -4       83

PRECIPITATION (IN)
  TODAY            0.06          2.88 1972   0.12  -0.06     0.00
  MONTH TO DATE    4.98                      4.19   0.79     4.73
  SINCE JUN 1      9.67                      8.95   0.72     7.09
  SINCE JAN 1     26.15                     32.45  -6.30    30.98

SNOWFALL (IN)
  TODAY            0.0
  MONTH TO DATE    0.0
  SINCE JUN 1      0.0
  SINCE JUL 1      0.0
  SNOW DEPTH       0

DEGREE DAYS
 HEATING
  TODAY            0                         0      0        0
  MONTH TO DATE    0                         0      0        0
  SINCE JUN 1      0                         1     -1        0
  SINCE JUL 1      0                         0      0        0

 COOLING
  TODAY           12                        16     -4       18
  MONTH TO DATE  541                       466     75      526
  SINCE JUN 1    993                       828    165      984
  SINCE JAN 1   1260                      1072    188     1238
..................................................................


WIND (MPH)
  HIGHEST WIND SPEED    20   HIGHEST WIND DIRECTION     W (290)
  HIGHEST GUST SPEED    23   HIGHEST GUST DIRECTION     W (290)
  AVERAGE WIND SPEED     2.6


SKY COVER
  POSSIBLE SUNSHINE  MM
  AVERAGE SKY COVER 0.2


WEATHER CONDITIONS
 THE FOLLOWING WEATHER WAS RECORDED TODAY.
  THUNDERSTORM
  LIGHT RAIN
  FOG


RELATIVE HUMIDITY (PERCENT)
 HIGHEST    93          1200 AM
 LOWEST     69          1000 AM
 AVERAGE    81

..........................................................


THE MUSCLE SHOALS CLIMATE NORMALS FOR TOMORROW
                         NORMAL    RECORD    YEAR
 MAXIMUM TEMPERATURE (F)   91       104      1986
 MINIMUM TEMPERATURE (F)   70        55      1965


SUNRISE AND SUNSET
JULY 30 2016..........SUNRISE   559 AM CDT   SUNSET   754 PM CDT
JULY 31 2016..........SUNRISE   600 AM CDT   SUNSET   753 PM CDT


-  INDICATES NEGATIVE NUMBERS.
R  INDICATES RECORD WAS SET OR TIED.
MM INDICATES DATA IS MISSING.
T  INDICATES TRACE AMOUNT.




$$
