000
CDUS44 KHUN 192122
CLIMSL


CLIMATE REPORT
NATIONAL WEATHER SERVICE HUNTSVILLE AL
421 PM CDT TUE SEP 19 2017


...................................

...THE MUSCLE SHOALS CLIMATE SUMMARY FOR SEPTEMBER 19 2017...
VALID TODAY AS OF 0400 PM LOCAL TIME.

CLIMATE NORMAL PERIOD 1981 TO 2010
CLIMATE RECORD PERIOD 1893 TO 2017


WEATHER ITEM   OBSERVED TIME   RECORD YEAR NORMAL DEPARTURE LAST
                VALUE   (LST)  VALUE       VALUE  FROM      YEAR
                                                  NORMAL
..................................................................
TEMPERATURE (F)
 TODAY
  MAXIMUM         86    931 AM 100    1927  84      2       93
  MINIMUM         67    550 AM  38    1903  60      7       69
  AVERAGE         77                        72      5       81

PRECIPITATION (IN)
  TODAY            0.96          2.20 1953   0.12   0.84     0.00
  MONTH TO DATE    3.36                      2.32   1.04     0.50
  SINCE SEP 1      3.36                      2.32   1.04     0.50
  SINCE JAN 1     37.18                     38.03  -0.85    32.13

SNOWFALL (IN)
  TODAY            0.0
  MONTH TO DATE    0.0
  SINCE SEP 1      0.0
  SINCE JUL 1      0.0
  SNOW DEPTH       0

DEGREE DAYS
 HEATING
  TODAY            0                         1     -1        0
  MONTH TO DATE   12                         1     11        0
  SINCE SEP 1     12                         1     11        0
  SINCE JUL 1     12                         1     11        0

 COOLING
  TODAY           12                         8      4       16
  MONTH TO DATE  101                       197    -96      290
  SINCE SEP 1    101                       197    -96      290
  SINCE JAN 1   1726                      1740    -14     2093
..................................................................


WIND (MPH)
  HIGHEST WIND SPEED    41   HIGHEST WIND DIRECTION     W (250)
  HIGHEST GUST SPEED    59   HIGHEST GUST DIRECTION    SW (240)
  AVERAGE WIND SPEED     2.4


SKY COVER
  POSSIBLE SUNSHINE  MM
  AVERAGE SKY COVER 0.0


WEATHER CONDITIONS
 THE FOLLOWING WEATHER WAS RECORDED TODAY.
  THUNDERSTORM
  HEAVY RAIN
  RAIN
  LIGHT RAIN
  FOG
  HAZE


RELATIVE HUMIDITY (PERCENT)
 HIGHEST    93           300 AM
 LOWEST     69           900 AM
 AVERAGE    81

..........................................................


THE MUSCLE SHOALS CLIMATE NORMALS FOR TOMORROW
                         NORMAL    RECORD    YEAR
 MAXIMUM TEMPERATURE (F)   83       101      1925
 MINIMUM TEMPERATURE (F)   60        36      1893


SUNRISE AND SUNSET
SEPTEMBER 19 2017.....SUNRISE   636 AM CDT   SUNSET   651 PM CDT
SEPTEMBER 20 2017.....SUNRISE   637 AM CDT   SUNSET   650 PM CDT


-  INDICATES NEGATIVE NUMBERS.
R  INDICATES RECORD WAS SET OR TIED.
MM INDICATES DATA IS MISSING.
T  INDICATES TRACE AMOUNT.




$$
