052
CDUS44 KHUN 172121
CLIMSL


CLIMATE REPORT
NATIONAL WEATHER SERVICE HUNTSVILLE AL
420 PM CDT TUE OCT 17 2017


...................................

...THE MUSCLE SHOALS CLIMATE SUMMARY FOR OCTOBER 17 2017...
VALID TODAY AS OF 0400 PM LOCAL TIME.

CLIMATE NORMAL PERIOD 1981 TO 2010
CLIMATE RECORD PERIOD 1893 TO 2017


WEATHER ITEM   OBSERVED TIME   RECORD YEAR NORMAL DEPARTURE LAST
                VALUE   (LST)  VALUE       VALUE  FROM      YEAR
                                                  NORMAL
..................................................................
TEMPERATURE (F)
 TODAY
  MAXIMUM         71    259 PM  90    1915  74     -3       88
  MINIMUM         42    628 AM  33    1982  49     -7       59
                                      1943
  AVERAGE         57                        62     -5       74

PRECIPITATION (IN)
  TODAY            0.00          1.84 1975   0.11  -0.11     0.00
  MONTH TO DATE    1.88                      1.79   0.09     0.03
  SINCE SEP 1      5.39                      5.51  -0.12     0.53
  SINCE JAN 1     39.21                     41.22  -2.01    32.16

SNOWFALL (IN)
  TODAY            0.0
  MONTH TO DATE    0.0
  SINCE SEP 1      0.0
  SINCE JUL 1      0.0
  SNOW DEPTH       0

DEGREE DAYS
 HEATING
  TODAY            8                         5      3        0
  MONTH TO DATE   15                        58    -43        1
  SINCE SEP 1     27                        73    -46        6
  SINCE JUL 1     27                        73    -46        6

 COOLING
  TODAY            0                         2     -2        9
  MONTH TO DATE   92                        46     46       82
  SINCE SEP 1    319                       305     14      481
  SINCE JAN 1   1944                      1848     96     2284
..................................................................


WIND (MPH)
  HIGHEST WIND SPEED    13   HIGHEST WIND DIRECTION     E (110)
  HIGHEST GUST SPEED    16   HIGHEST GUST DIRECTION    SE (150)
  AVERAGE WIND SPEED     4.2


SKY COVER
  POSSIBLE SUNSHINE  MM
  AVERAGE SKY COVER 0.0


WEATHER CONDITIONS
 THE FOLLOWING WEATHER WAS RECORDED TODAY.
  NO SIGNIFICANT WEATHER WAS OBSERVED.


RELATIVE HUMIDITY (PERCENT)
 HIGHEST    89           500 AM
 LOWEST     33           300 PM
 AVERAGE    61

..........................................................


THE MUSCLE SHOALS CLIMATE NORMALS FOR TOMORROW
                         NORMAL    RECORD    YEAR
 MAXIMUM TEMPERATURE (F)   74        91      1915
 MINIMUM TEMPERATURE (F)   49        29      1948


SUNRISE AND SUNSET
OCTOBER 17 2017.......SUNRISE   658 AM CDT   SUNSET   613 PM CDT
OCTOBER 18 2017.......SUNRISE   659 AM CDT   SUNSET   612 PM CDT


-  INDICATES NEGATIVE NUMBERS.
R  INDICATES RECORD WAS SET OR TIED.
MM INDICATES DATA IS MISSING.
T  INDICATES TRACE AMOUNT.




$$
