000
CDUS44 KHUN 310803
CLIMSL


CLIMATE REPORT
NATIONAL WEATHER SERVICE HUNTSVILLE AL
203 AM CST SAT JAN 31 2015


...................................

...THE MUSCLE SHOALS CLIMATE SUMMARY FOR JANUARY 30 2015...

CLIMATE NORMAL PERIOD 1981 TO 2010
CLIMATE RECORD PERIOD 1893 TO 2015


WEATHER ITEM   OBSERVED TIME   RECORD YEAR NORMAL DEPARTURE LAST
                VALUE   (LST)  VALUE       VALUE  FROM      YEAR
                                                  NORMAL
..................................................................
TEMPERATURE (F)
 YESTERDAY
  MAXIMUM         49    432 PM  77    1917  52     -3       47
  MINIMUM         34   1135 PM  -6    1966  32      2        6
  AVERAGE         42                        42      0       27

PRECIPITATION (IN)
  YESTERDAY        0.00          1.52 2013   0.16  -0.16     0.00
  MONTH TO DATE    4.17                      4.45  -0.28     1.70
  SINCE DEC 1      9.30                     10.13  -0.83     6.47
  SINCE JAN 1      4.17                      4.45  -0.28     1.70

SNOWFALL (IN)
  YESTERDAY        0.0
  MONTH TO DATE    T
  SINCE DEC 1      T
  SINCE JUL 1      T
  SNOW DEPTH       0

DEGREE DAYS
 HEATING
  YESTERDAY       23                        23      0       38
  MONTH TO DATE  735                       716     19      893
  SINCE DEC 1   1299                      1390    -91     1535
  SINCE JUL 1   1951                      1952     -1     2152

 COOLING
  YESTERDAY        0                         0      0        0
  MONTH TO DATE    0                         0      0        0
  SINCE DEC 1      0                         1     -1        8
  SINCE JAN 1      0                         0      0        0
..................................................................


WIND (MPH)
  HIGHEST WIND SPEED    15   HIGHEST WIND DIRECTION     N (10)
  HIGHEST GUST SPEED    22   HIGHEST GUST DIRECTION     N (10)
  AVERAGE WIND SPEED     6.5


SKY COVER
  POSSIBLE SUNSHINE  MM
  AVERAGE SKY COVER 0.4


WEATHER CONDITIONS
 THE FOLLOWING WEATHER WAS RECORDED YESTERDAY.
  NO SIGNIFICANT WEATHER WAS OBSERVED.


RELATIVE HUMIDITY (PERCENT)
 HIGHEST    62           200 AM
 LOWEST     34           400 PM
 AVERAGE    48

..........................................................


THE MUSCLE SHOALS CLIMATE NORMALS FOR TODAY
                         NORMAL    RECORD    YEAR
 MAXIMUM TEMPERATURE (F)   52        77      1917
 MINIMUM TEMPERATURE (F)   32        -5      1966


SUNRISE AND SUNSET
JANUARY 31 2015.......SUNRISE   650 AM CST   SUNSET   518 PM CST
FEBRUARY  1 2015......SUNRISE   649 AM CST   SUNSET   519 PM CST


-  INDICATES NEGATIVE NUMBERS.
R  INDICATES RECORD WAS SET OR TIED.
MM INDICATES DATA IS MISSING.
T  INDICATES TRACE AMOUNT.




$$
