000
CDUS44 KHUN 200803
CLIMSL


CLIMATE REPORT
NATIONAL WEATHER SERVICE HUNTSVILLE AL
202 AM CST MON NOV 20 2017


...................................

...THE MUSCLE SHOALS CLIMATE SUMMARY FOR NOVEMBER 19 2017...

CLIMATE NORMAL PERIOD 1981 TO 2010
CLIMATE RECORD PERIOD 1893 TO 2017


WEATHER ITEM   OBSERVED TIME   RECORD YEAR NORMAL DEPARTURE LAST
                VALUE   (LST)  VALUE       VALUE  FROM      YEAR
                                                  NORMAL
..................................................................
TEMPERATURE (F)
 YESTERDAY
  MAXIMUM         52    224 PM  83    1906  62    -10       56
  MINIMUM         34   1146 PM  17    1903  40     -6       38
  AVERAGE         43                        51     -8       47

PRECIPITATION (IN)
  YESTERDAY        0.00          3.15 1944   0.17  -0.17     0.06
  MONTH TO DATE    1.39                      2.67  -1.28     0.09
  SINCE SEP 1      9.67                      9.82  -0.15     0.67
  SINCE JAN 1     43.49                     45.53  -2.04    32.30

SNOWFALL (IN)
  YESTERDAY        0.0
  MONTH TO DATE    0.0
  SINCE SEP 1      0.0
  SINCE JUL 1      0.0
  SNOW DEPTH       0

DEGREE DAYS
 HEATING
  YESTERDAY       22                        14      8       18
  MONTH TO DATE  171                       217    -46      132
  SINCE SEP 1    322                       385    -63      165
  SINCE JUL 1    322                       385    -63      165

 COOLING
  YESTERDAY        0                         0      0        0
  MONTH TO DATE   24                         4     20       20
  SINCE SEP 1    348                       325     23      563
  SINCE JAN 1   1973                      1868    105     2366
..................................................................


WIND (MPH)
  HIGHEST WIND SPEED    17   HIGHEST WIND DIRECTION    NW (330)
  HIGHEST GUST SPEED    23   HIGHEST GUST DIRECTION     W (290)
  AVERAGE WIND SPEED     7.2


SKY COVER
  POSSIBLE SUNSHINE  MM
  AVERAGE SKY COVER 0.1


WEATHER CONDITIONS
 THE FOLLOWING WEATHER WAS RECORDED YESTERDAY.
  NO SIGNIFICANT WEATHER WAS OBSERVED.


RELATIVE HUMIDITY (PERCENT)
 HIGHEST    79           600 AM
 LOWEST     32           200 PM
 AVERAGE    56

..........................................................


THE MUSCLE SHOALS CLIMATE NORMALS FOR TODAY
                         NORMAL    RECORD    YEAR
 MAXIMUM TEMPERATURE (F)   62        79      1906
 MINIMUM TEMPERATURE (F)   40         9      1914


SUNRISE AND SUNSET
NOVEMBER 20 2017......SUNRISE   629 AM CST   SUNSET   443 PM CST
NOVEMBER 21 2017......SUNRISE   630 AM CST   SUNSET   442 PM CST


-  INDICATES NEGATIVE NUMBERS.
R  INDICATES RECORD WAS SET OR TIED.
MM INDICATES DATA IS MISSING.
T  INDICATES TRACE AMOUNT.




$$
