000
CDUS44 KHUN 190702
CLIMSL


CLIMATE REPORT
NATIONAL WEATHER SERVICE HUNTSVILLE AL
201 AM CDT SUN OCT 19 2014


...................................

...THE MUSCLE SHOALS CLIMATE SUMMARY FOR OCTOBER 18 2014...

CLIMATE NORMAL PERIOD 1981 TO 2010
CLIMATE RECORD PERIOD 1893 TO 2014


WEATHER ITEM   OBSERVED TIME   RECORD YEAR NORMAL DEPARTURE LAST
                VALUE   (LST)  VALUE       VALUE  FROM      YEAR
                                                  NORMAL
..................................................................
TEMPERATURE (F)
 YESTERDAY
  MAXIMUM         73    228 PM  91    1915  74     -1       68
  MINIMUM         50    610 AM  29    1948  49      1       47
  AVERAGE         62                        61      1       58

PRECIPITATION (IN)
  YESTERDAY        0.00          1.94 1937   0.11  -0.11     0.00
  MONTH TO DATE    6.54                      1.90   4.64     1.38
  SINCE SEP 1      9.25                      5.62   3.63     3.84
  SINCE JAN 1     42.45                     41.33   1.12    46.73

SNOWFALL (IN)
  YESTERDAY        0.0
  MONTH TO DATE    0.0
  SINCE SEP 1      0.0
  SINCE JUL 1      0.0
  SNOW DEPTH       0

DEGREE DAYS
 HEATING
  YESTERDAY        3                         5     -2        7
  MONTH TO DATE   33                        63    -30       19
  SINCE SEP 1     33                        78    -45       19
  SINCE JUL 1     33                        78    -45       19

 COOLING
  YESTERDAY        0                         2     -2        0
  MONTH TO DATE   84                        48     36       96
  SINCE SEP 1    391                       307     84      405
  SINCE JAN 1   1844                      1850     -6     1886
..................................................................


WIND (MPH)
  HIGHEST WIND SPEED    15   HIGHEST WIND DIRECTION    NW (320)
  HIGHEST GUST SPEED    22   HIGHEST GUST DIRECTION    NW (320)
  AVERAGE WIND SPEED     5.4


SKY COVER
  POSSIBLE SUNSHINE  MM
  AVERAGE SKY COVER 0.0


WEATHER CONDITIONS
 THE FOLLOWING WEATHER WAS RECORDED YESTERDAY.
  NO SIGNIFICANT WEATHER WAS OBSERVED.


RELATIVE HUMIDITY (PERCENT)
 HIGHEST    93          1200 AM
 LOWEST     35           300 PM
 AVERAGE    64

..........................................................


THE MUSCLE SHOALS CLIMATE NORMALS FOR TODAY
                         NORMAL    RECORD    YEAR
 MAXIMUM TEMPERATURE (F)   73        89      2005
                                             1908
 MINIMUM TEMPERATURE (F)   49        28      1948


SUNRISE AND SUNSET
OCTOBER 19 2014.......SUNRISE   659 AM CDT   SUNSET   611 PM CDT
OCTOBER 20 2014.......SUNRISE   700 AM CDT   SUNSET   610 PM CDT


-  INDICATES NEGATIVE NUMBERS.
R  INDICATES RECORD WAS SET OR TIED.
MM INDICATES DATA IS MISSING.
T  INDICATES TRACE AMOUNT.




$$
