000
CDUS44 KHUN 160705
CLIMSL


CLIMATE REPORT
NATIONAL WEATHER SERVICE HUNTSVILLE AL
204 AM CDT WED APR 16 2014


...................................

...THE MUSCLE SHOALS CLIMATE SUMMARY FOR APRIL 15 2014...

CLIMATE NORMAL PERIOD 1981 TO 2010
CLIMATE RECORD PERIOD 1893 TO 2014


WEATHER ITEM   OBSERVED TIME   RECORD YEAR NORMAL DEPARTURE LAST
                VALUE   (LST)  VALUE       VALUE  FROM      YEAR
                                                  NORMAL
..................................................................
TEMPERATURE (F)
 YESTERDAY
  MAXIMUM         52    413 PM  89    2006  73    -21       80
  MINIMUM         38    810 AM  30    1943  49    -11       53
  AVERAGE         45                        61    -16       67

PRECIPITATION (IN)
  YESTERDAY        0.09          3.07 2011   0.14  -0.05     0.00
  MONTH TO DATE    3.28                      2.19   1.09     1.96
  SINCE MAR 1      5.90                      6.95  -1.05     6.73
  SINCE JAN 1     11.59                     16.22  -4.63    18.23

SNOWFALL (IN)
  YESTERDAY        0.0
  MONTH TO DATE    0.0
  SINCE MAR 1      T
  SINCE JUL 1      1.4
  SNOW DEPTH       0

DEGREE DAYS
 HEATING
  YESTERDAY       20                         5     15        0
  MONTH TO DATE   91                       104    -13       95
  SINCE MAR 1    534                       482     52      615
  SINCE JUL 1   3305                      3017    288     2831

 COOLING
  YESTERDAY        0                         2     -2        2
  MONTH TO DATE   27                        18      9       20
  SINCE MAR 1     27                        30     -3       21
  SINCE JAN 1     27                        31     -4       28
..................................................................


WIND (MPH)
  HIGHEST WIND SPEED    20   HIGHEST WIND DIRECTION     N (340)
  HIGHEST GUST SPEED    28   HIGHEST GUST DIRECTION    NW (320)
  AVERAGE WIND SPEED     9.8


SKY COVER
  POSSIBLE SUNSHINE  MM
  AVERAGE SKY COVER 0.3


WEATHER CONDITIONS
 THE FOLLOWING WEATHER WAS RECORDED YESTERDAY.
  LIGHT RAIN
  FOG
  HAZE


RELATIVE HUMIDITY (PERCENT)
 HIGHEST    79           400 AM
 LOWEST     30           500 PM
 AVERAGE    55

..........................................................


THE MUSCLE SHOALS CLIMATE NORMALS FOR TODAY
                         NORMAL    RECORD    YEAR
 MAXIMUM TEMPERATURE (F)   74        90      1955
 MINIMUM TEMPERATURE (F)   50        30      1893


SUNRISE AND SUNSET
APRIL 16 2014.........SUNRISE   618 AM CDT   SUNSET   723 PM CDT
APRIL 17 2014.........SUNRISE   616 AM CDT   SUNSET   724 PM CDT


-  INDICATES NEGATIVE NUMBERS.
R  INDICATES RECORD WAS SET OR TIED.
MM INDICATES DATA IS MISSING.
T  INDICATES TRACE AMOUNT.




$$
