000
CDUS44 KHUN 300708
CLIMSL


CLIMATE REPORT
NATIONAL WEATHER SERVICE HUNTSVILLE AL
207 AM CDT THU OCT 30 2014


...................................

...THE MUSCLE SHOALS CLIMATE SUMMARY FOR OCTOBER 29 2014...

CLIMATE NORMAL PERIOD 1981 TO 2010
CLIMATE RECORD PERIOD 1893 TO 2014


WEATHER ITEM   OBSERVED TIME   RECORD YEAR NORMAL DEPARTURE LAST
                VALUE   (LST)  VALUE       VALUE  FROM      YEAR
                                                  NORMAL
..................................................................
TEMPERATURE (F)
 YESTERDAY
  MAXIMUM         71    228 PM  88    1940  70      1       78
  MINIMUM         44   1159 PM  26    1939  46     -2       52
  AVERAGE         58                        58      0       65

PRECIPITATION (IN)
  YESTERDAY        0.36          1.12 1970   0.12   0.24     0.00
  MONTH TO DATE    6.92                      3.19   3.73     1.39
  SINCE SEP 1      9.63                      6.91   2.72     3.85
  SINCE JAN 1     42.83                     42.62   0.21    46.74

SNOWFALL (IN)
  YESTERDAY        0.0
  MONTH TO DATE    0.0
  SINCE SEP 1      0.0
  SINCE JUL 1      0.0
  SNOW DEPTH       0

DEGREE DAYS
 HEATING
  YESTERDAY        7                         8     -1        0
  MONTH TO DATE   83                       138    -55      130
  SINCE SEP 1     83                       153    -70      130
  SINCE JUL 1     83                       153    -70      130

 COOLING
  YESTERDAY        0                         1     -1        0
  MONTH TO DATE  100                        59     41       96
  SINCE SEP 1    407                       318     89      405
  SINCE JAN 1   1860                      1861     -1     1886
..................................................................


WIND (MPH)
  HIGHEST WIND SPEED    14   HIGHEST WIND DIRECTION     N (20)
  HIGHEST GUST SPEED    20   HIGHEST GUST DIRECTION    NE (30)
  AVERAGE WIND SPEED     5.0


SKY COVER
  POSSIBLE SUNSHINE  MM
  AVERAGE SKY COVER 0.3


WEATHER CONDITIONS
 THE FOLLOWING WEATHER WAS RECORDED YESTERDAY.
  THUNDERSTORM
  HEAVY RAIN
  RAIN
  LIGHT RAIN
  FOG


RELATIVE HUMIDITY (PERCENT)
 HIGHEST    93           200 AM
 LOWEST     28           200 PM
 AVERAGE    61

..........................................................


THE MUSCLE SHOALS CLIMATE NORMALS FOR TODAY
                         NORMAL    RECORD    YEAR
 MAXIMUM TEMPERATURE (F)   70        86      1961
                                             1937
                                             1927
 MINIMUM TEMPERATURE (F)   45        26      1920


SUNRISE AND SUNSET
OCTOBER 30 2014.......SUNRISE   709 AM CDT   SUNSET   559 PM CDT
OCTOBER 31 2014.......SUNRISE   710 AM CDT   SUNSET   558 PM CDT


-  INDICATES NEGATIVE NUMBERS.
R  INDICATES RECORD WAS SET OR TIED.
MM INDICATES DATA IS MISSING.
T  INDICATES TRACE AMOUNT.




$$
