000
CXUS54 KHUN 021825
CLMMSL


CLIMATE REPORT
NATIONAL WEATHER SERVICE HUNTSVILLE AL
123 PM CDT FRI SEP 2 2016

...................................

...THE MUSCLE SHOALS CLIMATE SUMMARY FOR THE MONTH OF AUGUST 2016...

CLIMATE NORMAL PERIOD 1981 TO 2010
CLIMATE RECORD PERIOD 1893 TO 2016

WEATHER         OBSERVED          NORMAL  DEPART  LAST YEAR`S
                 VALUE   DATE(S)  VALUE   FROM    VALUE
                                          NORMAL
.............................................................
TEMPERATURE (F)
RECORD
 HIGH             108   08/08/1930
 LOW               47   08/26/1917
HIGHEST            97   08/26        MM      MM      101
LOWEST             67   08/23        MM      MM       56
AVG. MAXIMUM     91.5              90.9     0.6     88.0
AVG. MINIMUM     72.1              68.8     3.3     67.3
MEAN             81.8              79.8     2.0     77.6
DAYS MAX >= 90     22              17.9     4.1       11
DAYS MAX <= 32      0               0.0     0.0        0
DAYS MIN <= 32      0               0.0     0.0        0
DAYS MIN <= 0       0               0.0     0.0        0

PRECIPITATION (INCHES)
RECORD
 MAXIMUM         9.01   1928
 MINIMUM         0.15   1990
TOTALS           5.41              3.15    2.26     5.56
DAILY AVG.       0.17              0.10    0.07
DAYS >= .01        13               7.6     5.4       11
DAYS >= .10         8               5.1     2.9        8
DAYS >= .50         5               1.8     3.2        3
DAYS >= 1.00        2               0.9     1.1        1
GREATEST
 24 HR. TOTAL    1.47   08/02 TO 08/02              2.74
                        08/01 TO 08/02
                        08/02 TO 08/02

SNOWFALL (INCHES)
RECORDS
 TOTAL            0.0   2002
                        2001
                        2000
 24 HR TOTAL      0.0   MM
TOTALS            0.0               0.0     0.0      0.0
SINCE 7/1         0.0               0.0     0.0      0.0
DAYS >= TRACE       0               0.0     0.0
DAYS >= 1.0         0               0.0     0.0
GREATEST
 24 HR TOTAL      0.0   08/31 TO 08/31               0.0

DEGREE_DAYS
HEATING TOTAL       0                 0       0        0
 SINCE 7/1          0                 0       0        0
COOLING TOTAL     528               460      68      399
 SINCE 1/1       1803              1543     260     1653

FREEZE DATES
RECORD
 EARLIEST     10/03/1908
 LATEST       04/27/1919
EARLIEST                        11/07
LATEST                          03/28
..............................................................

WIND (MPH)
AVERAGE WIND SPEED              3.8
HIGHEST WIND SPEED/DIRECTION    36/150    DATE  08/26
HIGHEST GUST SPEED/DIRECTION    43/330    DATE  08/03

AVERAGE RH (PERCENT)     73


-  INDICATES NEGATIVE NUMBERS.
R  INDICATES RECORD WAS SET OR TIED.
MM INDICATES DATA IS MISSING.
T  INDICATES TRACE AMOUNT.

$$
