000
CXUS54 KHUN 031415
CLMMSL


CLIMATE REPORT
NATIONAL WEATHER SERVICE HUNTSVILLE AL
914 AM CDT FRI NOV 3 2017

...................................

...THE MUSCLE SHOALS CLIMATE SUMMARY FOR THE MONTH OF OCTOBER 2017...

CLIMATE NORMAL PERIOD 1981 TO 2010
CLIMATE RECORD PERIOD 1893 TO 2017

WEATHER         OBSERVED          NORMAL  DEPART  LAST YEAR`S
                 VALUE   DATE(S)  VALUE   FROM    VALUE
                                          NORMAL
.............................................................
TEMPERATURE (F)
RECORD
 HIGH              99   10/05/1925
                        10/01/1925
                        10/04/1908
 LOW               23   10/31/1917
HIGHEST            90   10/09        MM      MM       92
LOWEST             32   10/30        MM      MM       37
AVG. MAXIMUM     76.4              74.3     2.1     83.9
AVG. MINIMUM     50.6              49.8     0.8     53.0
MEAN             63.5              62.1     1.4     68.5
DAYS MAX >= 90      1               0.2     0.8        4
DAYS MAX <= 32      0               0.0     0.0        0
DAYS MIN <= 32      1               0.9     0.1        0
DAYS MIN <= 0       0               0.0     0.0        0

PRECIPITATION (INCHES)
RECORD
 MAXIMUM        11.05   1918
 MINIMUM         0.00   2000
TOTALS           4.77              3.43    1.34     0.08
DAILY AVG.       0.15              0.11    0.04
DAYS >= .01         9               8.2     0.8        2
DAYS >= .10         7               5.3     1.7        0
DAYS >= .50         4               2.3     1.7        0
DAYS >= 1.00        2               0.8     1.2        0
GREATEST
 24 HR. TOTAL    1.07   10/23 TO 10/23              0.05

SNOWFALL (INCHES)
RECORDS
 TOTAL              T   1913
                        1910
 24 HR TOTAL      0.0   MM
TOTALS            0.0               0.0     0.0      0.0
SINCE 7/1         0.0               0.0     0.0      0.0
DAYS >= TRACE       0               0.0     0.0
DAYS >= 1.0         0               0.0     0.0
GREATEST
 24 HR TOTAL      0.0   10/31 TO 10/31               0.0

DEGREE_DAYS
HEATING TOTAL     139               153     -14       28
 SINCE 7/1        151               168     -17       33
COOLING TOTAL      97                62      35      144
 SINCE 1/1       1949              1864      85     2346

FREEZE DATES
RECORD
 EARLIEST     10/03/1908
 LATEST       04/27/1919
EARLIEST                        11/07
LATEST                          03/28
..............................................................

WIND (MPH)
AVERAGE WIND SPEED              5.9
HIGHEST WIND SPEED/DIRECTION    24/310    DATE  10/15
HIGHEST GUST SPEED/DIRECTION    33/300    DATE  10/15

AVERAGE RH (PERCENT)     67


-  INDICATES NEGATIVE NUMBERS.
R  INDICATES RECORD WAS SET OR TIED.
MM INDICATES DATA IS MISSING.
T  INDICATES TRACE AMOUNT.

$$
