000
CXUS54 KHUN 031603
CLMMSL


CLIMATE REPORT
NATIONAL WEATHER SERVICE HUNTSVILLE AL
1102 AM CDT FRI JUN 3 2016

...................................

...THE MUSCLE SHOALS CLIMATE SUMMARY FOR THE MONTH OF MAY 2016...

CLIMATE NORMAL PERIOD 1981 TO 2010
CLIMATE RECORD PERIOD 1893 TO 2016

WEATHER         OBSERVED          NORMAL  DEPART  LAST YEAR`S
                 VALUE   DATE(S)  VALUE   FROM    VALUE
                                          NORMAL
.............................................................
TEMPERATURE (F)
RECORD
 HIGH              99   05/29/1941
 LOW               32   05/02/1909
HIGHEST            92   05/30        MM      MM       90
                        05/29
                        05/26
LOWEST             46   05/06        MM      MM       44
                        05/05
AVG. MAXIMUM     80.9              80.9     0.0     82.2
AVG. MINIMUM     58.7              58.7     0.0     58.9
MEAN             69.8              69.8     0.0     70.5
DAYS MAX >= 90      4               2.4     1.6        1
DAYS MAX <= 32      0               0.0     0.0        0
DAYS MIN <= 32      0               0.0     0.0        0
DAYS MIN <= 0       0               0.0     0.0        0

PRECIPITATION (INCHES)
RECORD
 MAXIMUM        11.86   1983
 MINIMUM         0.16   1941
TOTALS           1.16              5.12   -3.96     5.01
DAILY AVG.       0.04              0.17   -0.13
DAYS >= .01         6              11.3    -5.3       11
DAYS >= .10         2               7.3    -5.3        6
DAYS >= .50         1               3.5    -2.5        4
DAYS >= 1.00        0               1.7    -1.7        3
GREATEST
 24 HR. TOTAL    0.70   05/09 TO 05/10              1.49
                        05/10 TO 05/10
                        05/10 TO 05/11

SNOWFALL (INCHES)
RECORDS
 TOTAL              T   1989
 24 HR TOTAL      0.0   MM
TOTALS            0.0               0.0     0.0      0.0
SINCE 7/1           T               2.2    -2.2      4.2
DAYS >= TRACE       0               0.0     0.0
DAYS >= 1.0         0               0.0     0.0
GREATEST
 24 HR TOTAL      0.0   05/31 TO 05/31               0.0

DEGREE_DAYS
HEATING TOTAL      26                30      -4       19
 SINCE 7/1       2360              3103    -743     3233
COOLING TOTAL     183               179       4      198
 SINCE 1/1        267               244      23      254

FREEZE DATES
RECORD
 EARLIEST     10/03/1908
 LATEST       04/27/1919
EARLIEST                        11/07
LATEST                          03/28
..............................................................

WIND (MPH)
AVERAGE WIND SPEED              MM
HIGHEST WIND SPEED/DIRECTION    29/290    DATE  05/04
HIGHEST GUST SPEED/DIRECTION    38/290    DATE  05/04

AVERAGE RH (PERCENT)     63


-  INDICATES NEGATIVE NUMBERS.
R  INDICATES RECORD WAS SET OR TIED.
MM INDICATES DATA IS MISSING.
T  INDICATES TRACE AMOUNT.

$$
