000
CXUS54 KHUN 022049
CLMMSL


CLIMATE REPORT
NATIONAL WEATHER SERVICE HUNTSVILLE AL
247 PM CST TUE DEC 2 2014

...................................

...THE MUSCLE SHOALS CLIMATE SUMMARY FOR THE MONTH OF NOVEMBER 2014...

CLIMATE NORMAL PERIOD 1981 TO 2010
CLIMATE RECORD PERIOD 1893 TO 2014

WEATHER         OBSERVED          NORMAL  DEPART  LAST YEAR`S
                 VALUE   DATE(S)  VALUE   FROM    VALUE
                                          NORMAL
.............................................................
TEMPERATURE (F)
RECORD
 HIGH              86   11/01/1915
                        11/04/1914
 LOW                2   11/25/1950
HIGHEST            77   11/11        MM      MM       77
LOWEST             20   11/19        MM      MM       19
AVG. MAXIMUM     58.0              63.3    -5.3     60.0
AVG. MINIMUM     35.5              40.9    -5.4     37.3
MEAN             46.7              52.1    -5.4     48.6
DAYS MAX >= 90      0               0.0     0.0        0
DAYS MAX <= 32      0               0.0     0.0        0
DAYS MIN <= 32     12               6.6     5.4       11
DAYS MIN <= 0       0               0.0     0.0        0

PRECIPITATION (INCHES)
RECORD
 MAXIMUM        11.39   1948
 MINIMUM         0.05   2002
TOTALS           4.29              4.66   -0.37     3.29
DAILY AVG.       0.14              0.16   -0.02
DAYS >= .01         6               9.0    -3.0        9
DAYS >= .10         4               6.4    -2.4        5
DAYS >= .50         3               3.3    -0.3        2
DAYS >= 1.00        2               1.5     0.5        1
GREATEST
 24 HR. TOTAL    2.64   11/16 TO 11/17              1.54

SNOWFALL (INCHES)
RECORDS
 TOTAL            5.5   1929
 24 HR TOTAL      4.0   11/24/1950 TO 11/24/1950
TOTALS              T               0.0     0.0      0.0
SINCE 7/1           T               0.0     0.0      0.0
DAYS >= TRACE       1               0.0     1.0
DAYS >= 1.0         0               0.0     0.0
GREATEST
 24 HR TOTAL        T   11/13 TO 11/13               0.0

DEGREE_DAYS
HEATING TOTAL     542               394     148      487
 SINCE 7/1        652               562      90      617
COOLING TOTAL       1                 7      -6        1
 SINCE 1/1       1861              1871     -10     1895

FREEZE DATES
RECORD
 EARLIEST     10/03/1908
 LATEST       04/27/1919
EARLIEST      11/02             11/07
LATEST                          03/28
..............................................................

WIND (MPH)
AVERAGE WIND SPEED              6.8
HIGHEST WIND SPEED/DIRECTION    29/220    DATE  11/23
HIGHEST GUST SPEED/DIRECTION    39/210    DATE  11/24

AVERAGE RH (PERCENT)     60


-  INDICATES NEGATIVE NUMBERS.
R  INDICATES RECORD WAS SET OR TIED.
MM INDICATES DATA IS MISSING.
T  INDICATES TRACE AMOUNT.

$$
