000
CXUS54 KHUN 012205
CLMMSL


CLIMATE REPORT
NATIONAL WEATHER SERVICE HUNTSVILLE AL
505 PM CDT MON SEP 1 2014

...................................

...THE MUSCLE SHOALS CLIMATE SUMMARY FOR THE MONTH OF AUGUST 2014...

CLIMATE NORMAL PERIOD 1981 TO 2010
CLIMATE RECORD PERIOD 1893 TO 2014

WEATHER         OBSERVED          NORMAL  DEPART  LAST YEAR`S
                 VALUE   DATE(S)  VALUE   FROM    VALUE
                                          NORMAL
.............................................................
TEMPERATURE (F)
RECORD
 HIGH             108   08/08/1930
 LOW               47   08/26/1917
HIGHEST            96   08/07        MM      MM       96
LOWEST             58   08/14        MM      MM       61
AVG. MAXIMUM     89.9              90.9    -1.0     87.8
AVG. MINIMUM     67.3              68.8    -1.5     68.4
MEAN             78.6              79.8    -1.2     78.1
DAYS MAX >= 90     17              17.9    -0.9       15
DAYS MAX <= 32      0               0.0     0.0        0
DAYS MIN <= 32      0               0.0     0.0        0
DAYS MIN <= 0       0               0.0     0.0        0

PRECIPITATION (INCHES)
RECORD
 MAXIMUM         9.01   1928
 MINIMUM         0.15   1990
TOTALS           3.92              3.15    0.77     5.70
DAILY AVG.       0.13              0.10    0.03
DAYS >= .01         9               7.6     1.4       10
DAYS >= .10         7               5.1     1.9        8
DAYS >= .50         3               1.8     1.2        4
DAYS >= 1.00        2               0.9     1.1        1
GREATEST
 24 HR. TOTAL    1.30   08/11 TO 08/11              2.04
                        08/08 TO 08/09
                        08/10 TO 08/11

SNOWFALL (INCHES)
RECORDS
 TOTAL            0.0   2002
                        2001
                        2000
 24 HR TOTAL      0.0   MM
TOTALS            0.0               0.0     0.0      0.0
SINCE 7/1         0.0               0.0     0.0      0.0
DAYS >= TRACE       0               0.0     0.0
DAYS >= 1.0         0               0.0     0.0
GREATEST
 24 HR TOTAL      0.0   08/31 TO 08/31               0.0

DEGREE_DAYS
HEATING TOTAL       0                 0       0        0
 SINCE 7/1          0                 0       0        0
COOLING TOTAL     428               460     -32      415
 SINCE 1/1       1453              1543     -90     1481

FREEZE DATES
RECORD
 EARLIEST     10/03/1908
 LATEST       04/27/1919
EARLIEST                        11/07
LATEST                          03/28
..............................................................

WIND (MPH)
AVERAGE WIND SPEED              3.2
HIGHEST WIND SPEED/DIRECTION    23/230    DATE  08/30
HIGHEST GUST SPEED/DIRECTION    31/300    DATE  08/08

AVERAGE RH (PERCENT)     71


-  INDICATES NEGATIVE NUMBERS.
R  INDICATES RECORD WAS SET OR TIED.
MM INDICATES DATA IS MISSING.
T  INDICATES TRACE AMOUNT.

$$
