000
CXUS54 KHUN 031723
CLMMSL


CLIMATE REPORT
NATIONAL WEATHER SERVICE HUNTSVILLE AL
1115 AM CST MON MAR 3 2014

...................................

...THE MUSCLE SHOALS CLIMATE SUMMARY FOR THE MONTH OF FEBRUARY 2014...

CLIMATE NORMAL PERIOD 1981 TO 2010
CLIMATE RECORD PERIOD 1893 TO 2014

WEATHER         OBSERVED          NORMAL  DEPART  LAST YEAR`S
                 VALUE   DATE(S)  VALUE   FROM    VALUE
                                          NORMAL
.............................................................
TEMPERATURE (F)
RECORD
 HIGH              83   02/23/2012
                        02/13/1962
                        02/05/2000
 LOW              -13   02/14/1905
HIGHEST            77   02/20        MM      MM       67
LOWEST             18   02/27        MM      MM       21
AVG. MAXIMUM     53.8              55.4    -1.6     55.1
AVG. MINIMUM     32.9              35.0    -2.1     35.7
MEAN             43.3              45.2    -1.9     45.4
DAYS MAX >= 90      0               0.0     0.0        0
DAYS MAX <= 32      1               0.5     0.5        0
DAYS MIN <= 32     16              11.5     4.5        9
DAYS MIN <= 0       0               0.0     0.0        0

PRECIPITATION (INCHES)
RECORD
 MAXIMUM        13.64   1948
 MINIMUM         0.51   1978
TOTALS           3.99              4.66   -0.67     2.76
DAILY AVG.       0.14              0.17   -0.03
DAYS >= .01        11              10.6     0.4       11
DAYS >= .10         8               7.0     1.0        5
DAYS >= .50         2               2.9    -0.9        2
DAYS >= 1.00        2               1.1     0.9        0
GREATEST
 24 HR. TOTAL    1.59   02/02 TO 02/03              0.91

SNOWFALL (INCHES)
RECORDS
 TOTAL           12.0   1910
 24 HR TOTAL       MM
TOTALS            1.4               1.0     0.4        T
SINCE 7/1         1.4               1.8    -0.4        T
DAYS >= TRACE       4               0.6     3.4
DAYS >= 1.0         0               0.4    -0.4
GREATEST
 24 HR TOTAL      0.9   02/11 TO 02/11                 T

DEGREE_DAYS
HEATING TOTAL     598               555      43      543
 SINCE 7/1       2771              2535     236     2216
COOLING TOTAL       0                 1      -1        0
 SINCE 1/1          0                 1      -1        7

FREEZE DATES
RECORD
 EARLIEST     10/03/1908
 LATEST       04/27/1919
EARLIEST                        11/07
LATEST                          03/28
..............................................................

WIND (MPH)
AVERAGE WIND SPEED              6.5
HIGHEST WIND SPEED/DIRECTION    40/240    DATE  02/20
HIGHEST GUST SPEED/DIRECTION    52/240    DATE  02/20

AVERAGE RH (PERCENT)     64


-  INDICATES NEGATIVE NUMBERS.
R  INDICATES RECORD WAS SET OR TIED.
MM INDICATES DATA IS MISSING.
T  INDICATES TRACE AMOUNT.

$$
