000
CXUS54 KHUN 042059
CLMMSL


CLIMATE REPORT
NATIONAL WEATHER SERVICE HUNTSVILLE AL
358 PM CDT FRI JUL 4 2014

...................................

...THE MUSCLE SHOALS CLIMATE SUMMARY FOR THE MONTH OF JUNE 2014...

CLIMATE NORMAL PERIOD 1981 TO 2010
CLIMATE RECORD PERIOD 1893 TO 2014

WEATHER         OBSERVED          NORMAL  DEPART  LAST YEAR`S
                 VALUE   DATE(S)  VALUE   FROM    VALUE
                                          NORMAL
.............................................................
TEMPERATURE (F)
RECORD
 HIGH             108   06/26/1914
 LOW               42   06/01/1894
HIGHEST            95   06/30        MM      MM       96
LOWEST             59   06/14        MM      MM       60
AVG. MAXIMUM     88.2              87.8     0.4     88.8
AVG. MINIMUM     68.1              66.3     1.8     67.8
MEAN             78.2              77.0     1.2     78.3
DAYS MAX >= 90     16              11.6     4.4       15
DAYS MAX <= 32      0               0.0     0.0        0
DAYS MIN <= 32      0               0.0     0.0        0
DAYS MIN <= 0       0               0.0     0.0        0

PRECIPITATION (INCHES)
RECORD
 MAXIMUM        13.43   1989
 MINIMUM         0.43   1944
TOTALS           7.47              4.76    2.71     4.68
DAILY AVG.       0.25              0.16    0.09
DAYS >= .01        14              10.3     3.7       11
DAYS >= .10        11               6.8     4.2        9
DAYS >= .50         5               3.1     1.9        4
DAYS >= 1.00        3               1.5     1.5        1
GREATEST
 24 HR. TOTAL    1.73   06/10 TO 06/10              1.14

SNOWFALL (INCHES)
RECORDS
 TOTAL              T   1994
                        1993
 24 HR TOTAL      0.0   MM
TOTALS            0.0               0.0     0.0      0.0
SINCE 7/1         1.4               2.2    -0.8        T
DAYS >= TRACE       0               0.0     0.0
DAYS >= 1.0         0               0.0     0.0
GREATEST
 24 HR TOTAL      0.0   06/30 TO 06/30               0.0

DEGREE_DAYS
HEATING TOTAL       0                 1      -1        0
 SINCE 7/1       3395              3104     291     2954
COOLING TOTAL     401               362      39      406
 SINCE 1/1        658               606      52      646

FREEZE DATES
RECORD
 EARLIEST     10/03/1908
 LATEST       04/27/1919
EARLIEST      10/25             11/07
LATEST        03/26             03/28
..............................................................

WIND (MPH)
AVERAGE WIND SPEED              4.5
HIGHEST WIND SPEED/DIRECTION    37/260    DATE  06/09
HIGHEST GUST SPEED/DIRECTION    48/340    DATE  06/07

AVERAGE RH (PERCENT)     69


-  INDICATES NEGATIVE NUMBERS.
R  INDICATES RECORD WAS SET OR TIED.
MM INDICATES DATA IS MISSING.
T  INDICATES TRACE AMOUNT.

$$
