000
CXUS54 KHUN 041543
CLMMSL


CLIMATE REPORT
NATIONAL WEATHER SERVICE HUNTSVILLE AL
943 AM CST WED FEB 4 2015

...................................

...THE MUSCLE SHOALS CLIMATE SUMMARY FOR THE MONTH OF JANUARY 2015...

CLIMATE NORMAL PERIOD 1981 TO 2010
CLIMATE RECORD PERIOD 1893 TO 2015

WEATHER         OBSERVED          NORMAL  DEPART  LAST YEAR`S
                 VALUE   DATE(S)  VALUE   FROM    VALUE
                                          NORMAL
.............................................................
TEMPERATURE (F)
RECORD
 HIGH              84   01/17/1936
 LOW              -11   01/21/1985
HIGHEST            67   01/19        MM      MM       65
LOWEST              8   01/08        MM      MM        5
AVG. MAXIMUM     49.9              50.7    -0.8     47.7
AVG. MINIMUM     30.5              31.3    -0.8     22.7
MEAN             40.2              41.0    -0.8     35.2
DAYS MAX >= 90      0               0.0     0.0        0
DAYS MAX <= 32      2               1.3     0.7        5
DAYS MIN <= 32     17              17.1    -0.1       26
DAYS MIN <= 0       0               0.1    -0.1        0

PRECIPITATION (INCHES)
RECORD
 MAXIMUM        13.09   1950
 MINIMUM         0.60   986
TOTALS           4.17              4.61   -0.44     1.70
DAILY AVG.       0.13              0.15   -0.02
DAYS >= .01        10               9.8     0.2        7
DAYS >= .10         5               6.5    -1.5        4
DAYS >= .50         2               2.7    -0.7        1
DAYS >= 1.00        2               1.3     0.7        0
GREATEST
 24 HR. TOTAL    1.58   01/12 TO 01/12              0.93

SNOWFALL (INCHES)
RECORDS
 TOTAL           10.6   1966
 24 HR TOTAL     10.5   01/18/1893 TO 01/18/1893
TOTALS              T               0.4    -0.4        T
SINCE 7/1           T               0.8    -0.8        T
DAYS >= TRACE       4               0.4     3.6
DAYS >= 1.0         0               0.2    -0.2
GREATEST
 24 HR TOTAL        T   01/24 TO 01/24                 T
                        01/23 TO 01/23
                        01/15 TO 01/15

DEGREE_DAYS
HEATING TOTAL     759               744      15      914
 SINCE 7/1       1975              1980      -5     2173
COOLING TOTAL       0                 0       0        0
 SINCE 1/1          0                 0       0        0

FREEZE DATES
RECORD
 EARLIEST     10/03/1908
 LATEST       04/27/1919
EARLIEST                        11/07
LATEST                          03/28
..............................................................

WIND (MPH)
AVERAGE WIND SPEED              6.0
HIGHEST WIND SPEED/DIRECTION    39/280    DATE  01/25
HIGHEST GUST SPEED/DIRECTION    51/280    DATE  01/25

AVERAGE RH (PERCENT)     63


-  INDICATES NEGATIVE NUMBERS.
R  INDICATES RECORD WAS SET OR TIED.
MM INDICATES DATA IS MISSING.
T  INDICATES TRACE AMOUNT.

$$
