000
CXUS54 KHUN 011657
CLMMSL


CLIMATE REPORT
NATIONAL WEATHER SERVICE HUNTSVILLE AL
1156 AM CDT TUE NOV 1 2016

...................................

...THE MUSCLE SHOALS CLIMATE SUMMARY FOR THE MONTH OF OCTOBER 2016...

CLIMATE NORMAL PERIOD 1981 TO 2010
CLIMATE RECORD PERIOD 1893 TO 2016

WEATHER         OBSERVED          NORMAL  DEPART  LAST YEAR`S
                 VALUE   DATE(S)  VALUE   FROM    VALUE
                                          NORMAL
.............................................................
TEMPERATURE (F)
RECORD
 HIGH              99   10/05/1925
                        10/01/1925
                        10/04/1908
 LOW               23   10/31/1917
HIGHEST            92   10/07        MM      MM       92
LOWEST             37   10/23        MM      MM       30
AVG. MAXIMUM     83.9              74.3     9.6     76.1
AVG. MINIMUM     53.0              49.8     3.2     50.5
MEAN             68.5              62.1     6.4     63.3
DAYS MAX >= 90      4               0.2     3.8        4
DAYS MAX <= 32      0               0.0     0.0        0
DAYS MIN <= 32      0               0.9    -0.9        1
DAYS MIN <= 0       0               0.0     0.0        0

PRECIPITATION (INCHES)
RECORD
 MAXIMUM        11.05   1918
 MINIMUM         0.00   2000
TOTALS           0.08              3.43   -3.35     2.58
DAILY AVG.       0.00              0.11   -0.11
DAYS >= .01         2               8.2    -6.2       11
DAYS >= .10         0               5.3    -5.3        7
DAYS >= .50         0               2.3    -2.3        2
DAYS >= 1.00        0               0.8    -0.8        0
GREATEST
 24 HR. TOTAL    0.05   10/20 TO 10/20              0.78

SNOWFALL (INCHES)
RECORDS
 TOTAL              T   1913
                        1910
 24 HR TOTAL      0.0   MM
TOTALS            0.0               0.0     0.0      0.0
SINCE 7/1         0.0               0.0     0.0      0.0
DAYS >= TRACE       0               0.0     0.0
DAYS >= 1.0         0               0.0     0.0
GREATEST
 24 HR TOTAL      0.0   10/31 TO 10/31               0.0

DEGREE_DAYS
HEATING TOTAL      28               153    -125      108
 SINCE 7/1         33               168    -135      113
COOLING TOTAL     144                62      82       62
 SINCE 1/1       2346              1864     482     1981

FREEZE DATES
RECORD
 EARLIEST     10/03/1908
 LATEST       04/27/1919
EARLIEST                        11/07
LATEST                          03/28
..............................................................

WIND (MPH)
AVERAGE WIND SPEED              4.6
HIGHEST WIND SPEED/DIRECTION    30/290    DATE  10/20
HIGHEST GUST SPEED/DIRECTION    36/280    DATE  10/20

AVERAGE RH (PERCENT)     57


-  INDICATES NEGATIVE NUMBERS.
R  INDICATES RECORD WAS SET OR TIED.
MM INDICATES DATA IS MISSING.
T  INDICATES TRACE AMOUNT.

$$
