000
CXUS54 KHUN 012232
CLMMSL


CLIMATE REPORT
NATIONAL WEATHER SERVICE HUNTSVILLE AL
430 PM CST TUE MAR 1 2016

...................................

...THE MUSCLE SHOALS CLIMATE SUMMARY FOR THE MONTH OF FEBRUARY 2016...

CLIMATE NORMAL PERIOD 1981 TO 2010
CLIMATE RECORD PERIOD 1893 TO 2016

WEATHER         OBSERVED          NORMAL  DEPART  LAST YEAR`S
                 VALUE   DATE(S)  VALUE   FROM    VALUE
                                          NORMAL
.............................................................
TEMPERATURE (F)
RECORD
 HIGH              83   02/23/2012
                        02/13/1962
                        02/05/2000
 LOW              -13   02/14/1905
HIGHEST            73   02/29        MM      MM       67
                        02/02
LOWEST             19   02/10        MM      MM       11
AVG. MAXIMUM     56.8              55.4     1.4     46.1
AVG. MINIMUM     36.8              35.0     1.8     26.5
MEAN             46.8              45.2     1.6     36.3
DAYS MAX >= 90      0               0.0     0.0        0
DAYS MAX <= 32      0               0.5    -0.5        2
DAYS MIN <= 32     13              11.5     1.5       23
DAYS MIN <= 0       0               0.0     0.0        0

PRECIPITATION (INCHES)
RECORD
 MAXIMUM        13.64   1948
 MINIMUM         0.51   1978
TOTALS           3.48              4.66   -1.18     3.11
DAILY AVG.       0.12                MM      MM
DAYS >= .01        10              10.6    -0.6        7
DAYS >= .10         6               7.0    -1.0        6
DAYS >= .50         3               2.9     0.1        2
DAYS >= 1.00        1               1.1    -0.1        1
GREATEST
 24 HR. TOTAL    1.17   02/14 TO 02/15              1.17

SNOWFALL (INCHES)
RECORDS
 TOTAL           12.0   1910
 24 HR TOTAL       MM
TOTALS              T               1.0    -1.0      3.5
SINCE 7/1           T               1.8    -1.8      3.5
DAYS >= TRACE       1               0.6     0.4
DAYS >= 1.0         0               0.4    -0.4
GREATEST
 24 HR TOTAL        T   02/09 TO 02/09               3.5

DEGREE_DAYS
HEATING TOTAL     522               555     -33      796
 SINCE 7/1       2001              2551    -550     2771
COOLING TOTAL       0                 1      -1        0
 SINCE 1/1          0                 1      -1        0

FREEZE DATES
RECORD
 EARLIEST     10/03/1908
 LATEST       04/27/1919
EARLIEST                        11/07
LATEST                          03/28
..............................................................

WIND (MPH)
AVERAGE WIND SPEED              8.0
HIGHEST WIND SPEED/DIRECTION    40/270    DATE  02/02
HIGHEST GUST SPEED/DIRECTION    47/270    DATE  02/02

AVERAGE RH (PERCENT)     62


-  INDICATES NEGATIVE NUMBERS.
R  INDICATES RECORD WAS SET OR TIED.
MM INDICATES DATA IS MISSING.
T  INDICATES TRACE AMOUNT.

$$
