000
CXUS54 KHUN 012135
CLMMSL


CLIMATE REPORT
NATIONAL WEATHER SERVICE HUNTSVILLE AL
435 PM CDT FRI JUL 1 2016

...................................

...THE MUSCLE SHOALS CLIMATE SUMMARY FOR THE MONTH OF JUNE 2016...

CLIMATE NORMAL PERIOD 1981 TO 2010
CLIMATE RECORD PERIOD 1893 TO 2016

WEATHER         OBSERVED          NORMAL  DEPART  LAST YEAR`S
                 VALUE   DATE(S)  VALUE   FROM    VALUE
                                          NORMAL
.............................................................
TEMPERATURE (F)
RECORD
 HIGH             108   06/26/1914
 LOW               42   06/01/1894
HIGHEST            96   06/25        MM      MM       98
                        06/24
                        06/23
LOWEST             57   06/10        MM      MM       59
AVG. MAXIMUM     91.3              87.8     3.5     91.7
AVG. MINIMUM     68.4              66.3     2.1     68.1
MEAN             79.9              77.0     2.9     79.9
DAYS MAX >= 90     20              11.6     8.4       23
DAYS MAX <= 32      0               0.0     0.0        0
DAYS MIN <= 32      0               0.0     0.0        0
DAYS MIN <= 0       0               0.0     0.0        0

PRECIPITATION (INCHES)
RECORD
 MAXIMUM        13.43   1989
 MINIMUM         0.43   1944
TOTALS           4.69              4.76   -0.07     2.36
DAILY AVG.       0.16              0.16    0.00
DAYS >= .01         9              10.3    -1.3        9
DAYS >= .10         7               6.8     0.2        3
DAYS >= .50         4               3.1     0.9        2
DAYS >= 1.00        1               1.5    -0.5        1
GREATEST
 24 HR. TOTAL    1.11   06/27 TO 06/27              1.69

SNOWFALL (INCHES)
RECORDS
 TOTAL              T   1994
                        1993
 24 HR TOTAL      0.0   MM
TOTALS            0.0               0.0     0.0      0.0
SINCE 7/1           T               2.2    -2.2      4.2
DAYS >= TRACE       0               0.0     0.0
DAYS >= 1.0         0               0.0     0.0
GREATEST
 24 HR TOTAL      0.0   06/30 TO 06/30               0.0

DEGREE_DAYS
HEATING TOTAL       0                 1      -1        0
 SINCE 7/1       2360              3104    -744     3233
COOLING TOTAL     452               362      90      458
 SINCE 1/1        719               606     113      712

FREEZE DATES
RECORD
 EARLIEST     10/03/1908
 LATEST       04/27/1919
EARLIEST      10/19             11/07
LATEST        03/05             03/28
..............................................................

WIND (MPH)
AVERAGE WIND SPEED              4.2
HIGHEST WIND SPEED/DIRECTION    32/310    DATE  06/12
HIGHEST GUST SPEED/DIRECTION    50/290    DATE  06/12

AVERAGE RH (PERCENT)     67


-  INDICATES NEGATIVE NUMBERS.
R  INDICATES RECORD WAS SET OR TIED.
MM INDICATES DATA IS MISSING.
T  INDICATES TRACE AMOUNT.

$$
