000
CXUS54 KHUN 031601
CLMMSL


CLIMATE REPORT
NATIONAL WEATHER SERVICE HUNTSVILLE AL
959 AM CST MON FEB 3 2014

...................................

...THE MUSCLE SHOALS CLIMATE SUMMARY FOR THE MONTH OF JANUARY 2014...

CLIMATE NORMAL PERIOD 1981 TO 2010
CLIMATE RECORD PERIOD 1893 TO 2014

WEATHER         OBSERVED          NORMAL  DEPART  LAST YEAR`S
                 VALUE   DATE(S)  VALUE   FROM    VALUE
                                          NORMAL
.............................................................
TEMPERATURE (F)
RECORD
 HIGH              84   01/17/1936
 LOW              -11   01/21/1985
HIGHEST            65   01/20        MM      MM       74
LOWEST              5   01/29        MM      MM       24
AVG. MAXIMUM     47.7              50.7    -3.0     55.5
AVG. MINIMUM     22.7              31.3    -8.6     37.2
MEAN             35.2              41.0    -5.8     46.4
DAYS MAX >= 90      0               0.0     0.0        0
DAYS MAX <= 32      5               1.3     3.7        0
DAYS MIN <= 32     26              17.1     8.9       12
DAYS MIN <= 0       0               0.1    -0.1        0

PRECIPITATION (INCHES)
RECORD
 MAXIMUM        13.09   1950
 MINIMUM         0.60   986
TOTALS           1.70              4.61   -2.91     8.74
DAILY AVG.       0.05              0.15   -0.10
DAYS >= .01         7               9.8    -2.8       13
DAYS >= .10         4               6.5    -2.5       10
DAYS >= .50         1               2.7    -1.7        5
DAYS >= 1.00        0               1.3    -1.3        5
GREATEST
 24 HR. TOTAL    0.93   01/10 TO 01/11              1.75

SNOWFALL (INCHES)
RECORDS
 TOTAL           10.6   1966
 24 HR TOTAL     10.5   01/18/1893 TO 01/18/1893
TOTALS              T               0.4    -0.4        T
SINCE 7/1           T               0.8    -0.8        T
DAYS >= TRACE       1               0.4     0.6
DAYS >= 1.0         0               0.2    -0.2
GREATEST
 24 HR TOTAL        T   01/28 TO 01/28                 T

DEGREE_DAYS
HEATING TOTAL     914               744     170      575
 SINCE 7/1       2173              1980     193     1673
COOLING TOTAL       0                 0       0        7
 SINCE 1/1          0                 0       0        7

FREEZE DATES
RECORD
 EARLIEST     10/03/1908
 LATEST       04/27/1919
EARLIEST                        11/07
LATEST                          03/28
..............................................................

WIND (MPH)
AVERAGE WIND SPEED              7.2
HIGHEST WIND SPEED/DIRECTION    30/290    DATE  01/05
HIGHEST GUST SPEED/DIRECTION    41/310    DATE  01/05

AVERAGE RH (PERCENT)     54


-  INDICATES NEGATIVE NUMBERS.
R  INDICATES RECORD WAS SET OR TIED.
MM INDICATES DATA IS MISSING.
T  INDICATES TRACE AMOUNT.

$$
