000
CXUS54 KHUN 011611
CLMMSL


CLIMATE REPORT
NATIONAL WEATHER SERVICE HUNTSVILLE AL
1110 AM CDT WED APR 1 2015

...................................

...THE MUSCLE SHOALS CLIMATE SUMMARY FOR THE MONTH OF MARCH 2015...

CLIMATE NORMAL PERIOD 1981 TO 2010
CLIMATE RECORD PERIOD 1893 TO 2015

WEATHER         OBSERVED          NORMAL  DEPART  LAST YEAR`S
                 VALUE   DATE(S)  VALUE   FROM    VALUE
                                          NORMAL
.............................................................
TEMPERATURE (F)
RECORD
 HIGH              92   03/25/1929
 LOW                7   03/07/1899
HIGHEST            80   03/17        MM      MM       79
LOWEST             16   03/06        MM      MM       24
AVG. MAXIMUM     64.0              64.4    -0.4     63.3
AVG. MINIMUM     43.4              42.0     1.4     37.6
MEAN             53.7              53.2     0.5     50.4
DAYS MAX >= 90      0               0.0     0.0        0
DAYS MAX <= 32      0               0.0     0.0        0
DAYS MIN <= 32      6               4.3     1.7        8
DAYS MIN <= 0       0               0.0     0.0        0

PRECIPITATION (INCHES)
RECORD
 MAXIMUM        16.15   1897
 MINIMUM         1.26   1910
TOTALS           6.58              4.76    1.82     2.62
DAILY AVG.       0.21              0.15    0.06
DAYS >= .01        18              10.1     7.9        7
DAYS >= .10        15               6.8     8.2        5
DAYS >= .50         4               3.4     0.6        3
DAYS >= 1.00        2               1.2     0.8        0
GREATEST
 24 HR. TOTAL    1.09   03/30 TO 03/30              0.86

SNOWFALL (INCHES)
RECORDS
 TOTAL            5.0   1968
 24 HR TOTAL      5.0   03/22/1968 TO 03/22/1968
TOTALS            0.7               0.4     0.3        T
SINCE 7/1         4.2               2.2     2.0      1.4
DAYS >= TRACE       1               0.2     0.8
DAYS >= 1.0         0               0.2    -0.2
GREATEST
 24 HR TOTAL      0.7   MM                             T

DEGREE_DAYS
HEATING TOTAL     348               378     -30      443
 SINCE 7/1       3119              2913     206     3214
COOLING TOTAL       2                12     -10        0
 SINCE 1/1          2                13     -11        0

FREEZE DATES
RECORD
 EARLIEST     10/03/1908
 LATEST       04/27/1919
EARLIEST                        11/07
LATEST                          03/28
..............................................................

WIND (MPH)
AVERAGE WIND SPEED              MM
HIGHEST WIND SPEED/DIRECTION    25/220    DATE  03/04
HIGHEST GUST SPEED/DIRECTION    32/200    DATE  03/04

AVERAGE RH (PERCENT)     70


-  INDICATES NEGATIVE NUMBERS.
R  INDICATES RECORD WAS SET OR TIED.
MM INDICATES DATA IS MISSING.
T  INDICATES TRACE AMOUNT.

$$
