000
CXUS54 KHUN 011607
CLMMSL


CLIMATE REPORT
NATIONAL WEATHER SERVICE HUNTSVILLE AL
1107 AM CDT SUN JUN 1 2014

...................................

...THE MUSCLE SHOALS CLIMATE SUMMARY FOR THE MONTH OF MAY 2014...

CLIMATE NORMAL PERIOD 1981 TO 2010
CLIMATE RECORD PERIOD 1893 TO 2014

WEATHER         OBSERVED          NORMAL  DEPART  LAST YEAR`S
                 VALUE   DATE(S)  VALUE   FROM    VALUE
                                          NORMAL
.............................................................
TEMPERATURE (F)
RECORD
 HIGH              99   05/29/1941
 LOW               32   05/02/1909
HIGHEST            90   05/31        MM      MM       90
                        05/26
LOWEST             43   05/03        MM      MM       42
AVG. MAXIMUM     82.3              80.9     1.4     79.5
AVG. MINIMUM     58.2              58.7    -0.5     58.4
MEAN             70.2              69.8     0.4     69.0
DAYS MAX >= 90      2               2.4    -0.4        1
DAYS MAX <= 32      0               0.0     0.0        0
DAYS MIN <= 32      0               0.0     0.0        0
DAYS MIN <= 0       0               0.0     0.0        0

PRECIPITATION (INCHES)
RECORD
 MAXIMUM        11.86   1983
 MINIMUM         0.16   1941
TOTALS             MM              5.12      MM     4.14
DAILY AVG.       0.06              0.17   -0.11
DAYS >= .01         6              11.3    -5.3        7
DAYS >= .10         1               7.3    -6.3        6
DAYS >= .50         1               3.5    -2.5        4
DAYS >= 1.00        1               1.7    -0.7        1
GREATEST
 24 HR. TOTAL      MM                               1.54

SNOWFALL (INCHES)
RECORDS
 TOTAL              T   1989
 24 HR TOTAL      0.0   MM
TOTALS            0.0               0.0     0.0      0.0
SINCE 7/1         1.4               2.2    -0.8        T
DAYS >= TRACE       0               0.0     0.0
DAYS >= 1.0         0               0.0     0.0
GREATEST
 24 HR TOTAL      0.0   05/31 TO 05/31               0.0

DEGREE_DAYS
HEATING TOTAL      42                30      12       55
 SINCE 7/1       3395              3103     292     2954
COOLING TOTAL     212               179      33      186
 SINCE 1/1        257               244      13      240

FREEZE DATES
RECORD
 EARLIEST     10/03/1908
 LATEST       04/27/1919
EARLIEST                        11/07
LATEST                          03/28
..............................................................

WIND (MPH)
AVERAGE WIND SPEED              5.0
HIGHEST WIND SPEED/DIRECTION    25/250    DATE  05/14
HIGHEST GUST SPEED/DIRECTION    37/250    DATE  05/14

AVERAGE RH (PERCENT)     66


-  INDICATES NEGATIVE NUMBERS.
R  INDICATES RECORD WAS SET OR TIED.
MM INDICATES DATA IS MISSING.
T  INDICATES TRACE AMOUNT.

$$
