000
CXUS51 KBTV 010800
CF61V4
PRELIMINARY LOCAL CLIMATOLOGICAL DATA (WS FORM: F-6)
STATION: SAINT JOHNSBURY VT ASOS
MONTH: DECEMBER
YEAR: 2023
LATITUDE: 44 25 N
LONGITUDE: 72 1 W
TEMPERATURE IN F: :PCPN: SNOW: WIND :SUNSHINE: SKY :PK WND
================================================================================
1 2 3 4 5 6A 6B 7 8 9 10 11 12 13 14 15 16 17 18
12Z AVG MX 2MIN
DY MAX MIN AVG DEP HDD CDD WTR SNW DPTH SPD SPD DIR MIN PSBL S-S WX SPD DR
================================================================================
1 52 36 44 15 21 0 0.18 M M M M M M M 0 M M
2 46 37 42 13 23 0 0.02 M M M M M M M 0 M M
3 45 36 41 13 24 0 0.53 M M M M M M M 0 M M
4 41 32 37 9 28 0 0.30 M M M M M M M 0 M M
5 35 19 27 -1 38 0 0.02 M M M M M M M 0 M M
6 26 16 21 -6 44 0 0.00 M M M M M M M 0 M M
7 26 13 20 -7 45 0 0.00 M M M M M M M 0 M M
8 33 20 27 1 38 0 0.00 M M M M M M M 0 M M
9 42 28 35 9 30 0 0.00 M M M M M M M 0 M M
10 48 37 43 17 22 0 0.86 M M M M M M M 0 M M
11 45 31 38 13 27 0 0.80 M M M M M M M 0 M M
12 41 23 32 7 33 0 0.00 M M M M M M M 0 M M
13 M 23 M M M M 0.04 M M M M M M M 0 M M
14 M 18 M M M M 0.00 M M M M M M M 0 M M
15 M 17 M M M M 0.00 M M M M M M M 0 M M
16 45 26 36 12 29 0 0.00 M M M M M M M 0 M M
17 M M M M M M 0.30 M M M M M M M 0 M M
18 63 42 53 30 12 0 1.55 M M M M M M M 0 M M
19 47 28 38 15 27 0 0.00 M M M M M M M 0 M M
20 M M M M M M 0.00 M M M M M M M 0 M M
21 M M M M M M 0.00 M M M M M M M 0 M M
22 M M M M M M 0.00 M M M M M M M 0 M M
23 M M M M M M 0.00 M M M M M M M 0 M M
24 M M M M M M 0.01 M M M M M M M 0 M M
25 M M M M M M 0.00 M M M M M M M 0 M M
26 M M M M M M 0.06 M M M M M M M 0 M M
27 M M M M M M 0.17 M M M M M M M 0 M M
28 M M M M M M 0.13 M M M M M M M 0 M M
29 M M M M M M 0.30 M M M M M M M 0 M M
30 M M M M M M 0.03 M M M M M M M 0 M M
31 M M M M M M 0.00 M M M M M M M 0 M M
================================================================================
SM 635 482 441 0 5.30 M M M 0
================================================================================
AV 42.3 26.8 M FASTST M M 0 MAX(MPH)
MISC ----> M M M M
================================================================================
NOTES:
# LAST OF SEVERAL OCCURRENCES
COLUMN 17 PEAK WIND IN M.P.H.
PRELIMINARY LOCAL CLIMATOLOGICAL DATA (WS FORM: F-6) , PAGE 2
STATION: SAINT JOHNSBURY VT ASOS
MONTH: DECEMBER
YEAR: 2023
LATITUDE: 44 25 N
LONGITUDE: 72 1 W
[TEMPERATURE DATA] [PRECIPITATION DATA] SYMBOLS USED IN COLUMN 16
AVERAGE MONTHLY: 34.6 TOTAL FOR MONTH: 5.30 1 = FOG OR MIST
DPTR FM NORMAL: 10.8 DPTR FM NORMAL: 2.37 2 = FOG REDUCING VISIBILITY
HIGHEST: 63 ON 18 GRTST 24HR 1.55 ON 18-18 TO 1/4 MILE OR LESS
LOWEST: 13 ON 7 3 = THUNDER
SNOW, ICE PELLETS, HAIL 4 = ICE PELLETS
TOTAL MONTH: M 5 = HAIL
GRTST 24HR M ON M 6 = FREEZING RAIN OR DRIZZLE
GRTST DEPTH: M ON M 7 = DUSTSTORM OR SANDSTORM:
VSBY 1/2 MILE OR LESS
8 = SMOKE OR HAZE
[NO. OF DAYS WITH] [WEATHER - DAYS WITH] 9 = BLOWING SNOW
X = TORNADO
MAX 32 OR BELOW: 2 0.01 INCH OR MORE: 16
MAX 90 OR ABOVE: 0 0.10 INCH OR MORE: 10
MIN 32 OR BELOW: 13 0.50 INCH OR MORE: 4
MIN 0 OR BELOW: 0 1.00 INCH OR MORE: 1
[HDD (BASE 65) ]
TOTAL THIS MO. 441 CLEAR (SCALE 0-3) 31
DPTR FM NORMAL -836 PTCLDY (SCALE 4-7) 0
TOTAL FM JUL 1 1726 CLOUDY (SCALE 8-10) 0
DPTR FM NORMAL -1291
[CDD (BASE 65) ]
TOTAL THIS MO. 0
DPTR FM NORMAL 0 [PRESSURE DATA]
TOTAL FM JAN 1 521 HIGHEST SLP M ON M
DPTR FM NORMAL 191 LOWEST SLP M ON M
[REMARKS]
#FINAL-12-23#