000
CXUS55 KBOU 010900
CF620V
PRELIMINARY LOCAL CLIMATOLOGICAL DATA (WS FORM: F-6)
STATION: KREMMLING
MONTH: MAY
YEAR: 2022
LATITUDE: 40 3 N
LONGITUDE: 106 22 W
TEMPERATURE IN F: :PCPN: SNOW: WIND :SUNSHINE: SKY :PK WND
================================================================================
1 2 3 4 5 6A 6B 7 8 9 10 11 12 13 14 15 16 17 18
12Z AVG MX 2MIN
DY MAX MIN AVG DEP HDD CDD WTR SNW DPTH SPD SPD DIR MIN PSBL S-S WX SPD DR
================================================================================
1 63 30 47 M 18 0 M M M 6.9 27 90 M M 3 32 290
2 54 34 44 M 21 0 M M M 3.1 8 260 M M 5 M M
3 64 27 46 M 19 0 M M M 4.5 22 240 M M 5 36 240
4 50 32 41 M 24 0 M M M 5.3 15 340 M M 8 20 130
5 61 34 48 M 17 0 M M M 6.2 14 260 M M 6 22 270
6 73 37 55 M 10 0 M M M 8.3 17 250 M M 2 30 240
7 72 36 54 M 11 0 M M M 7.5 22 220 M M 6 41 240
8 68 37 53 M 12 0 M M M 12.7 35 240 M M 6 46 240
9 63 36 50 M 15 0 M M M 15.8 32 230 M M 4 49 230
10 73 30 52 M 13 0 M M M 8.0 23 260 M M 0 36 260
11 75 32 54 M 11 0 M M M 4.8 18 260 M M 0 24 180
12 55 36 46 M 19 0 M M M 16.1 39 250 M M 1 53 230
13 63 23 43 M 22 0 M M M 8.7 23 250 M M 2 35 240
14 70 30 50 M 15 0 M M M 5.7 17 230 M M 4 28 250
15 75 34 55 M 10 0 M M M 5.0 15 40 M M 1 20 40
16 75 34 55 M 10 0 M M M 3.7 15 270 M M 0 23 270
17 73 34 54 M 11 0 M M M 4.9 18 350 M M 2 35 300
18 73 37 55 M 10 0 M M M 4.2 13 330 M M 1 22 330
19 73 34 54 M 11 0 M M M 16.2 36 240 M M 2 51 240
20 43 30 37 M 28 0 M M M 4.9 23 350 M M 10 37 340
21 48 30 39 M 26 0 M M M 4.0 13 90 M M 5 16 220
22 54 30 42 M 23 0 M M M 3.2 13 60 M M 6 18 60
23 54 36 45 M 20 0 M M M 8.0 16 360 M M 5 23 360
24 50 36 43 M 22 0 M M M 6.0 16 270 M M 9 24 270
25 63 30 47 M 18 0 M M M 3.7 13 350 M M 2 24 340
26 73 30 52 M 13 0 M M M 3.2 15 340 M M 0 23 0
27 79 34 57 M 8 0 M M M 8.2 28 240 M M 0 39 240
28 73 34 54 M 11 0 M M M 7.6 24 220 M M 1 37 220
29 59 36 48 M 17 0 M M M 5.7 18 330 M M 8 3 39 20
30 50 32 41 M 24 0 M M M 7.2 18 250 M M 8 33 250
31 61 30 46 M 19 0 M M M 4.9 15 100 M M 6 1 23 30
================================================================================
SM 1980 1015 508 0 M M 214.1 M 118
================================================================================
AV 63.9 32.7 6.9 FASTST M M 4 MAX(MPH)
MISC ----> 39 250 53 230
================================================================================
NOTES:
# LAST OF SEVERAL OCCURRENCES
COLUMN 17 PEAK WIND IN M.P.H.
PRELIMINARY LOCAL CLIMATOLOGICAL DATA (WS FORM: F-6) , PAGE 2
STATION: KREMMLING
MONTH: MAY
YEAR: 2022
LATITUDE: 40 3 N
LONGITUDE: 106 22 W
[TEMPERATURE DATA] [PRECIPITATION DATA] SYMBOLS USED IN COLUMN 16
AVERAGE MONTHLY: 48.3 TOTAL FOR MONTH: M 1 = FOG OR MIST
DPTR FM NORMAL: 0.0 DPTR FM NORMAL: M 2 = FOG REDUCING VISIBILITY
HIGHEST: 79 ON 27 GRTST 24HR M ON M TO 1/4 MILE OR LESS
LOWEST: 23 ON 13 3 = THUNDER
SNOW, ICE PELLETS, HAIL 4 = ICE PELLETS
TOTAL MONTH: M 5 = HAIL
GRTST 24HR M ON M 6 = FREEZING RAIN OR DRIZZLE
GRTST DEPTH: M ON M 7 = DUSTSTORM OR SANDSTORM:
VSBY 1/2 MILE OR LESS
8 = SMOKE OR HAZE
[NO. OF DAYS WITH] [WEATHER - DAYS WITH] 9 = BLOWING SNOW
X = TORNADO
MAX 32 OR BELOW: 0 0.01 INCH OR MORE: 0
MAX 90 OR ABOVE: 0 0.10 INCH OR MORE: 0
MIN 32 OR BELOW: 14 0.50 INCH OR MORE: 0
MIN 0 OR BELOW: 0 1.00 INCH OR MORE: 0
[HDD (BASE 65) ]
TOTAL THIS MO. 508 CLEAR (SCALE 0-3) 14
DPTR FM NORMAL M PTCLDY (SCALE 4-7) 14
TOTAL FM JUL 1 9329 CLOUDY (SCALE 8-10) 3
DPTR FM NORMAL M
[CDD (BASE 65) ]
TOTAL THIS MO. 0
DPTR FM NORMAL M [PRESSURE DATA]
TOTAL FM JAN 1 0 HIGHEST SLP M ON M
DPTR FM NORMAL M LOWEST SLP M ON M
[REMARKS]
#FINAL-05-22#