000
CXUS55 KBOU 011000
CF620V
PRELIMINARY LOCAL CLIMATOLOGICAL DATA (WS FORM: F-6)
STATION: KREMMLING
MONTH: NOVEMBER
YEAR: 2023
LATITUDE: 40 3 N
LONGITUDE: 106 22 W
TEMPERATURE IN F: :PCPN: SNOW: WIND :SUNSHINE: SKY :PK WND
================================================================================
1 2 3 4 5 6A 6B 7 8 9 10 11 12 13 14 15 16 17 18
12Z AVG MX 2MIN
DY MAX MIN AVG DEP HDD CDD WTR SNW DPTH SPD SPD DIR MIN PSBL S-S WX SPD DR
================================================================================
1 45 12 29 M 36 0 M M M 1.2 8 110 M M 0 M M
2 54 18 36 M 29 0 M M M 2.3 9 240 M M 5 20 0
3 61 30 46 M 19 0 M M M 3.4 16 250 M M 5 20 230
4 59 21 40 M 25 0 M M M 1.4 10 230 M M 1 M M
5 61 19 40 M 25 0 M M M 8.8 25 250 M M 0 36 250
6 59 34 47 M 18 0 M M M 6.3 17 240 M M 1 28 240
7 61 27 44 M 21 0 M M M 11.7 25 220 M M 4 35 220
8 37 23 30 M 35 0 M M M 4.6 15 340 M M 9 22 340
9 41 14 28 M 37 0 M M M 0.7 5 200 M M 1 M M
10 48 7 28 M 37 0 M M M 1.0 9 210 M M 0 M M
11 48 9 29 M 36 0 M M M 3.3 15 240 M M 0 23 240
12 54 12 33 M 32 0 M M M 0.0 M M M M 0 M M
13 59 10 35 M 30 0 M M M 0.8 7 140 M M 0 17 250
14 59 10 35 M 30 0 M M M 3.3 16 240 M M 0 22 240
15 59 14 37 M 28 0 M M M 0.9 9 270 M M 0 M M
16 48 25 37 M 28 0 M M M 5.3 18 250 M M 6 28 250
17 54 21 38 M 27 0 M M M 0.6 6 250 M M 5 12 16 250
18 43 18 31 M 34 0 M M M 0.5 5 250 M M 6 12 18 250
19 41 27 34 M 31 0 M M M 1.2 7 200 M M 8 1 M M
20 37 27 32 M 33 0 M M M 4.7 12 340 M M 9 18 340
21 43 19 31 M 34 0 M M M 1.0 3 130 M M 4 M M
22 48 14 31 M 34 0 M M M 0.1 4 280 M M 1 1 M M
23 37 14 26 M 39 0 M M M 2.6 14 90 M M 1 22 90
24 39 27 33 M 32 0 M M M 1.4 8 220 M M 6 M M
25 30 10 20 M 45 0 M M M 2.4 8 340 M M 9 8 M M
26 30 5 18 M 47 0 M M M 0.8 6 170 M M 2 M M
27 34 -2 16 M 49 0 M M M 0.5 5 80 M M 0 M M
28 34 0 17 M 48 0 M M M 0.1 4 10 M M 1 1 M M
29 36 0 18 M 47 0 M M M 0.2 5 120 M M 3 12 M M
30 36 1 19 M 46 0 M M M 0.3 4 110 M M 5 M M
================================================================================
SM 1395 466 1012 0 M M 71.4 M 92
================================================================================
AV 46.5 15.5 2.4 FASTST M M 3 MAX(MPH)
MISC ----> # 25 220 36 250
================================================================================
NOTES:
# LAST OF SEVERAL OCCURRENCES
COLUMN 17 PEAK WIND IN M.P.H.
PRELIMINARY LOCAL CLIMATOLOGICAL DATA (WS FORM: F-6) , PAGE 2
STATION: KREMMLING
MONTH: NOVEMBER
YEAR: 2023
LATITUDE: 40 3 N
LONGITUDE: 106 22 W
[TEMPERATURE DATA] [PRECIPITATION DATA] SYMBOLS USED IN COLUMN 16
AVERAGE MONTHLY: 31.0 TOTAL FOR MONTH: M 1 = FOG OR MIST
DPTR FM NORMAL: 0.0 DPTR FM NORMAL: M 2 = FOG REDUCING VISIBILITY
HIGHEST: 61 ON 3, 5 GRTST 24HR M ON M TO 1/4 MILE OR LESS
LOWEST: -2 ON 27 3 = THUNDER
SNOW, ICE PELLETS, HAIL 4 = ICE PELLETS
TOTAL MONTH: M 5 = HAIL
GRTST 24HR M ON M 6 = FREEZING RAIN OR DRIZZLE
GRTST DEPTH: M ON M 7 = DUSTSTORM OR SANDSTORM:
VSBY 1/2 MILE OR LESS
8 = SMOKE OR HAZE
[NO. OF DAYS WITH] [WEATHER - DAYS WITH] 9 = BLOWING SNOW
X = TORNADO
MAX 32 OR BELOW: 2 0.01 INCH OR MORE: 0
MAX 90 OR ABOVE: 0 0.10 INCH OR MORE: 0
MIN 32 OR BELOW: 29 0.50 INCH OR MORE: 0
MIN 0 OR BELOW: 3 1.00 INCH OR MORE: 0
[HDD (BASE 65) ]
TOTAL THIS MO. 1012 CLEAR (SCALE 0-3) 17
DPTR FM NORMAL M PTCLDY (SCALE 4-7) 9
TOTAL FM JUL 1 2158 CLOUDY (SCALE 8-10) 4
DPTR FM NORMAL M
[CDD (BASE 65) ]
TOTAL THIS MO. 0
DPTR FM NORMAL M [PRESSURE DATA]
TOTAL FM JAN 1 50 HIGHEST SLP M ON M
DPTR FM NORMAL M LOWEST SLP M ON M
[REMARKS]
#FINAL-11-23#