000
CXUS54 KEWX 011010
CF63T5
PRELIMINARY LOCAL CLIMATOLOGICAL DATA (WS FORM: F-6)
STATION: LA GRANGE
MONTH: AUGUST
YEAR: 2022
LATITUDE: 29 54 N
LONGITUDE: 96 57 W
TEMPERATURE IN F: :PCPN: SNOW: WIND :SUNSHINE: SKY :PK WND
================================================================================
1 2 3 4 5 6A 6B 7 8 9 10 11 12 13 14 15 16 17 18
12Z AVG MX 2MIN
DY MAX MIN AVG DEP HDD CDD WTR SNW DPTH SPD SPD DIR MIN PSBL S-S WX SPD DR
================================================================================
1 102 73 88 M 0 23 0.00 M M 6.5 13 160 M M 2 8 21 160
2 103 78 91 M 0 26 0.00 M M 8.7 17 160 M M 4 22 170
3 102 76 89 M 0 24 0.00 M M 9.2 18 180 M M 3 28 170
4 103 75 89 M 0 24 0.00 M M 7.7 14 140 M M 3 1 23 230
5 101 75 88 M 0 23 0.00 M M 5.5 18 170 M M 2 24 0
6 96 76 86 M 0 21 0.00 M M 4.8 13 160 M M 3 21 160
7 98 74 86 M 0 21 0.00 M M 5.1 16 170 M M 3 38 21 170
8 101 74 88 M 0 23 0.00 M M 4.5 16 170 M M 3 1 23 170
9 99 73 86 M 0 21 0.00 M M 3.9 10 160 M M 3 18 200
10 102 74 88 M 0 23 0.00 M M 3.3 15 20 M M 3 8 27 290
11 100 73 87 M 0 22 0.00 0.0 M 3.2 10 130 M M 3 8 20 20
12 98 75 87 M 0 22 0.00 0.0 M 2.4 12 20 M M 6 1 16 340
13 101 74 88 M 0 23 0.00 M M 4.8 13 110 M M 2 1 21 90
14 93 76 85 M 0 20 0.03 M M 4.7 12 120 M M 4 21 90
15 98 75 87 M 0 22 0.00 M M 5.8 13 160 M M 2 8 22 120
16 99 73 86 M 0 21 0.00 M M 5.1 12 170 M M 3 1 17 170
17 101 75 88 M 0 23 0.00 0.0 M 4.5 8 190 M M 3 17 180
18 99 75 87 M 0 22 0.05 M M 4.6 16 320 M M 2 3 27 50
19 91 74 83 M 0 18 0.01 M M 4.1 14 130 M M 4 21 120
20 97 74 86 M 0 21 0.08 M M 6.0 15 140 M M 5 1 25 170
21 96 76 86 M 0 21 0.14 M M 7.2 15 170 M M 5 22 170
22 97 73 85 M 0 20 0.57 M M 7.2 17 340 M M 7 31 280
23 88 74 81 M 0 16 0.00 M M 3.2 10 260 M M 7 M M
24 95 78 87 M 0 22 0.00 M M 3.6 12 310 M M 7 18 310
25 96 75 86 M 0 21 0.00 M M 3.0 9 310 M M 4 M M
26 98 74 86 M 0 21 0.00 M M 2.5 8 110 M M 3 23 130
27 97 76 87 M 0 22 0.00 M M 5.8 16 160 M M 3 22 160
28 97 74 86 M 0 21 0.00 M M 4.7 10 150 M M 3 22 150
29 92 76 84 M 0 19 0.00 M M 4.3 10 150 M M 6 3 22 150
30 90 75 83 M 0 18 0.46 M M 3.6 16 190 M M 7 23 190
31 94 74 84 M 0 19 0.00 M M 1.8 9 120 M M 3 21 130
================================================================================
SM 3024 2317 0 663 1.34 0.0 151.5 M 118
================================================================================
AV 97.5 74.7 4.9 FASTST M M 4 MAX(MPH)
MISC ----> # 18 180 31 280
================================================================================
NOTES:
# LAST OF SEVERAL OCCURRENCES
COLUMN 17 PEAK WIND IN M.P.H.
PRELIMINARY LOCAL CLIMATOLOGICAL DATA (WS FORM: F-6) , PAGE 2
STATION: LA GRANGE
MONTH: AUGUST
YEAR: 2022
LATITUDE: 29 54 N
LONGITUDE: 96 57 W
[TEMPERATURE DATA] [PRECIPITATION DATA] SYMBOLS USED IN COLUMN 16
AVERAGE MONTHLY: 86.1 TOTAL FOR MONTH: 1.34 1 = FOG OR MIST
DPTR FM NORMAL: 0.0 DPTR FM NORMAL: M 2 = FOG REDUCING VISIBILITY
HIGHEST: 103 ON 4, 2 GRTST 24HR 0.57 ON 22-22 TO 1/4 MILE OR LESS
LOWEST: 73 ON 22,16 3 = THUNDER
SNOW, ICE PELLETS, HAIL 4 = ICE PELLETS
TOTAL MONTH: 0.0 INCH 5 = HAIL
GRTST 24HR 0.0 6 = FREEZING RAIN OR DRIZZLE
GRTST DEPTH: M ON M 7 = DUSTSTORM OR SANDSTORM:
VSBY 1/2 MILE OR LESS
8 = SMOKE OR HAZE
[NO. OF DAYS WITH] [WEATHER - DAYS WITH] 9 = BLOWING SNOW
X = TORNADO
MAX 32 OR BELOW: 0 0.01 INCH OR MORE: 7
MAX 90 OR ABOVE: 30 0.10 INCH OR MORE: 3
MIN 32 OR BELOW: 0 0.50 INCH OR MORE: 1
MIN 0 OR BELOW: 0 1.00 INCH OR MORE: 0
[HDD (BASE 65) ]
TOTAL THIS MO. 0 CLEAR (SCALE 0-3) 16
DPTR FM NORMAL M PTCLDY (SCALE 4-7) 15
TOTAL FM JUL 1 0 CLOUDY (SCALE 8-10) 0
DPTR FM NORMAL M
[CDD (BASE 65) ]
TOTAL THIS MO. 663
DPTR FM NORMAL M [PRESSURE DATA]
TOTAL FM JAN 1 2972 HIGHEST SLP M ON M
DPTR FM NORMAL M LOWEST SLP M ON M
[REMARKS]
#FINAL-08-22#