000
CXUS52 KTAE 010900
CF6AAF
PRELIMINARY LOCAL CLIMATOLOGICAL DATA (WS FORM: F-6)
STATION: APALACHICOLA
MONTH: NOVEMBER
YEAR: 2022
LATITUDE: 29 43 N
LONGITUDE: 85 2 W
TEMPERATURE IN F: :PCPN: SNOW: WIND :SUNSHINE: SKY :PK WND
================================================================================
1 2 3 4 5 6A 6B 7 8 9 10 11 12 13 14 15 16 17 18
12Z AVG MX 2MIN
DY MAX MIN AVG DEP HDD CDD WTR SNW DPTH SPD SPD DIR MIN PSBL S-S WX SPD DR
================================================================================
1 82 59 71 5 0 6 0.00 M M 5.7 15 50 M M 0 18 50
2 80 59 70 4 0 5 0.00 0.0 0 4.7 12 70 M M 1 1 16 80
3 81 64 73 8 0 8 0.00 0.0 0 6.5 15 100 M M 1 1 19 100
4 79 60 70 5 0 5 0.00 M M 6.5 14 70 M M 0 18 100
5 81 65 73 8 0 8 0.00 M M 4.6 13 150 M M 0 17 120
6 84 68 76 12 0 11 0.00 0.0 0 5.7 14 120 M M 0 18 130
7 83 65 74 10 0 9 0.00 0.0 0 6.6 15 120 M M 0 20 100
8 89 63 76 12 0 11 0.00 0.0 0 8.3 20 50 M M 0 27 40
9 74 58 66 2 0 1 0.00 0.0 0 12.1 22 20 M M 0 29 50
10 67 63 65 2 0 0 0.68 0.0 0 16.8 25 20 M M 5 1 38 340
11 80 63 72 9 0 7 0.02 0.0 0 10.6 21 260 M M 2 1 27 250
12 81 57 69 6 0 4 0.17 0.0 0 4.6 18 260 M M 1 13 23 290
13 66 44 55 -7 10 0 0.00 0.0 0 10.2 17 20 M M 0 22 20
14 67 42 55 -7 10 0 0.00 0.0 M 7.1 14 110 M M 0 20 110
15 78 61 70 8 0 5 0.12 0.0 M 8.7 16 320 M M 4 1 21 110
16 65 50 58 -4 7 0 0.00 0.0 M 9.2 15 360 M M 5 1 23 350
17 59 47 53 -9 12 0 0.00 M M 9.7 20 20 M M 0 25 20
18 61 38 50 -11 15 0 0.00 0.0 M 7.5 16 30 M M 0 20 40
19 57 44 51 -10 14 0 0.02 0.0 M 7.2 13 30 M M 5 18 30
20 50 43 47 -14 18 0 0.09 0.0 0 9.9 15 30 M M 4 20 30
21 71 40 56 -5 9 0 0.00 0.0 0 8.1 14 40 M M 0 18 50
22 71 52 62 2 3 0 0.00 0.0 0 6.1 12 50 M M 1 15 50
23 79 58 69 9 0 4 0.00 0.0 0 6.6 14 20 M M 0 19 20
24 71 59 65 5 0 0 0.00 0.0 0 6.0 13 90 M M 3 1 17 80
25 80 67 74 14 0 9 T 0.0 0 6.0 13 250 M M 2 1 16 250
26 71 63 67 7 0 2 0.00 0.0 M 8.4 15 100 M M 9 1 22 130
27 73 53 63 3 2 0 0.38 0.0 M 9.7 26 210 M M 2 13 34 200
28 78 52 65 6 0 0 0.00 0.0 M 3.5 14 250 M M 0 17 250
29 74 57 66 7 0 1 0.00 0.0 M 6.9 15 130 M M 0 22 150
30 76 57 67 8 0 2 0.33 0.0 0 6.0 17 330 M M 1 13 26 320
================================================================================
SM 2208 1671 100 98 1.81 0.0 229.5 M 46
================================================================================
AV 73.6 55.7 7.6 FASTST M M 2 MAX(MPH)
MISC ----> 26 210 38 340
================================================================================
NOTES:
# LAST OF SEVERAL OCCURRENCES
COLUMN 17 PEAK WIND IN M.P.H.
PRELIMINARY LOCAL CLIMATOLOGICAL DATA (WS FORM: F-6) , PAGE 2
STATION: APALACHICOLA
MONTH: NOVEMBER
YEAR: 2022
LATITUDE: 29 43 N
LONGITUDE: 85 2 W
[TEMPERATURE DATA] [PRECIPITATION DATA] SYMBOLS USED IN COLUMN 16
AVERAGE MONTHLY: 64.7 TOTAL FOR MONTH: 1.81 1 = FOG OR MIST
DPTR FM NORMAL: 2.6 DPTR FM NORMAL: -1.93 2 = FOG REDUCING VISIBILITY
HIGHEST: 89 ON 8 GRTST 24HR 0.70 ON 10-11 TO 1/4 MILE OR LESS
LOWEST: 38 ON 18 3 = THUNDER
SNOW, ICE PELLETS, HAIL 4 = ICE PELLETS
TOTAL MONTH: 0.0 INCH 5 = HAIL
GRTST 24HR 0.0 6 = FREEZING RAIN OR DRIZZLE
GRTST DEPTH: 0 7 = DUSTSTORM OR SANDSTORM:
VSBY 1/2 MILE OR LESS
8 = SMOKE OR HAZE
[NO. OF DAYS WITH] [WEATHER - DAYS WITH] 9 = BLOWING SNOW
X = TORNADO
MAX 32 OR BELOW: 0 0.01 INCH OR MORE: 8
MAX 90 OR ABOVE: 0 0.10 INCH OR MORE: 5
MIN 32 OR BELOW: 0 0.50 INCH OR MORE: 1
MIN 0 OR BELOW: 0 1.00 INCH OR MORE: 0
[HDD (BASE 65) ]
TOTAL THIS MO. 100 CLEAR (SCALE 0-3) 23
DPTR FM NORMAL -40 PTCLDY (SCALE 4-7) 6
TOTAL FM JUL 1 146 CLOUDY (SCALE 8-10) 1
DPTR FM NORMAL -17
[CDD (BASE 65) ]
TOTAL THIS MO. 98
DPTR FM NORMAL 45 [PRESSURE DATA]
TOTAL FM JAN 1 2828 HIGHEST SLP 30.36 ON 20
DPTR FM NORMAL 112 LOWEST SLP 29.48 ON 10
[REMARKS]
#FINAL-11-22#