000
CXUS52 KTAE 010900
CF6AAF
PRELIMINARY LOCAL CLIMATOLOGICAL DATA (WS FORM: F-6)
STATION: APALACHICOLA
MONTH: DECEMBER
YEAR: 2020
LATITUDE: 29 43 N
LONGITUDE: 85 2 W
TEMPERATURE IN F: :PCPN: SNOW: WIND :SUNSHINE: SKY :PK WND
================================================================================
1 2 3 4 5 6A 6B 7 8 9 10 11 12 13 14 15 16 17 18
12Z AVG MX 2MIN
DY MAX MIN AVG DEP HDD CDD WTR SNW DPTH SPD SPD DIR MIN PSBL S-S WX SPD DR
================================================================================
1 55 31 43 -15 22 0 0.00 0.0 0 8.2 20 10 M M 0 27 20
2 64 28 46 -12 19 0 0.00 0.0 0 5.0 15 30 M M 0 19 30
3 66 43 55 -3 10 0 0.00 0.0 M 7.1 15 110 M M 1 19 100
4 71 53 62 4 3 0 0.13 0.0 M 9.5 16 340 M M 6 1 22 10
5 66 42 54 -3 11 0 0.00 0.0 M 6.7 18 10 M M 0 24 350
6 61 50 56 -1 9 0 0.01 0.0 M 3.2 9 100 M M 5 1 12 50
7 63 43 53 -4 12 0 0.17 0.0 M 10.6 22 310 M M 3 1 28 340
8 59 35 47 -10 18 0 0.00 0.0 M 8.1 16 360 M M 0 24 360
9 64 35 50 -6 15 0 0.00 0.0 M 2.1 14 210 M M 0 17 210
10 70 42 56 0 9 0 0.00 0.0 M 2.2 10 170 M M 0 12 180
11 70 44 57 1 8 0 0.00 0.0 M 6.1 15 130 M M 1 19 140
12 73 52 63 7 2 0 0.00 0.0 M 6.8 15 160 M M 1 19 150
13 73 59 66 10 0 1 0.00 M M 6.9 14 160 M M 3 12 17 160
14 72 52 62 7 3 0 0.09 M M 11.8 26 250 M M 4 1 35 260
15 65 42 54 -1 11 0 0.00 M M 4.9 14 20 M M 1 20 20
16 69 51 60 5 5 0 1.91 0.0 M 8.4 23 130 M M 9 13 31 130
17 53 37 45 -10 20 0 0.00 0.0 M 8.4 15 310 M M 6 22 300
18 60 31 46 -8 19 0 0.00 0.0 M 7.1 16 30 M M 0 19 20
19 61 38 50 -4 15 0 0.00 0.0 M 7.7 15 70 M M 1 18 70
20 75 51 63 9 2 0 0.07 0.0 0 8.0 21 260 M M 8 1 26 260
21 62 46 54 0 11 0 0.00 0.0 0 5.6 14 330 M M 5 1 17 340
22 68 43 56 2 9 0 0.00 0.0 M 2.3 9 200 M M 0 12 200
23 69 40 55 1 10 0 0.00 0.0 M 6.7 14 120 M M 0 19 110
24 70 40 55 1 10 0 1.06 0.0 M 14.2 31 260 M M 6 13 45 270
25 53 31 42 -11 23 0 0.00 0.0 M 8.8 23 300 M M 1 32 320
26 54 26 40 -13 25 0 0.00 0.0 M 3.4 15 340 M M 0 20 330
27 55 28 42 -11 23 0 0.00 0.0 0 3.9 14 90 M M 0 20 110
28 68 36 52 -1 13 0 0.00 0.0 0 4.0 9 160 M M 1 12 40
29 68 45 57 4 8 0 0.00 0.0 M 7.4 15 100 M M 0 21 100
30 68 56 62 9 3 0 0.00 0.0 M 8.5 16 110 M M 3 22 100
31 72 63 68 15 0 3 0.01 0.0 M 10.4 18 130 M M 9 1 25 150
================================================================================
SM 2017 1313 348 4 3.45 0.0 214.0 M 74
================================================================================
AV 65.1 42.4 6.9 FASTST M M 2 MAX(MPH)
MISC ----> 31 260 45 270
================================================================================
NOTES:
# LAST OF SEVERAL OCCURRENCES
COLUMN 17 PEAK WIND IN M.P.H.
PRELIMINARY LOCAL CLIMATOLOGICAL DATA (WS FORM: F-6) , PAGE 2
STATION: APALACHICOLA
MONTH: DECEMBER
YEAR: 2020
LATITUDE: 29 43 N
LONGITUDE: 85 2 W
[TEMPERATURE DATA] [PRECIPITATION DATA] SYMBOLS USED IN COLUMN 16
AVERAGE MONTHLY: 53.7 TOTAL FOR MONTH: 3.45 1 = FOG OR MIST
DPTR FM NORMAL: -1.4 DPTR FM NORMAL: 0.14 2 = FOG REDUCING VISIBILITY
HIGHEST: 75 ON 20 GRTST 24HR 1.91 ON 16-16 TO 1/4 MILE OR LESS
LOWEST: 26 ON 26 3 = THUNDER
SNOW, ICE PELLETS, HAIL 4 = ICE PELLETS
TOTAL MONTH: 0.0 INCH 5 = HAIL
GRTST 24HR 0.0 6 = FREEZING RAIN OR DRIZZLE
GRTST DEPTH: 0 7 = DUSTSTORM OR SANDSTORM:
VSBY 1/2 MILE OR LESS
8 = SMOKE OR HAZE
[NO. OF DAYS WITH] [WEATHER - DAYS WITH] 9 = BLOWING SNOW
X = TORNADO
MAX 32 OR BELOW: 0 0.01 INCH OR MORE: 8
MAX 90 OR ABOVE: 0 0.10 INCH OR MORE: 4
MIN 32 OR BELOW: 6 0.50 INCH OR MORE: 2
MIN 0 OR BELOW: 0 1.00 INCH OR MORE: 2
[HDD (BASE 65) ]
TOTAL THIS MO. 348 CLEAR (SCALE 0-3) 21
DPTR FM NORMAL 25 PTCLDY (SCALE 4-7) 8
TOTAL FM JUL 1 396 CLOUDY (SCALE 8-10) 2
DPTR FM NORMAL -99
[CDD (BASE 65) ]
TOTAL THIS MO. 4
DPTR FM NORMAL -12 [PRESSURE DATA]
TOTAL FM JAN 1 2887 HIGHEST SLP 30.40 ON 18
DPTR FM NORMAL 266 LOWEST SLP 29.75 ON 24
[REMARKS]
#FINAL-12-20#