396
CXUS56 KMFR 011710
CF6AAT
PRELIMINARY LOCAL CLIMATOLOGICAL DATA (WS FORM: F-6)
STATION: ALTURAS CA
MONTH: DECEMBER
YEAR: 2020
LATITUDE: 41 29 N
LONGITUDE: 120 34 W
TEMPERATURE IN F: :PCPN: SNOW: WIND :SUNSHINE: SKY :PK WND
================================================================================
1 2 3 4 5 6A 6B 7 8 9 10 11 12 13 14 15 16 17 18
12Z AVG MX 2MIN
DY MAX MIN AVG DEP HDD CDD WTR SNW DPTH SPD SPD DIR MIN PSBL S-S WX SPD DR
================================================================================
1 49 11 30 -1 35 0 0.00 M M 1.8 8 40 M M 0 128 10 40
2 55 13 34 3 31 0 0.00 M M 4.4 16 180 M M 0 18 21 180
3 55 17 36 5 29 0 0.00 M M 3.2 12 60 M M 0 18 13 60
4 53 14 34 3 31 0 0.00 M M 0.8 7 90 M M 0 18 8 360
5 56 11 34 4 31 0 0.00 M M 5.2 17 170 M M 0 18 22 170
6 48 28 38 8 27 0 T M M 5.6 20 10 M M 5 24 20
7 53 18 36 6 29 0 0.00 M M 3.0 14 20 M M 0 18 21 30
8 61 10 36 6 29 0 0.00 M M 3.2 14 170 M M 0 18 19 170
9 51 14 33 3 32 0 0.00 M M 4.4 16 10 M M 1 22 20
10 49 6 28 -2 37 0 0.00 M M 4.1 20 320 M M 1 12 27 310
11 35 13 24 -6 41 0 0.16 M M 1.1 9 210 M M 5 18 12 290
12 35 19 27 -3 38 0 0.02 M M 4.2 15 290 M M 3 18 19 270
13 36 27 32 3 33 0 0.15 M M 5.1 16 180 M M 10 1 21 160
14 35 19 27 -2 38 0 0.00 M M 4.1 10 300 M M 8 1 15 280
15 37 21 29 0 36 0 0.08 M M 2.3 10 160 M M 9 1 13 160
16 42 25 34 5 31 0 0.02 M M 4.4 21 240 M M 8 12 27 250
17 40 23 32 3 33 0 T M M 6.5 18 300 M M 8 1 23 320
18 40 15 28 -1 37 0 0.00 M M 1.5 13 170 M M 1 1 18 180
19 39 18 29 0 36 0 0.00 M M 1.1 8 70 M M 1 1 8 60
20 55 25 40 11 25 0 0.00 M M 1.6 8 240 M M 4 18 9 240
21 56 18 37 8 28 0 0.05 M M 2.3 23 280 M M 1 12 32 280
22 34 13 24 -5 41 0 T M M 4.4 15 290 M M 4 18 21 290
23 39 5 22 -7 43 0 0.00 M M 3.8 12 140 M M 0 18 16 150
24 47 13 30 1 35 0 0.00 M M 5.3 16 170 M M 0 8 21 170
25 46 25 36 7 29 0 0.01 M M 11.5 26 180 M M 8 35 180
26 38 27 33 4 32 0 0.25 M M 3.5 22 280 M M 9 128 28 290
27 38 19 29 0 36 0 0.00 M M 3.7 14 80 M M 2 128 22 70
28 38 16 27 -2 38 0 0.00 M M 6.2 15 30 M M 2 21 20
29 35 5 20 -9 45 0 0.00 M M 0.5 6 60 M M 1 18 7 150
30 47 22 35 6 30 0 0.10 M M 4.2 18 220 M M 8 18 24 220
31 38 18 28 -1 37 0 T M M 2.6 10 250 M M 7 18 15 250
================================================================================
SM 1380 528 1053 0 0.84 M 115.6 M 106
================================================================================
AV 44.5 17.0 3.7 FASTST M M 3 MAX(MPH)
MISC ----> 26 180 35 180
================================================================================
NOTES:
# LAST OF SEVERAL OCCURRENCES
COLUMN 17 PEAK WIND IN M.P.H.
PRELIMINARY LOCAL CLIMATOLOGICAL DATA (WS FORM: F-6) , PAGE 2
STATION: ALTURAS CA
MONTH: DECEMBER
YEAR: 2020
LATITUDE: 41 29 N
LONGITUDE: 120 34 W
[TEMPERATURE DATA] [PRECIPITATION DATA] SYMBOLS USED IN COLUMN 16
AVERAGE MONTHLY: 30.8 TOTAL FOR MONTH: 0.84 1 = FOG OR MIST
DPTR FM NORMAL: 1.3 DPTR FM NORMAL: -0.87 2 = FOG REDUCING VISIBILITY
HIGHEST: 61 ON 8 GRTST 24HR 0.26 ON 25-26 TO 1/4 MILE OR LESS
LOWEST: 5 ON 29,23 3 = THUNDER
SNOW, ICE PELLETS, HAIL 4 = ICE PELLETS
TOTAL MONTH: M 5 = HAIL
GRTST 24HR M ON M 6 = FREEZING RAIN OR DRIZZLE
GRTST DEPTH: M ON M 7 = DUSTSTORM OR SANDSTORM:
VSBY 1/2 MILE OR LESS
8 = SMOKE OR HAZE
[NO. OF DAYS WITH] [WEATHER - DAYS WITH] 9 = BLOWING SNOW
X = TORNADO
MAX 32 OR BELOW: 0 0.01 INCH OR MORE: 9
MAX 90 OR ABOVE: 0 0.10 INCH OR MORE: 4
MIN 32 OR BELOW: 31 0.50 INCH OR MORE: 0
MIN 0 OR BELOW: 0 1.00 INCH OR MORE: 0
[HDD (BASE 65) ]
TOTAL THIS MO. 1053 CLEAR (SCALE 0-3) 18
DPTR FM NORMAL -47 PTCLDY (SCALE 4-7) 6
TOTAL FM JUL 1 2537 CLOUDY (SCALE 8-10) 7
DPTR FM NORMAL -372
[CDD (BASE 65) ]
TOTAL THIS MO. 0
DPTR FM NORMAL 0 [PRESSURE DATA]
TOTAL FM JAN 1 318 HIGHEST SLP 30.62 ON 23
DPTR FM NORMAL 162 LOWEST SLP 29.85 ON 28
[REMARKS]
#FINAL-12-20#