000
CXUS54 KSJT 011000
CF6ABI
PRELIMINARY LOCAL CLIMATOLOGICAL DATA (WS FORM: F-6)
STATION: ABILENE
MONTH: JUNE
YEAR: 2023
LATITUDE: 32 25 N
LONGITUDE: 99 41 W
TEMPERATURE IN F: :PCPN: SNOW: WIND :SUNSHINE: SKY :PK WND
================================================================================
1 2 3 4 5 6A 6B 7 8 9 10 11 12 13 14 15 16 17 18
12Z AVG MX 2MIN
DY MAX MIN AVG DEP HDD CDD WTR SNW DPTH SPD SPD DIR MIN PSBL S-S WX SPD DR
================================================================================
1 87 66 77 -2 0 12 0.17 0.0 0 13.9 26 140 M M 3 13 35 120
2 87 62 75 -4 0 10 1.60 0.0 0 13.3 32 320 M M 2 13 43 320
3 81 61 71 -8 0 6 0.00 0.0 0 4.5 12 70 M M 6 17 70
4 81 62 72 -7 0 7 0.74 0.0 0 6.7 37 300 M M 6 13 52 270
5 77 64 71 -9 0 6 0.18 0.0 0 4.4 20 50 M M 6 13 26 50
6 86 61 74 -6 0 9 0.00 0.0 0 4.6 13 130 M M 1 1 17 10
7 85 64 75 -5 0 10 0.00 0.0 0 3.9 13 200 M M 1 17 190
8 89 65 77 -3 0 12 T 0.0 0 5.7 29 270 M M 0 8 39 270
9 95 69 82 2 0 17 T 0.0 0 5.8 14 150 M M 0 20 140
10 98 69 84 4 0 19 T 0.0 M 12.0 22 260 M M 0 31 240
11 99 68 84 3 0 19 T 0.0 0 7.2 28 200 M M 1 358 39 240
12 80 69 75 -6 0 10 0.06 0.0 0 9.2 20 50 M M 5 1 28 60
13 85 68 77 -4 0 12 0.00 0.0 0 4.7 12 110 M M 6 1 14 110
14 90 72 81 0 0 16 0.01 0.0 0 5.4 12 350 M M 4 128 M M
15 96 70 83 2 0 18 0.00 0.0 0 10.9 21 150 M M 0 18 28 140
16 87 64 76 -5 0 11 0.00 0.0 0 6.6 14 330 M M 2 18 17 320
17 98 68 83 1 0 18 0.48 0.0 0 11.0 29 130 M M 1 13 40 120
18 93 73 83 1 0 18 0.00 0.0 0 9.1 25 170 M M 0 18 35 160
19 104 72 88 6 0 23 0.00 0.0 0 8.3 23 170 M M 0 32 170
20 108 81 95 13 0 30 0.00 0.0 0 8.2 14 340 M M 0 20 330
21 103 67 85 3 0 20 0.77 0.0 0 10.4 46 330 M M 0 138 74 330
22 94 68 81 -1 0 16 0.02 0.0 0 10.5 36 130 M M 0 13 45 130
23 96 75 86 4 0 21 T 0.0 0 14.5 37 200 M M 2 18 59 190
24 103 75 89 7 0 24 T 0.0 0 14.8 36 330 M M 0 3 52 340
25 106 79 93 11 0 28 0.00 0.0 M 9.9 22 190 M M 0 30 180
26 104 75 90 7 0 25 0.00 0.0 0 6.7 18 130 M M 0 23 130
27 106 81 94 11 0 29 0.00 0.0 0 8.1 16 150 M M 0 23 150
28 105 79 92 9 0 27 0.00 0.0 0 13.7 21 140 M M 0 35 150
29 100 76 88 5 0 23 0.00 0.0 0 12.3 22 150 M M 0 30 140
30 97 72 85 2 0 20 0.02 0.0 M 12.6 36 310 M M 2 38 50 310
================================================================================
SM 2820 2095 0 516 4.05 0.0 268.9 M 48
================================================================================
AV 94.0 69.8 9.0 FASTST M M 2 MAX(MPH)
MISC ----> 46 330 74 330
================================================================================
NOTES:
# LAST OF SEVERAL OCCURRENCES
COLUMN 17 PEAK WIND IN M.P.H.
PRELIMINARY LOCAL CLIMATOLOGICAL DATA (WS FORM: F-6) , PAGE 2
STATION: ABILENE
MONTH: JUNE
YEAR: 2023
LATITUDE: 32 25 N
LONGITUDE: 99 41 W
[TEMPERATURE DATA] [PRECIPITATION DATA] SYMBOLS USED IN COLUMN 16
AVERAGE MONTHLY: 81.9 TOTAL FOR MONTH: 4.05 1 = FOG OR MIST
DPTR FM NORMAL: 0.8 DPTR FM NORMAL: 0.61 2 = FOG REDUCING VISIBILITY
HIGHEST: 108 ON 20 GRTST 24HR 1.60 ON 2- 2 TO 1/4 MILE OR LESS
LOWEST: 61 ON 6, 3 3 = THUNDER
SNOW, ICE PELLETS, HAIL 4 = ICE PELLETS
TOTAL MONTH: 0.0 INCH 5 = HAIL
GRTST 24HR 0.0 6 = FREEZING RAIN OR DRIZZLE
GRTST DEPTH: 0 7 = DUSTSTORM OR SANDSTORM:
VSBY 1/2 MILE OR LESS
8 = SMOKE OR HAZE
[NO. OF DAYS WITH] [WEATHER - DAYS WITH] 9 = BLOWING SNOW
X = TORNADO
MAX 32 OR BELOW: 0 0.01 INCH OR MORE: 10
MAX 90 OR ABOVE: 19 0.10 INCH OR MORE: 6
MIN 32 OR BELOW: 0 0.50 INCH OR MORE: 3
MIN 0 OR BELOW: 0 1.00 INCH OR MORE: 1
[HDD (BASE 65) ]
TOTAL THIS MO. 0 CLEAR (SCALE 0-3) 24
DPTR FM NORMAL 0 PTCLDY (SCALE 4-7) 6
TOTAL FM JUL 1 2095 CLOUDY (SCALE 8-10) 0
DPTR FM NORMAL -225
[CDD (BASE 65) ]
TOTAL THIS MO. 516
DPTR FM NORMAL 31 [PRESSURE DATA]
TOTAL FM JAN 1 981 HIGHEST SLP 30.00 ON 5
DPTR FM NORMAL 25 LOWEST SLP 29.58 ON 15
[REMARKS]
#FINAL-06-23#