000
CXUS54 KSJT 011747
CF6ABI
PRELIMINARY LOCAL CLIMATOLOGICAL DATA (WS FORM: F-6)
STATION: ABILENE
MONTH: MAY
YEAR: 2021
LATITUDE: 32 25 N
LONGITUDE: 99 41 W
TEMPERATURE IN F: :PCPN: SNOW: WIND :SUNSHINE: SKY :PK WND
================================================================================
1 2 3 4 5 6A 6B 7 8 9 10 11 12 13 14 15 16 17 18
12Z AVG MX 2MIN
DY MAX MIN AVG DEP HDD CDD WTR SNW DPTH SPD SPD DIR MIN PSBL S-S WX SPD DR
================================================================================
1 72 61 67 -3 0 2 0.41 0.0 0 6.2 15 120 M M 10 1 18 140
2 87 56 72 2 0 7 0.00 0.0 0 9.4 18 210 M M 1 1 26 190
3 81 62 72 2 0 7 0.00 0.0 0 12.8 21 330 M M 1 30 330
4 72 54 63 -7 2 0 0.00 0.0 0 13.5 26 350 M M 4 37 350
5 79 48 64 -7 1 0 0.00 0.0 0 8.0 18 150 M M 0 24 130
6 84 50 67 -4 0 2 0.00 0.0 0 7.4 15 90 M M 0 21 90
7 86 60 73 2 0 8 0.00 0.0 0 14.8 25 160 M M 0 37 180
8 92 63 78 6 0 13 0.00 0.0 0 18.4 30 200 M M 0 42 180
9 79 61 70 -2 0 5 0.00 0.0 0 12.1 23 170 M M 1 32 180
10 62 54 58 -14 7 0 T 0.0 0 9.9 16 10 M M 10 18 22 10
11 67 55 61 -12 4 0 0.36 0.0 0 10.9 21 360 M M 10 13 28 340
12 63 51 57 -16 8 0 0.01 0.0 0 9.4 20 10 M M 10 1 25 10
13 71 57 64 -9 1 0 0.00 0.0 0 5.2 15 110 M M 7 18 110
14 81 56 69 -5 0 4 0.00 0.0 0 12.6 22 130 M M 1 30 140
15 77 64 71 -3 0 6 T 0.0 0 15.6 25 160 M M 5 35 160
16 87 66 77 3 0 12 0.00 0.0 0 10.7 24 140 M M 5 32 140
17 85 60 73 -1 0 8 1.53 0.0 0 11.7 31 50 M M 5 13 48 40
18 80 59 70 -5 0 5 0.70 0.0 0 10.9 22 130 M M 4 13 28 130
19 80 63 72 -3 0 7 0.00 0.0 0 7.7 18 140 M M 4 23 140
20 84 59 72 -3 0 7 0.00 0.0 0 9.5 17 140 M M 0 25 140
21 85 65 75 -1 0 10 0.00 0.0 0 14.5 23 120 M M 1 31 120
22 78 69 74 -2 0 9 0.04 0.0 0 14.2 23 130 M M 9 18 32 130
23 82 67 75 -1 0 10 0.00 0.0 0 16.2 26 130 M M 8 33 130
24 85 67 76 -1 0 11 0.01 0.0 0 13.5 21 140 M M 6 1 29 160
25 87 62 75 -2 0 10 1.58 0.0 0 12.3 25 350 M M 5 13 33 360
26 88 68 78 1 0 13 0.00 0.0 0 13.1 22 140 M M 1 28 140
27 89 73 81 4 0 16 0.00 0.0 0 11.9 22 190 M M 2 31 170
28 78 65 72 -6 0 7 0.00 0.0 0 9.6 22 80 M M 4 1 27 80
29 83 63 73 -5 0 8 0.00 0.0 0 10.2 17 90 M M 3 26 110
30 81 66 74 -4 0 9 0.00 0.0 0 14.3 25 110 M M 6 35 110
31 72 61 67 -11 0 2 3.56 0.0 0 9.0 31 330 M M 9 1238 45 320
================================================================================
SM 2477 1885 23 198 8.20 0.0 355.5 M 132
================================================================================
AV 79.9 60.8 11.5 FASTST M M 4 MAX(MPH)
MISC ----> # 31 50 48 40
================================================================================
NOTES:
# LAST OF SEVERAL OCCURRENCES
COLUMN 17 PEAK WIND IN M.P.H.
PRELIMINARY LOCAL CLIMATOLOGICAL DATA (WS FORM: F-6) , PAGE 2
STATION: ABILENE
MONTH: MAY
YEAR: 2021
LATITUDE: 32 25 N
LONGITUDE: 99 41 W
[TEMPERATURE DATA] [PRECIPITATION DATA] SYMBOLS USED IN COLUMN 16
AVERAGE MONTHLY: 70.4 TOTAL FOR MONTH: 8.20 1 = FOG OR MIST
DPTR FM NORMAL: -3.7 DPTR FM NORMAL: 4.99 2 = FOG REDUCING VISIBILITY
HIGHEST: 92 ON 8 GRTST 24HR 3.56 ON 31-31 TO 1/4 MILE OR LESS
LOWEST: 48 ON 5 3 = THUNDER
SNOW, ICE PELLETS, HAIL 4 = ICE PELLETS
TOTAL MONTH: 0.0 INCH 5 = HAIL
GRTST 24HR 0.0 6 = FREEZING RAIN OR DRIZZLE
GRTST DEPTH: 0 7 = DUSTSTORM OR SANDSTORM:
VSBY 1/2 MILE OR LESS
8 = SMOKE OR HAZE
[NO. OF DAYS WITH] [WEATHER - DAYS WITH] 9 = BLOWING SNOW
X = TORNADO
MAX 32 OR BELOW: 0 0.01 INCH OR MORE: 9
MAX 90 OR ABOVE: 1 0.10 INCH OR MORE: 6
MIN 32 OR BELOW: 0 0.50 INCH OR MORE: 4
MIN 0 OR BELOW: 0 1.00 INCH OR MORE: 3
[HDD (BASE 65) ]
TOTAL THIS MO. 23 CLEAR (SCALE 0-3) 13
DPTR FM NORMAL 7 PTCLDY (SCALE 4-7) 11
TOTAL FM JUL 1 2535 CLOUDY (SCALE 8-10) 7
DPTR FM NORMAL 221
[CDD (BASE 65) ]
TOTAL THIS MO. 198
DPTR FM NORMAL -100 [PRESSURE DATA]
TOTAL FM JAN 1 312 HIGHEST SLP 30.33 ON 13
DPTR FM NORMAL -159 LOWEST SLP 29.38 ON 2
[REMARKS]
#FINAL-05-21#