000
CXUS54 KSJT 011628
CLMABI
CLIMATE REPORT
NATIONAL WEATHER SERVICE SAN ANGELO TX
1128 AM CDT TUE AUG 01 2023
...................................
...THE ABILENE CLIMATE SUMMARY FOR THE MONTH OF JULY 2023...
CLIMATE NORMAL PERIOD: 1991 TO 2020
CLIMATE RECORD PERIOD: 1886 TO 2023
WEATHER OBSERVED NORMAL DEPART LAST YEAR`S
VALUE DATE(S) VALUE FROM VALUE DATE(S)
NORMAL
................................................................
TEMPERATURE (F)
RECORD
HIGH 110 07/17/1978
07/18/1886
LOW 54 07/31/1911
HIGHEST 108 07/18 MM MM 110 07/18
07/19
07/20
LOWEST 66 07/02 MM MM 67 07/15
AVG. MAXIMUM 100.1 96.4 3.7 103.7
AVG. MINIMUM 75.5 73.1 2.4 77.8
MEAN 87.8 84.7 3.1 90.7
DAYS MAX >= 90 30 26.9 3.1 31
DAYS MAX <= 32 0 0.0 0.0 0
DAYS MIN <= 32 0 0.0 0.0 0
DAYS MIN <= 0 0 0.0 0.0 0
PRECIPITATION (INCHES)
RECORD
MAXIMUM 8.30 2015
MINIMUM T 2020
TOTALS 1.80 1.92 -0.12 0.17
DAILY AVG. 0.06 0.06 -0.00 0.01
DAYS >= .01 4 4.7 -0.7 3
DAYS >= .10 2 2.8 -0.8 0
DAYS >= .50 1 1.0 0.0 0
DAYS >= 1.00 1 0.4 0.6 0
GREATEST
24 HR. TOTAL 1.63 06/30 TO 07/01
SNOWFALL (INCHES)
RECORDS
TOTAL MM 5
TOTALS 0.0 0.0 0.0 0.0
SINCE 7/1 0.0 0.0 0.0 MM
SNOWDEPTH AVG. 0 0
DAYS >= 1.0 0 0.0 0.0 0
GREATEST
SNOW DEPTH 0 0 MM
24 HR TOTAL 0.0
DEGREE DAYS
HEATING TOTAL 0 0 0 0
SINCE 7/1 0 0 0 MM
COOLING TOTAL 713 612 101 806
SINCE 1/1 1694 1568 126 MM
................................................................
WIND (MPH)
AVERAGE WIND SPEED 9.5
HIGHEST WIND SPEED/DIRECTION 32/090 DATE 07/01
HIGHEST GUST SPEED/DIRECTION 49/100 DATE 07/01
SKY COVER
AVERAGE SKY COVER 0.05
AVERAGE RH (PERCENT) 49
WEATHER CONDITIONS. NUMBER OF DAYS WITH
THUNDERSTORM 5 MIXED PRECIP 0
HEAVY RAIN 1 RAIN 2
LIGHT RAIN 6 FREEZING RAIN 0
LT FREEZING RAIN 0 HAIL 0
HEAVY SNOW 0 SNOW 0
LIGHT SNOW 0 SLEET 0
FOG 2 FOG W/VIS <= 1/4 MILE 0
HAZE 6
- INDICATES NEGATIVE NUMBERS.
R INDICATES RECORD WAS SET OR TIED.
MM INDICATES DATA IS MISSING.
T INDICATES TRACE AMOUNT.
$$