532
CXUS55 KABQ 011118
CF6ABQ
PRELIMINARY LOCAL CLIMATOLOGICAL DATA (WS FORM: F-6)
STATION: ALBUQUERQUE NM
MONTH: MAY
YEAR: 2020
LATITUDE: 35 2 N
LONGITUDE: 106 37 W
TEMPERATURE IN F: :PCPN: SNOW: WIND :SUNSHINE: SKY :PK WND
================================================================================
1 2 3 4 5 6A 6B 7 8 9 10 11 12 13 14 15 16 17 18
12Z AVG MX 2MIN
DY MAX MIN AVG DEP HDD CDD WTR SNW DPTH SPD SPD DIR MIN PSBL S-S WX SPD DR
================================================================================
1 88 59 74 13 0 9 0.00 0.0 0 7.5 21 260 M M 4 26 260
2 88 54 71 10 0 6 0.00 0.0 0 9.2 25 280 M M 1 30 280
3 87 52 70 8 0 5 0.00 0.0 0 8.2 24 270 M M 1 33 270
4 85 56 71 9 0 6 0.00 0.0 0 11.8 26 270 M M 1 35 310
5 80 54 67 5 0 2 0.00 0.0 0 12.0 28 90 M M 1 36 90
6 86 53 70 8 0 5 0.00 0.0 0 7.9 17 160 M M 2 25 160
7 90 59 75 12 0 10 0.00 0.0 0 12.3 28 310 M M 7 38 260
8 72 53 63 0 2 0 0.00 0.0 0 18.3 30 100 M M 7 8 39 100
9 84 48 66 2 0 1 0.00 0.0 0 9.0 35 100 M M 3 46 100
10 79 53 66 2 0 1 0.00 0.0 0 15.0 38 100 M M 7 45 100
11 75 57 66 2 0 1 0.04 0.0 0 8.6 24 150 M M 7 3 36 170
12 83 48 66 2 0 1 T 0.0 0 7.2 38 190 M M 3 52 190
13 83 50 67 2 0 2 0.00 0.0 0 10.6 24 270 M M 2 29 240
14 82 51 67 2 0 2 0.00 0.0 0 7.6 22 220 M M 5 26 240
15 82 52 67 2 0 2 0.00 0.0 0 5.7 18 280 M M 4 23 280
16 86 52 69 3 0 4 0.00 0.0 0 4.0 14 280 M M 2 18 280
17 87 61 74 8 0 9 0.00 0.0 0 13.8 32 90 M M 4 8 40 90
18 92 60 76 10 0 11 0.00 0.0 0 6.7 22 180 M M 2 27 170
19 91 57 74 7 0 9 0.00 0.0 0 10.8 29 210 M M 5 38 190
20 83 53 68 1 0 3 0.00 0.0 0 8.8 23 230 M M 3 31 250
21 79 46 63 -4 2 0 0.00 0.0 0 7.3 23 290 M M 1 27 280
22 82 44 63 -5 2 0 0.00 0.0 0 8.4 25 170 M M 4 30 160
23 83 55 69 1 0 4 0.00 0.0 0 8.9 22 300 M M 6 27 200
24 81 53 67 -1 0 2 0.00 0.0 0 11.6 25 250 M M 4 32 270
25 75 56 66 -2 0 1 0.00 0.0 0 14.5 30 90 M M 5 8 38 90
26 85 50 68 -1 0 3 0.00 0.0 0 7.2 22 310 M M 2 25 310
27 89 58 74 5 0 9 0.00 0.0 0 6.9 25 40 M M 4 37 20
28 90 65 78 9 0 13 0.00 0.0 0 13.1 30 80 M M 5 36 80
29 90 65 78 8 0 13 0.00 0.0 0 10.4 26 90 M M 4 32 90
30 92 66 79 9 0 14 0.09 0.0 0 11.9 35 80 M M 6 3 41 80
31 89 64 77 7 0 12 T 0.0 0 9.1 26 270 M M 8 3 34 280
================================================================================
SM 2618 1704 6 160 0.13 0.0 304.3 M 120
================================================================================
AV 84.5 55.0 9.8 FASTST M M 4 MAX(MPH)
MISC ----> # 38 100 # 52 190
================================================================================
NOTES:
# LAST OF SEVERAL OCCURRENCES
COLUMN 17 PEAK WIND IN M.P.H.
PRELIMINARY LOCAL CLIMATOLOGICAL DATA (WS FORM: F-6) , PAGE 2
STATION: ALBUQUERQUE NM
MONTH: MAY
YEAR: 2020
LATITUDE: 35 2 N
LONGITUDE: 106 37 W
[TEMPERATURE DATA] [PRECIPITATION DATA] SYMBOLS USED IN COLUMN 16
AVERAGE MONTHLY: 69.7 TOTAL FOR MONTH: 0.13 1 = FOG OR MIST
DPTR FM NORMAL: 4.1 DPTR FM NORMAL: -0.37 2 = FOG REDUCING VISIBILITY
HIGHEST: 92 ON 30,18 GRTST 24HR 0.09 ON 30-30 TO 1/4 MILE OR LESS
LOWEST: 44 ON 22 3 = THUNDER
SNOW, ICE PELLETS, HAIL 4 = ICE PELLETS
TOTAL MONTH: 0.0 INCH 5 = HAIL
GRTST 24HR 0.0 6 = FREEZING RAIN OR DRIZZLE
GRTST DEPTH: 0 7 = DUSTSTORM OR SANDSTORM:
VSBY 1/2 MILE OR LESS
8 = SMOKE OR HAZE
[NO. OF DAYS WITH] [WEATHER - DAYS WITH] 9 = BLOWING SNOW
X = TORNADO
MAX 32 OR BELOW: 0 0.01 INCH OR MORE: 2
MAX 90 OR ABOVE: 6 0.10 INCH OR MORE: 0
MIN 32 OR BELOW: 0 0.50 INCH OR MORE: 0
MIN 0 OR BELOW: 0 1.00 INCH OR MORE: 0
[HDD (BASE 65) ]
TOTAL THIS MO. 6 CLEAR (SCALE 0-3) 12
DPTR FM NORMAL -65 PTCLDY (SCALE 4-7) 19
TOTAL FM JUL 1 3931 CLOUDY (SCALE 8-10) 0
DPTR FM NORMAL -244
[CDD (BASE 65) ]
TOTAL THIS MO. 160
DPTR FM NORMAL 69 [PRESSURE DATA]
TOTAL FM JAN 1 179 HIGHEST SLP 30.11 ON 29
DPTR FM NORMAL 81 LOWEST SLP 29.55 ON 23
[REMARKS]
#FINAL-05-20#