000
CXUS53 KABR 011435
CF6ABR
PRELIMINARY LOCAL CLIMATOLOGICAL DATA (WS FORM: F-6)
STATION: ABERDEEN SD
MONTH: NOVEMBER
YEAR: 2022
LATITUDE: 45 27 N
LONGITUDE: 98 26 W
TEMPERATURE IN F: :PCPN: SNOW: WIND :SUNSHINE: SKY :PK WND
================================================================================
1 2 3 4 5 6A 6B 7 8 9 10 11 12 13 14 15 16 17 18
12Z AVG MX 2MIN
DY MAX MIN AVG DEP HDD CDD WTR SNW DPTH SPD SPD DIR MIN PSBL S-S WX SPD DR
================================================================================
1 75 28 52 14 13 0 0.00 0.0 0 7.1 22 170 M M 0 8 30 170
2 73 44 59 21 6 0 0.00 0.0 0 17.3 31 180 M M 0 8 41 180
3 51 35 43 6 22 0 0.00 0.0 0 16.6 32 360 M M 7 43 350
4 45 15 30 -6 35 0 0.00 0.0 0 5.4 21 340 M M 4 8 27 330
5 50 10 30 -6 35 0 T 0.0 0 8.3 20 170 M M 3 18 25 180
6 50 24 37 1 28 0 0.00 0.0 0 20.3 39 290 M M 2 8 54 290
7 37 9 23 -12 42 0 0.02 0.2 0 7.4 21 110 M M 5 1 29 110
8 55 35 45 11 20 0 0.00 0.0 0 13.6 28 160 M M 8 38 160
9 43 32 38 4 27 0 0.35 T 0 17.8 28 20 M M 10 136 39 10
10 30 16 23 -11 42 0 0.21 T 0 20.5 28 30 M M 6 16 41 20
11 20 9 15 -18 50 0 T T T M M M M M 0 M M
12 17 11 14 -18 51 0 T T T 4.1 12 340 M M 5 1 16 360
13 28 14 21 -11 44 0 T T T 7.8 16 90 M M 9 20 110
14 24 14 19 -13 46 0 0.08 2.3 2 5.9 12 340 M M 9 1 14 340
15 24 19 22 -9 43 0 0.02 0.6 2 13.8 22 340 M M 10 1 31 340
16 30 5 18 -13 47 0 T T 2 11.3 24 340 M M 7 18 34 330
17 30 12 21 -9 44 0 T 0.2 2 21.2 31 320 M M 10 18 40 320
18 25 6 16 -14 49 0 T T 2 17.8 26 330 M M 7 37 290
19 23 13 18 -11 47 0 0.00 0.0 2 13.6 28 320 M M 4 35 310
20 32 9 21 -8 44 0 0.00 0.0 1 8.8 15 270 M M 0 20 290
21 28 13 21 -7 44 0 0.00 0.0 1 6.3 13 10 M M 2 17 10
22 39 13 26 -2 39 0 0.00 0.0 1 6.0 10 250 M M 1 13 260
23 53 21 37 10 28 0 0.00 0.0 T 6.9 14 170 M M 0 19 170
24 44 25 35 8 30 0 0.00 0.0 0 9.5 16 320 M M 0 20 310
25 53 24 39 13 26 0 0.00 0.0 0 9.2 16 210 M M 0 20 220
26 48 24 36 10 29 0 0.00 0.0 0 11.0 25 360 M M 0 34 10
27 40 15 28 2 37 0 0.00 0.0 0 7.8 17 160 M M 0 23 150
28 41 21 31 6 34 0 0.00 0.0 0 10.4 23 300 M M 2 32 310
29 26 17 22 -3 43 0 0.00 0.0 0 16.3 29 310 M M 3 39 300
30 24 6 15 -9 50 0 T T 0 13.8 28 310 M M 3 35 290
================================================================================
SM 1158 539 1095 0 0.68 3.3 335.8 M 117
================================================================================
AV 38.6 18.0 11.6 FASTST M M 4 MAX(MPH)
MISC ----> 39 290 54 290
================================================================================
NOTES:
# LAST OF SEVERAL OCCURRENCES
COLUMN 17 PEAK WIND IN M.P.H.
PRELIMINARY LOCAL CLIMATOLOGICAL DATA (WS FORM: F-6) , PAGE 2
STATION: ABERDEEN SD
MONTH: NOVEMBER
YEAR: 2022
LATITUDE: 45 27 N
LONGITUDE: 98 26 W
[TEMPERATURE DATA] [PRECIPITATION DATA] SYMBOLS USED IN COLUMN 16
AVERAGE MONTHLY: 28.3 TOTAL FOR MONTH: 0.68 1 = FOG OR MIST
DPTR FM NORMAL: -2.6 DPTR FM NORMAL: -0.06 2 = FOG REDUCING VISIBILITY
HIGHEST: 75 ON 1 GRTST 24HR 0.53 ON 9-10 TO 1/4 MILE OR LESS
LOWEST: 5 ON 16 3 = THUNDER
SNOW, ICE PELLETS, HAIL 4 = ICE PELLETS
TOTAL MONTH: 3.3 INCHES 5 = HAIL
GRTST 24HR 2.3 ON 14-14 6 = FREEZING RAIN OR DRIZZLE
GRTST DEPTH: 2 ON 19,18 7 = DUSTSTORM OR SANDSTORM:
VSBY 1/2 MILE OR LESS
8 = SMOKE OR HAZE
[NO. OF DAYS WITH] [WEATHER - DAYS WITH] 9 = BLOWING SNOW
X = TORNADO
MAX 32 OR BELOW: 14 0.01 INCH OR MORE: 5
MAX 90 OR ABOVE: 0 0.10 INCH OR MORE: 2
MIN 32 OR BELOW: 27 0.50 INCH OR MORE: 0
MIN 0 OR BELOW: 0 1.00 INCH OR MORE: 0
[HDD (BASE 65) ]
TOTAL THIS MO. 1095 CLEAR (SCALE 0-3) 15
DPTR FM NORMAL 73 PTCLDY (SCALE 4-7) 9
TOTAL FM JUL 1 1733 CLOUDY (SCALE 8-10) 6
DPTR FM NORMAL -86
[CDD (BASE 65) ]
TOTAL THIS MO. 0
DPTR FM NORMAL 0 [PRESSURE DATA]
TOTAL FM JAN 1 837 HIGHEST SLP 30.62 ON 7
DPTR FM NORMAL 207 LOWEST SLP 29.33 ON 5
[REMARKS]
#FINAL-11-22#