000
CXUS53 KABR 011100
CF6ABR
PRELIMINARY LOCAL CLIMATOLOGICAL DATA (WS FORM: F-6)
STATION: ABERDEEN SD
MONTH: JULY
YEAR: 2023
LATITUDE: 45 27 N
LONGITUDE: 98 26 W
TEMPERATURE IN F: :PCPN: SNOW: WIND :SUNSHINE: SKY :PK WND
================================================================================
1 2 3 4 5 6A 6B 7 8 9 10 11 12 13 14 15 16 17 18
12Z AVG MX 2MIN
DY MAX MIN AVG DEP HDD CDD WTR SNW DPTH SPD SPD DIR MIN PSBL S-S WX SPD DR
================================================================================
1 90 62 76 5 0 11 0.00 0.0 0 4.5 12 170 M M 3 18 15 250
2 94 63 79 8 0 14 0.00 0.0 0 8.9 18 190 M M 0 1 26 170
3 87 65 76 5 0 11 0.30 0.0 0 10.6 23 90 M M 3 3 33 240
4 79 62 71 -1 0 6 0.89 0.0 0 10.8 24 30 M M 8 13 32 20
5 71 50 61 -11 4 0 0.00 0.0 0 8.0 17 340 M M 3 24 350
6 80 44 62 -10 3 0 0.00 0.0 0 6.5 15 200 M M 0 1 23 230
7 79 55 67 -5 0 2 0.05 0.0 0 8.0 20 190 M M 3 13 26 320
8 79 50 65 -7 0 0 0.00 0.0 0 4.6 10 230 M M 1 1 15 200
9 88 54 71 -1 0 6 0.00 0.0 0 10.4 21 240 M M 0 30 250
10 84 57 71 -1 0 6 0.00 0.0 0 7.6 18 30 M M 0 25 20
11 69 52 61 -11 4 0 0.17 0.0 0 8.0 18 70 M M 4 13 24 60
12 79 55 67 -5 0 2 0.01 0.0 0 5.2 18 110 M M 4 3 25 110
13 91 55 73 1 0 8 0.00 0.0 0 7.0 23 290 M M 0 12 31 290
14 82 59 71 -1 0 6 0.00 0.0 0 8.7 18 310 M M 1 18 27 330
15 78 57 68 -5 0 3 0.00 0.0 0 9.9 20 320 M M 3 18 28 330
16 79 54 67 -6 0 2 0.00 0.0 0 10.3 20 330 M M 1 18 29 320
17 77 48 63 -10 2 0 0.00 0.0 0 3.7 12 100 M M 0 19 340
18 83 55 69 -4 0 4 T 0.0 0 9.1 20 160 M M 2 28 170
19 88 55 72 -1 0 7 T 0.0 0 11.7 25 320 M M 1 123 35 300
20 83 59 71 -2 0 6 0.00 0.0 0 8.5 16 10 M M 2 8 24 340
21 87 59 73 0 0 8 0.00 0.0 0 3.9 15 340 M M 3 1 18 340
22 90 54 72 -1 0 7 0.00 0.0 0 5.4 16 350 M M 1 18 22 350
23 90 57 74 1 0 9 0.00 0.0 0 5.3 15 150 M M 0 18 22 170
24 95 62 79 6 0 14 0.00 0.0 0 5.5 10 150 M M 0 18 18 120
25 94 64 79 6 0 14 T 0.0 0 9.1 22 160 M M 0 18 29 170
26 101 65 83 10 0 18 0.00 0.0 0 6.5 20 90 M M 0 13 25 100
27 94 67 81 9 0 16 0.00 0.0 0 9.5 21 30 M M 0 1 27 70
28 84 63 74 2 0 9 0.06 0.0 0 9.2 29 340 M M 2 3 36 340
29 79 58 69 -3 0 4 0.00 0.0 0 9.1 16 20 M M 0 23 30
30 82 55 69 -3 0 4 0.14 0.0 0 6.2 12 100 M M 2 1 16 90
31 89 60 75 3 0 10 0.00 0.0 0 7.6 16 160 M M 2 22 160
================================================================================
SM 2625 1775 13 207 1.62 0.0 239.3 M 49
================================================================================
AV 84.7 57.3 7.7 FASTST M M 2 MAX(MPH)
MISC ----> 29 340 36 340
================================================================================
NOTES:
# LAST OF SEVERAL OCCURRENCES
COLUMN 17 PEAK WIND IN M.P.H.
PRELIMINARY LOCAL CLIMATOLOGICAL DATA (WS FORM: F-6) , PAGE 2
STATION: ABERDEEN SD
MONTH: JULY
YEAR: 2023
LATITUDE: 45 27 N
LONGITUDE: 98 26 W
[TEMPERATURE DATA] [PRECIPITATION DATA] SYMBOLS USED IN COLUMN 16
AVERAGE MONTHLY: 71.0 TOTAL FOR MONTH: 1.62 1 = FOG OR MIST
DPTR FM NORMAL: -1.3 DPTR FM NORMAL: -1.47 2 = FOG REDUCING VISIBILITY
HIGHEST: 101 ON 26 GRTST 24HR 1.19 ON 3- 4 TO 1/4 MILE OR LESS
LOWEST: 44 ON 6 3 = THUNDER
SNOW, ICE PELLETS, HAIL 4 = ICE PELLETS
TOTAL MONTH: 0.0 INCH 5 = HAIL
GRTST 24HR 0.0 6 = FREEZING RAIN OR DRIZZLE
GRTST DEPTH: 0 7 = DUSTSTORM OR SANDSTORM:
VSBY 1/2 MILE OR LESS
8 = SMOKE OR HAZE
[NO. OF DAYS WITH] [WEATHER - DAYS WITH] 9 = BLOWING SNOW
X = TORNADO
MAX 32 OR BELOW: 0 0.01 INCH OR MORE: 7
MAX 90 OR ABOVE: 9 0.10 INCH OR MORE: 4
MIN 32 OR BELOW: 0 0.50 INCH OR MORE: 1
MIN 0 OR BELOW: 0 1.00 INCH OR MORE: 0
[HDD (BASE 65) ]
TOTAL THIS MO. 13 CLEAR (SCALE 0-3) 24
DPTR FM NORMAL 3 PTCLDY (SCALE 4-7) 7
TOTAL FM JUL 1 13 CLOUDY (SCALE 8-10) 0
DPTR FM NORMAL 11
[CDD (BASE 65) ]
TOTAL THIS MO. 207
DPTR FM NORMAL -29 [PRESSURE DATA]
TOTAL FM JAN 1 574 HIGHEST SLP 30.26 ON 29
DPTR FM NORMAL 176 LOWEST SLP 29.68 ON 13
[REMARKS]
#FINAL-07-23#