000
CXAK58 PADQ 011155
CLMADQ
CLIMATE REPORT
NATIONAL WEATHER SERVICE ANCHORAGE, AK
355 AM AKDT THU JUN 01 2023
...................................
...THE KODIAK CLIMATE SUMMARY FOR THE MONTH OF MAY 2023...
CLIMATE NORMAL PERIOD: 1991 TO 2020
CLIMATE RECORD PERIOD: 1913 TO 2023
WEATHER OBSERVED NORMAL DEPART LAST YEAR`S
VALUE DATE(S) VALUE FROM VALUE
NORMAL
..............................................................
TEMPERATURE (F)
RECORD
HIGH 80 MM
LOW 28 05/06/2021
05/06/2021
HIGHEST 56 MM MM 74
LOWEST 29 MM MM 33
AVG. MAXIMUM 47.5 51.7 -4.2 54.1
AVG. MINIMUM 39.1 39.9 -0.8 40.8
MEAN 43.3 45.8 -2.5 47.5
DAYS MAX >= 90 0 0.0 0.0 2
DAYS MAX <= 32 0 0.0 0.0 0
DAYS MIN <= 32 2 2.6 -0.6 0
DAYS MIN <= 0 0 0.0 0.0 0
PRECIPITATION (INCHES)
RECORD
MAXIMUM 8.52 2021
MINIMUM 3.06 2022
TOTALS 10.64 5.85 4.79 3.06
DAILY AVG. 0.34 0.19 0.15 0.10
DAYS >= .01 26 16.5 9.5 12
DAYS >= .10 18 10.4 7.6 9
DAYS >= .50 9 4.4 4.6 1
DAYS >= 1.00 4 1.4 2.6 0
GREATEST
24 HR. TOTAL 2.22 05/09 TO 05/10 0.76
STORM TOTAL 1.64 0.53
(MM/DD(HH))
DEGREE DAYS
HEATING TOTAL 664 595 69 538
SINCE 7/1 7770 7907 -137 MM
COOLING TOTAL 0 0 0 0
SINCE 1/1 0 0 0 MM
FREEZE DATES
RECORD
EARLIEST MM
LATEST MM
EARLIEST 10/27
LATEST 04/26
..............................................................
WIND (MPH)
AVERAGE WIND SPEED 11.6
RESULTANT WIND SPEED/DIRECTION 6/070
HIGHEST WIND SPEED/DIRECTION 36/100 DATE 05/08
HIGHEST GUST SPEED/DIRECTION 43/100 DATE 05/08
SKY COVER
POSSIBLE SUNSHINE (PERCENT) MM
AVERAGE SKY COVER 0.88
NUMBER OF DAYS FAIR 1
NUMBER OF DAYS PC 4
NUMBER OF DAYS CLOUDY 26
AVERAGE RH (PERCENT) 80
WEATHER CONDITIONS. NUMBER OF DAYS WITH
THUNDERSTORM 0 MIXED PRECIP 0
HEAVY RAIN 0 RAIN 13
LIGHT RAIN 27 FREEZING RAIN 0
LT FREEZING RAIN 0 HAIL 0
HEAVY SNOW 0 SNOW 0
LIGHT SNOW 2 SLEET 0
FOG 26 FOG W/VIS <= 1/4 MILE 4
HAZE 3
- INDICATES NEGATIVE NUMBERS.
R INDICATES RECORD WAS SET OR TIED.
MM INDICATES DATA IS MISSING.
T INDICATES TRACE AMOUNT.
$$