000
CXUS54 KFWD 072133
CF6AFW
PRELIMINARY LOCAL CLIMATOLOGICAL DATA (WS FORM: F-6)
STATION: FORT WORTH ALLIANCE
MONTH: MARCH
YEAR: 2022
LATITUDE: 32 58 N
LONGITUDE: 97 19 W
TEMPERATURE IN F: :PCPN: SNOW: WIND :SUNSHINE: SKY :PK WND
================================================================================
1 2 3 4 5 6A 6B 7 8 9 10 11 12 13 14 15 16 17 18
12Z AVG MX 2MIN
DY MAX MIN AVG DEP HDD CDD WTR SNW DPTH SPD SPD DIR MIN PSBL S-S WX SPD DR
================================================================================
1 74 35 55 1 10 0 0.00 M M 4.7 12 200 M M 6 18 210
2 78 39 59 5 6 0 0.00 M M 5.5 13 190 M M 5 21 160
3 79 42 61 7 4 0 0.00 M M 5.8 13 160 M M 4 8 18 150
4 72 53 63 8 2 0 0.00 M M 14.2 26 160 M M 8 18 36 160
5 81 63 72 17 0 7 0.00 M M 17.2 27 190 M M 7 38 180
6 80 37 59 4 6 0 0.17 M M 16.7 29 190 M M 9 1 37 180
7 52 35 44 -12 21 0 T M M 13.1 25 340 M M 8 32 340
8 48 30 39 -17 26 0 0.01 M M 6.0 15 10 M M 6 34 23 70
9 59 27 43 -13 22 0 0.00 M M 5.7 14 90 M M 1 23 110
10 67 37 52 -4 13 0 0.00 M M 8.7 20 340 M M 1 24 340
11 39 27 33 -24 32 0 0.02 M M 18.2 30 360 M M 8 6 40 360
12 58 24 41 -16 24 0 0.00 M M 6.8 16 170 M M 0 21 150
13 67 37 52 -6 13 0 0.00 M M 17.2 28 160 M M 2 37 170
14 80 49 65 7 0 0 T M M 16.1 30 180 M M 7 3 38 190
15 74 47 61 3 4 0 0.00 M M 11.4 23 340 M M 3 30 360
16 81 47 64 6 1 0 0.00 M M 10.5 21 170 M M 2 29 160
17 78 55 67 8 0 2 0.14 M M 20.2 38 180 M M 4 13 47 190
18 67 45 56 -3 9 0 0.00 M M 17.5 32 310 M M 6 45 300
19 76 39 58 -1 7 0 0.00 M M 6.1 16 210 M M 1 22 230
20 81 50 66 6 0 1 0.00 M M 16.1 30 160 M M 4 40 160
21 74 55 65 5 0 0 0.56 M M 17.3 35 160 M M 9 1238 42 170
22 56 44 50 -10 15 0 T M M 15.9 28 320 M M 9 38 310
23 63 42 53 -7 12 0 0.00 M M 14.0 29 300 M M 4 42 290
24 67 33 50 -11 15 0 0.00 M M 8.5 22 310 M M 1 41 330
25 81 41 61 0 4 0 0.00 M M 4.0 9 140 M M 0 13 100
26 85 47 66 5 0 1 0.00 M M 7.2 15 200 M M 0 20 200
27 93 50 72 10 0 7 0.00 M M 10.7 26 160 M M 4 37 160
28 86 58 72 10 0 7 0.00 M M 17.3 28 160 M M 4 35 160
29 79 66 73 11 0 8 T M M 24.0 40 170 M M 9 8 51 180
30 74 45 60 -2 5 0 0.42 M M 12.2 30 190 M M 6 13 42 190
31 69 43 56 -7 9 0 T M M 7.1 24 280 M M 4 8 33 280
================================================================================
SM 2218 1342 260 33 1.32 M 375.9 M 142
================================================================================
AV 71.5 43.3 12.1 FASTST M M 5 MAX(MPH)
MISC ----> 40 170 51 180
================================================================================
NOTES:
# LAST OF SEVERAL OCCURRENCES
COLUMN 17 PEAK WIND IN M.P.H.
PRELIMINARY LOCAL CLIMATOLOGICAL DATA (WS FORM: F-6) , PAGE 2
STATION: FORT WORTH ALLIANCE
MONTH: MARCH
YEAR: 2022
LATITUDE: 32 58 N
LONGITUDE: 97 19 W
[TEMPERATURE DATA] [PRECIPITATION DATA] SYMBOLS USED IN COLUMN 16
AVERAGE MONTHLY: 57.4 TOTAL FOR MONTH: 1.32 1 = FOG OR MIST
DPTR FM NORMAL: -1.0 DPTR FM NORMAL: -1.55 2 = FOG REDUCING VISIBILITY
HIGHEST: 93 ON 27 GRTST 24HR 0.56 ON 21-21 TO 1/4 MILE OR LESS
LOWEST: 24 ON 12 3 = THUNDER
SNOW, ICE PELLETS, HAIL 4 = ICE PELLETS
TOTAL MONTH: M 5 = HAIL
GRTST 24HR M ON M 6 = FREEZING RAIN OR DRIZZLE
GRTST DEPTH: M ON M 7 = DUSTSTORM OR SANDSTORM:
VSBY 1/2 MILE OR LESS
8 = SMOKE OR HAZE
[NO. OF DAYS WITH] [WEATHER - DAYS WITH] 9 = BLOWING SNOW
X = TORNADO
MAX 32 OR BELOW: 0 0.01 INCH OR MORE: 6
MAX 90 OR ABOVE: 1 0.10 INCH OR MORE: 4
MIN 32 OR BELOW: 4 0.50 INCH OR MORE: 1
MIN 0 OR BELOW: 0 1.00 INCH OR MORE: 0
[HDD (BASE 65) ]
TOTAL THIS MO. 260 CLEAR (SCALE 0-3) 10
DPTR FM NORMAL 12 PTCLDY (SCALE 4-7) 17
TOTAL FM JUL 1 1903 CLOUDY (SCALE 8-10) 4
DPTR FM NORMAL -212
[CDD (BASE 65) ]
TOTAL THIS MO. 33
DPTR FM NORMAL -8 [PRESSURE DATA]
TOTAL FM JAN 1 40 HIGHEST SLP 30.52 ON 12
DPTR FM NORMAL -14 LOWEST SLP 29.40 ON 30
[REMARKS]
#FINAL-03-22#