000
CXUS54 KFWD 010730
CF6AFW
PRELIMINARY LOCAL CLIMATOLOGICAL DATA (WS FORM: F-6)
STATION: FORT WORTH ALLIANCE
MONTH: OCTOBER
YEAR: 2021
LATITUDE: 32 58 N
LONGITUDE: 97 19 W
TEMPERATURE IN F: :PCPN: SNOW: WIND :SUNSHINE: SKY :PK WND
================================================================================
1 2 3 4 5 6A 6B 7 8 9 10 11 12 13 14 15 16 17 18
12Z AVG MX 2MIN
DY MAX MIN AVG DEP HDD CDD WTR SNW DPTH SPD SPD DIR MIN PSBL S-S WX SPD DR
================================================================================
1 79 66 73 0 0 8 0.05 M M 5.6 15 120 M M 8 23 130
2 85 66 76 3 0 11 0.00 M M 6.2 14 270 M M 7 1 19 260
3 87 64 76 4 0 11 0.00 M M 5.3 16 330 M M 3 8 22 10
4 90 57 74 2 0 9 0.00 M M 5.5 22 30 M M 1 8 35 30
5 88 57 73 1 0 8 0.00 M M 7.9 15 40 M M 1 8 33 100
6 87 56 72 1 0 7 0.00 M M 3.5 10 60 M M 0 14 70
7 92 59 76 5 0 11 0.00 M M 8.9 18 160 M M 2 24 170
8 93 70 82 11 0 17 0.00 M M 14.4 23 180 M M 3 30 170
9 93 70 82 12 0 17 0.00 M M 15.8 23 170 M M 4 31 170
10 92 64 78 8 0 13 0.77 M M 20.6 37 170 M M 5 38 53 280
11 82 58 70 0 0 5 0.00 M M 5.6 22 270 M M 0 32 280
12 86 62 74 5 0 9 T M M 15.4 30 170 M M 7 40 170
13 80 62 71 2 0 6 0.77 M M 13.7 31 180 M M 10 13 44 180
14 81 66 74 6 0 9 0.00 M M 7.7 18 190 M M 7 1 23 190
15 76 51 64 -4 1 0 T M M 13.0 25 360 M M 3 33 330
16 74 47 61 -7 4 0 0.00 M M 6.8 18 360 M M 0 24 340
17 74 47 61 -6 4 0 0.00 M M 2.8 13 140 M M 5 8 15 140
18 76 47 62 -5 3 0 0.00 M M 8.6 21 160 M M 3 26 170
19 81 59 70 4 0 5 0.00 M M 14.4 24 160 M M 5 32 130
20 82 64 73 7 0 8 0.00 M M 8.6 17 160 M M 6 26 150
21 83 60 72 6 0 7 0.00 M M 7.3 14 40 M M 3 20 30
22 85 56 71 6 0 6 0.00 M M 6.5 16 180 M M 2 21 110
23 87 64 76 11 0 11 0.00 M M 15.6 28 170 M M 3 37 170
24 88 64 76 11 0 11 0.00 M M 14.4 28 170 M M 6 40 170
25 86 57 72 8 0 7 0.00 M M 6.1 13 110 M M 1 19 110
26 86 71 79 15 0 14 0.00 M M 18.2 33 170 M M 6 46 160
27 78 57 68 4 0 3 0.67 M M 13.1 38 260 M M 6 138 52 250
28 72 54 63 0 2 0 0.00 M M 22.8 40 330 M M 1 56 330
29 71 49 60 -3 5 0 0.00 M M 17.9 33 330 M M 0 43 330
30 76 45 61 -1 4 0 0.00 M M 4.6 9 150 M M 0 14 260
31 80 49 65 3 0 0 0.00 M M 6.4 14 100 M M 0 26 120
================================================================================
SM 2570 1818 23 213 2.26 M 323.2 M 108
================================================================================
AV 82.9 58.6 10.4 FASTST M M 3 MAX(MPH)
MISC ----> 40 330 56 330
================================================================================
NOTES:
# LAST OF SEVERAL OCCURRENCES
COLUMN 17 PEAK WIND IN M.P.H.
PRELIMINARY LOCAL CLIMATOLOGICAL DATA (WS FORM: F-6) , PAGE 2
STATION: FORT WORTH ALLIANCE
MONTH: OCTOBER
YEAR: 2021
LATITUDE: 32 58 N
LONGITUDE: 97 19 W
[TEMPERATURE DATA] [PRECIPITATION DATA] SYMBOLS USED IN COLUMN 16
AVERAGE MONTHLY: 70.8 TOTAL FOR MONTH: 2.26 1 = FOG OR MIST
DPTR FM NORMAL: 3.1 DPTR FM NORMAL: -1.80 2 = FOG REDUCING VISIBILITY
HIGHEST: 93 ON 9, 8 GRTST 24HR 0.77 ON 10-10 TO 1/4 MILE OR LESS
LOWEST: 45 ON 30 3 = THUNDER
SNOW, ICE PELLETS, HAIL 4 = ICE PELLETS
TOTAL MONTH: M 5 = HAIL
GRTST 24HR M ON M 6 = FREEZING RAIN OR DRIZZLE
GRTST DEPTH: M ON M 7 = DUSTSTORM OR SANDSTORM:
VSBY 1/2 MILE OR LESS
8 = SMOKE OR HAZE
[NO. OF DAYS WITH] [WEATHER - DAYS WITH] 9 = BLOWING SNOW
X = TORNADO
MAX 32 OR BELOW: 0 0.01 INCH OR MORE: 4
MAX 90 OR ABOVE: 5 0.10 INCH OR MORE: 3
MIN 32 OR BELOW: 0 0.50 INCH OR MORE: 3
MIN 0 OR BELOW: 0 1.00 INCH OR MORE: 0
[HDD (BASE 65) ]
TOTAL THIS MO. 23 CLEAR (SCALE 0-3) 14
DPTR FM NORMAL -51 PTCLDY (SCALE 4-7) 16
TOTAL FM JUL 1 23 CLOUDY (SCALE 8-10) 1
DPTR FM NORMAL -55
[CDD (BASE 65) ]
TOTAL THIS MO. 213
DPTR FM NORMAL 57 [PRESSURE DATA]
TOTAL FM JAN 1 2700 HIGHEST SLP M ON M
DPTR FM NORMAL -191 LOWEST SLP 29.44 ON 10
[REMARKS]
#FINAL-10-21#