000
CXUS54 KFWD 010730
CF6AFW
PRELIMINARY LOCAL CLIMATOLOGICAL DATA (WS FORM: F-6)
STATION: FORT WORTH ALLIANCE
MONTH: APRIL
YEAR: 2021
LATITUDE: 32 58 N
LONGITUDE: 97 19 W
TEMPERATURE IN F: :PCPN: SNOW: WIND :SUNSHINE: SKY :PK WND
================================================================================
1 2 3 4 5 6A 6B 7 8 9 10 11 12 13 14 15 16 17 18
12Z AVG MX 2MIN
DY MAX MIN AVG DEP HDD CDD WTR SNW DPTH SPD SPD DIR MIN PSBL S-S WX SPD DR
================================================================================
1 68 38 53 -8 12 0 0.00 M M 4.1 14 60 M M 1 8 23 30
2 68 42 55 -6 10 0 0.00 M M 11.5 23 140 M M 6 34 120
3 70 56 63 2 2 0 0.00 M M 14.9 22 170 M M 9 32 160
4 73 59 66 4 0 1 0.00 M M 12.1 17 170 M M 9 8 26 170
5 78 55 67 5 0 2 0.00 M M 14.4 24 160 M M 1 32 170
6 82 64 73 11 0 8 T M M 23.2 35 170 M M 7 48 170
7 77 57 67 5 0 2 T M M 16.3 32 180 M M 4 8 44 160
8 83 46 65 3 0 0 0.00 M M 8.5 21 160 M M 4 26 160
9 85 59 72 9 0 7 0.00 M M 16.1 36 340 M M 5 8 50 340
10 73 47 60 -3 5 0 0.00 M M 12.1 25 330 M M 1 33 330
11 85 50 68 5 0 3 0.00 M M 10.1 23 180 M M 1 33 160
12 86 63 75 12 0 10 T 0.0 M 10.4 18 360 M M 8 3 25 160
13 78 54 66 2 0 1 0.10 M M 10.6 18 50 M M 7 3 27 50
14 71 54 63 -1 2 0 0.06 M M 13.6 21 60 M M 9 13 29 40
15 61 56 59 -5 6 0 0.58 M M 9.8 18 120 M M 10 13 31 50
16 61 50 56 -8 9 0 0.56 M M 10.3 30 320 M M 10 13 39 320
17 62 45 54 -11 11 0 0.00 M M 13.6 22 350 M M 8 30 360
18 68 43 56 -9 9 0 0.00 M M 8.6 17 320 M M 2 25 330
19 73 46 60 -5 5 0 0.00 M M 6.9 15 190 M M 4 19 190
20 60 39 50 -15 15 0 0.00 M M 13.8 25 10 M M 2 34 320
21 60 34 47 -19 18 0 0.00 M M 4.9 12 60 M M 6 17 100
22 63 53 58 -8 7 0 T M M 9.7 18 150 M M 10 25 150
23 73 59 66 0 0 1 0.06 M M 11.8 31 140 M M 10 138 41 140
24 71 53 62 -4 3 0 0.00 M M 10.4 23 330 M M 5 34 300
25 81 51 66 0 0 1 0.00 M M 12.7 24 150 M M 2 31 160
26 81 63 72 5 0 7 0.00 M M 19.2 30 160 M M 7 38 150
27 77 68 73 6 0 8 T M M 18.0 31 150 M M 10 42 150
28 76 67 72 5 0 7 1.20 M M 9.0 22 230 M M 10 13 29 110
29 67 63 65 -3 0 0 1.08 M M 11.1 24 360 M M 10 13 31 30
30 71 60 66 -2 0 1 0.08 M M 9.8 16 60 M M 10 13 26 60
================================================================================
SM 2182 1594 114 59 3.72 0.0 357.5 M 188
================================================================================
AV 72.7 53.1 11.9 FASTST M M 6 MAX(MPH)
MISC ----> 36 340 50 340
================================================================================
NOTES:
# LAST OF SEVERAL OCCURRENCES
COLUMN 17 PEAK WIND IN M.P.H.
PRELIMINARY LOCAL CLIMATOLOGICAL DATA (WS FORM: F-6) , PAGE 2
STATION: FORT WORTH ALLIANCE
MONTH: APRIL
YEAR: 2021
LATITUDE: 32 58 N
LONGITUDE: 97 19 W
[TEMPERATURE DATA] [PRECIPITATION DATA] SYMBOLS USED IN COLUMN 16
AVERAGE MONTHLY: 62.9 TOTAL FOR MONTH: 3.72 1 = FOG OR MIST
DPTR FM NORMAL: -1.4 DPTR FM NORMAL: 0.66 2 = FOG REDUCING VISIBILITY
HIGHEST: 86 ON 12 GRTST 24HR 2.23 ON 28-29 TO 1/4 MILE OR LESS
LOWEST: 34 ON 21 3 = THUNDER
SNOW, ICE PELLETS, HAIL 4 = ICE PELLETS
TOTAL MONTH: 0.0 INCH 5 = HAIL
GRTST 24HR 0.0 6 = FREEZING RAIN OR DRIZZLE
GRTST DEPTH: M ON M 7 = DUSTSTORM OR SANDSTORM:
VSBY 1/2 MILE OR LESS
8 = SMOKE OR HAZE
[NO. OF DAYS WITH] [WEATHER - DAYS WITH] 9 = BLOWING SNOW
X = TORNADO
MAX 32 OR BELOW: 0 0.01 INCH OR MORE: 8
MAX 90 OR ABOVE: 0 0.10 INCH OR MORE: 5
MIN 32 OR BELOW: 0 0.50 INCH OR MORE: 4
MIN 0 OR BELOW: 0 1.00 INCH OR MORE: 2
[HDD (BASE 65) ]
TOTAL THIS MO. 114 CLEAR (SCALE 0-3) 7
DPTR FM NORMAL 10 PTCLDY (SCALE 4-7) 11
TOTAL FM JUL 1 2226 CLOUDY (SCALE 8-10) 12
DPTR FM NORMAL -228
[CDD (BASE 65) ]
TOTAL THIS MO. 59
DPTR FM NORMAL -24 [PRESSURE DATA]
TOTAL FM JAN 1 97 HIGHEST SLP M ON M
DPTR FM NORMAL -21 LOWEST SLP 29.48 ON 9
[REMARKS]
#FINAL-04-21#