914
CXUS54 KFWD 110128
CF6AFW
PRELIMINARY LOCAL CLIMATOLOGICAL DATA (WS FORM: F-6)
STATION: FORT WORTH ALLIANCE
MONTH: JUNE
YEAR: 2020
LATITUDE: 32 58 N
LONGITUDE: 97 19 W
TEMPERATURE IN F: :PCPN: SNOW: WIND :SUNSHINE: SKY :PK WND
================================================================================
1 2 3 4 5 6A 6B 7 8 9 10 11 12 13 14 15 16 17 18
12Z AVG MX 2MIN
DY MAX MIN AVG DEP HDD CDD WTR SNW DPTH SPD SPD DIR MIN PSBL S-S WX SPD DR
================================================================================
1 86 71 79 1 0 14 0.00 0.0 0 5.9 13 140 M M 9 16 140
2 90 70 80 2 0 15 0.00 0.0 0 8.2 16 180 M M 7 24 170
3 93 73 83 5 0 18 0.00 0.0 0 9.2 15 170 M M 2 22 210
4 96 76 86 8 0 21 T 0.0 0 10.4 31 350 M M 5 3 40 350
5 96 76 86 7 0 21 0.00 0.0 0 8.7 18 170 M M 5 3 23 170
6 97 75 86 7 0 21 0.00 0.0 0 6.4 14 70 M M 1 19 60
7 94 77 86 7 0 21 0.00 0.0 0 7.2 17 70 M M 2 23 70
8 95 74 85 6 0 20 0.00 0.0 0 3.6 13 170 M M 3 16 160
9 95 68 82 2 0 17 0.00 0.0 0 15.1 29 330 M M 1 78 39 330
10 90 61 76 -4 0 11 0.00 0.0 0 10.1 23 340 M M 0 8 35 290
11 93 61 77 -3 0 12 0.00 0.0 0 5.5 14 60 M M 1 8 23 100
12 93 63 78 -2 0 13 0.00 0.0 0 5.3 14 120 M M 5 23 100
13 94 70 82 2 0 17 0.00 0.0 0 6.6 17 170 M M 2 24 150
14 94 73 84 3 0 19 0.00 0.0 0 8.1 20 150 M M 1 26 150
15 95 73 84 3 0 19 0.00 0.0 0 7.7 16 150 M M 5 21 150
16 95 74 85 4 0 20 0.00 0.0 0 10.3 18 170 M M 5 25 160
17 95 75 85 4 0 20 0.00 0.0 0 13.1 23 170 M M 3 33 180
18 95 74 85 4 0 20 0.00 0.0 0 16.0 25 150 M M 5 31 210
19 96 67 82 0 0 17 0.90 0.0 0 16.7 43 350 M M 8 1378 59 360
20 90 67 79 -3 0 14 1.03 0.0 0 6.9 17 250 M M 6 13 23 250
21 89 67 78 -4 0 13 0.58 0.0 0 12.7 28 340 M M 8 13 36 350
22 92 67 80 -2 0 15 0.88 0.0 0 9.6 36 360 M M 7 138 45 360
23 81 69 75 -7 0 10 2.50 0.0 0 9.7 30 330 M M 9 13 36 330
24 90 70 80 -2 0 15 0.00 0.0 0 7.7 13 60 M M 5 20 80
25 90 74 82 0 0 17 0.00 0.0 0 6.7 14 150 M M 5 22 100
26 93 75 84 1 0 19 0.00 0.0 0 15.1 23 180 M M 4 8 30 180
27 93 76 85 2 0 20 0.00 0.0 0 17.3 28 170 M M 5 8 38 160
28 93 78 86 3 0 21 0.02 0.0 0 20.3 29 160 M M 8 3 40 150
29 94 80 87 4 0 22 0.00 0.0 0 21.4 32 160 M M 7 40 170
30 94 81 88 5 0 23 0.00 0.0 0 18.1 26 170 M M 7 38 190
================================================================================
SM 2781 2155 0 525 5.91 0.0 319.6 M 141
================================================================================
AV 92.7 71.8 10.7 FASTST M M 5 MAX(MPH)
MISC ----> # 43 350 # 59 360
================================================================================
NOTES:
# LAST OF SEVERAL OCCURRENCES
COLUMN 17 PEAK WIND IN M.P.H.
PRELIMINARY LOCAL CLIMATOLOGICAL DATA (WS FORM: F-6) , PAGE 2
STATION: FORT WORTH ALLIANCE
MONTH: JUNE
YEAR: 2020
LATITUDE: 32 58 N
LONGITUDE: 97 19 W
[TEMPERATURE DATA] [PRECIPITATION DATA] SYMBOLS USED IN COLUMN 16
AVERAGE MONTHLY: 82.3 TOTAL FOR MONTH: 5.91 1 = FOG OR MIST
DPTR FM NORMAL: 1.6 DPTR FM NORMAL: 1.66 2 = FOG REDUCING VISIBILITY
HIGHEST: 97 ON 6 GRTST 24HR 2.50 ON 23-23 TO 1/4 MILE OR LESS
LOWEST: 61 ON 11,10 3 = THUNDER
SNOW, ICE PELLETS, HAIL 4 = ICE PELLETS
TOTAL MONTH: 0.0 INCH 5 = HAIL
GRTST 24HR 0.0 6 = FREEZING RAIN OR DRIZZLE
GRTST DEPTH: 0 7 = DUSTSTORM OR SANDSTORM:
VSBY 1/2 MILE OR LESS
8 = SMOKE OR HAZE
[NO. OF DAYS WITH] [WEATHER - DAYS WITH] 9 = BLOWING SNOW
X = TORNADO
MAX 32 OR BELOW: 0 0.01 INCH OR MORE: 6
MAX 90 OR ABOVE: 27 0.10 INCH OR MORE: 5
MIN 32 OR BELOW: 0 0.50 INCH OR MORE: 5
MIN 0 OR BELOW: 0 1.00 INCH OR MORE: 2
[HDD (BASE 65) ]
TOTAL THIS MO. 0 CLEAR (SCALE 0-3) 9
DPTR FM NORMAL 0 PTCLDY (SCALE 4-7) 19
TOTAL FM JUL 1 2060 CLOUDY (SCALE 8-10) 2
DPTR FM NORMAL -406
[CDD (BASE 65) ]
TOTAL THIS MO. 525
DPTR FM NORMAL 54 [PRESSURE DATA]
TOTAL FM JAN 1 998 HIGHEST SLP 30.05 ON 20
DPTR FM NORMAL 154 LOWEST SLP 29.66 ON 28
[REMARKS]
#FINAL-06-20#