000
CXUS52 KCAE 011500
CF6AGS
PRELIMINARY LOCAL CLIMATOLOGICAL DATA (WS FORM: F-6)
STATION: AUGUSTA BUSH FIELD GA
MONTH: DECEMBER
YEAR: 2023
LATITUDE: 33 22 N
LONGITUDE: 81 58 W
TEMPERATURE IN F: :PCPN: SNOW: WIND :SUNSHINE: SKY :PK WND
================================================================================
1 2 3 4 5 6A 6B 7 8 9 10 11 12 13 14 15 16 17 18
12Z AVG MX 2MIN
DY MAX MIN AVG DEP HDD CDD WTR SNW DPTH SPD SPD DIR MIN PSBL S-S WX SPD DR
================================================================================
1 73 35 54 2 11 0 0.00 0.0 0 2.1 13 190 M M 5 1 15 190
2 71 58 65 13 0 0 T 0.0 0 2.2 18 140 M M 7 1 24 140
3 72 54 63 12 2 0 T 0.0 0 5.7 18 230 M M 4 1 22 220
4 71 42 57 6 8 0 0.00 0.0 0 5.3 20 260 M M 0 128 29 260
5 64 34 49 -2 16 0 0.00 0.0 0 3.8 17 280 M M 0 1 22 300
6 60 33 47 -4 18 0 0.00 0.0 0 7.4 18 340 M M 0 1 28 320
7 59 27 43 -8 22 0 0.00 0.0 0 1.5 10 220 M M 0 1 16 210
8 62 31 47 -3 18 0 0.00 0.0 0 2.1 10 200 M M 1 1 14 200
9 79 48 64 14 1 0 0.00 0.0 0 4.0 15 190 M M 7 20 200
10 66 50 58 8 7 0 1.07 0.0 0 9.3 26 310 M M 9 13 35 300
11 55 32 44 -6 21 0 0.00 0.0 0 4.7 18 300 M M 1 24 290
12 57 29 43 -7 22 0 0.00 0.0 0 2.0 12 30 M M 0 15 30
13 62 30 46 -4 19 0 0.00 0.0 0 4.2 13 10 M M 0 1 16 20
14 61 32 47 -3 18 0 0.00 0.0 0 6.6 16 50 M M 0 8 22 50
15 61 26 44 -5 21 0 0.00 0.0 0 2.9 14 80 M M 0 8 19 70
16 65 34 50 1 15 0 0.07 0.0 0 5.7 15 80 M M 7 18 23 70
17 55 51 53 4 12 0 2.74 0.0 0 11.7 21 330 M M 9 1 26 330
18 61 43 52 3 13 0 0.00 0.0 M 11.4 26 330 M M 0 35 310
19 48 25 37 -12 28 0 0.00 0.0 M 5.9 16 320 M M 0 8 22 310
20 50 23 37 -12 28 0 0.00 0.0 M 1.0 6 320 M M 0 1 6 320
21 59 25 42 -7 23 0 0.00 0.0 M 0.6 6 230 M M 0 10 140
22 60 30 45 -3 20 0 0.00 0.0 M 0.6 6 120 M M 0 1 7 80
23 70 36 53 5 12 0 0.00 0.0 M 1.7 8 130 M M 2 11 10
24 69 35 52 4 13 0 0.00 0.0 0 2.0 9 130 M M 4 1 13 130
25 62 50 56 8 9 0 0.13 0.0 0 6.2 12 120 M M 9 1 19 120
26 66 62 64 16 1 0 0.41 0.0 0 5.0 14 130 M M 10 1 17 130
27 64 52 58 10 7 0 T 0.0 0 5.4 15 260 M M 6 12 20 240
28 60 38 49 1 16 0 0.00 0.0 0 5.3 15 230 M M 0 1 21 220
29 48 37 43 -5 22 0 0.00 0.0 0 9.5 23 280 M M 7 32 270
30 52 29 41 -7 24 0 0.00 0.0 0 6.6 17 320 M M 4 24 240
31 58 27 43 -5 22 0 0.00 0.0 0 4.0 15 230 M M 0 1 21 280
================================================================================
SM 1920 1158 469 0 4.42 0.0 146.4 M 92
================================================================================
AV 61.9 37.4 4.7 FASTST M M 3 MAX(MPH)
MISC ----> # 26 310 # 35 300
================================================================================
NOTES:
# LAST OF SEVERAL OCCURRENCES
COLUMN 17 PEAK WIND IN M.P.H.
PRELIMINARY LOCAL CLIMATOLOGICAL DATA (WS FORM: F-6) , PAGE 2
STATION: AUGUSTA BUSH FIELD GA
MONTH: DECEMBER
YEAR: 2023
LATITUDE: 33 22 N
LONGITUDE: 81 58 W
[TEMPERATURE DATA] [PRECIPITATION DATA] SYMBOLS USED IN COLUMN 16
AVERAGE MONTHLY: 49.6 TOTAL FOR MONTH: 4.42 1 = FOG OR MIST
DPTR FM NORMAL: 0.2 DPTR FM NORMAL: 0.55 2 = FOG REDUCING VISIBILITY
HIGHEST: 79 ON 9 GRTST 24HR 2.81 ON 16-17 TO 1/4 MILE OR LESS
LOWEST: 23 ON 20 3 = THUNDER
SNOW, ICE PELLETS, HAIL 4 = ICE PELLETS
TOTAL MONTH: 0.0 INCH 5 = HAIL
GRTST 24HR 0.0 6 = FREEZING RAIN OR DRIZZLE
GRTST DEPTH: 0 7 = DUSTSTORM OR SANDSTORM:
VSBY 1/2 MILE OR LESS
8 = SMOKE OR HAZE
[NO. OF DAYS WITH] [WEATHER - DAYS WITH] 9 = BLOWING SNOW
X = TORNADO
MAX 32 OR BELOW: 0 0.01 INCH OR MORE: 5
MAX 90 OR ABOVE: 0 0.10 INCH OR MORE: 4
MIN 32 OR BELOW: 13 0.50 INCH OR MORE: 2
MIN 0 OR BELOW: 0 1.00 INCH OR MORE: 2
[HDD (BASE 65) ]
TOTAL THIS MO. 469 CLEAR (SCALE 0-3) 18
DPTR FM NORMAL -20 PTCLDY (SCALE 4-7) 9
TOTAL FM JUL 1 885 CLOUDY (SCALE 8-10) 4
DPTR FM NORMAL 15
[CDD (BASE 65) ]
TOTAL THIS MO. 0
DPTR FM NORMAL -5 [PRESSURE DATA]
TOTAL FM JAN 1 1911 HIGHEST SLP 30.69 ON 14
DPTR FM NORMAL -453 LOWEST SLP 29.56 ON 17
[REMARKS]
#FINAL-12-23#