000
CXUS52 KFFC 011110
CF6AHN
PRELIMINARY LOCAL CLIMATOLOGICAL DATA (WS FORM: F-6)
STATION: ATHENS
MONTH: JANUARY
YEAR: 2023
LATITUDE: 33 57 N
LONGITUDE: 83 19 W
TEMPERATURE IN F: :PCPN: SNOW: WIND :SUNSHINE: SKY :PK WND
================================================================================
1 2 3 4 5 6A 6B 7 8 9 10 11 12 13 14 15 16 17 18
12Z AVG MX 2MIN
DY MAX MIN AVG DEP HDD CDD WTR SNW DPTH SPD SPD DIR MIN PSBL S-S WX SPD DR
================================================================================
1 66 49 58 14 7 0 0.00 0.0 M 1.7 7 240 M M 7 12 11 240
2 67 43 55 11 10 0 0.00 0.0 M 1.7 6 100 M M 9 12 9 180
3 65 51 58 14 7 0 1.06 0.0 M 3.0 14 350 M M 8 123 18 350
4 68 50 59 15 6 0 3.71 M M 5.1 21 330 M M 7 123 35 330
5 64 41 53 9 12 0 0.00 0.0 M 4.6 15 280 M M 0 24 250
6 59 39 49 5 16 0 0.00 0.0 M 5.8 15 290 M M 0 23 290
7 64 34 49 5 16 0 0.00 0.0 M 2.3 10 300 M M 2 14 290
8 62 42 52 8 13 0 0.13 M M 3.0 10 320 M M 6 1 16 340
9 58 40 49 5 16 0 0.00 0.0 M 4.8 14 310 M M 1 1 20 310
10 63 30 47 3 18 0 0.00 0.0 M 2.4 10 280 M M 0 1 17 220
11 66 36 51 7 14 0 T M M 2.2 8 180 M M 5 13 220
12 70 47 59 15 6 0 0.57 M M 6.1 29 260 M M 7 13 55 270
13 54 36 45 1 20 0 0.00 0.0 M 12.8 25 300 M M 3 38 310
14 46 31 39 -5 26 0 0.00 0.0 M 11.2 21 300 M M 1 31 310
15 58 25 42 -2 23 0 0.00 0.0 M 1.9 8 300 M M 0 11 250
16 61 28 45 1 20 0 0.00 0.0 M 2.2 8 220 M M 0 13 240
17 60 45 53 9 12 0 0.18 M M 2.5 14 310 M M 9 12 18 320
18 63 53 58 14 7 0 0.02 0.0 M 3.2 9 110 M M 10 12 14 180
19 73 57 65 21 0 0 0.03 0.0 M 7.6 15 250 M M 4 1 29 240
20 61 43 52 8 13 0 0.00 0.0 M 10.9 21 300 M M 0 31 310
21 48 37 43 -1 22 0 T M M 6.8 15 80 M M 1 22 90
22 42 38 40 -4 25 0 1.65 0.0 M 7.3 16 80 M M 10 1 22 80
23 50 33 42 -2 23 0 0.00 0.0 M 8.6 20 300 M M 2 1 33 300
24 56 26 41 -3 24 0 0.00 0.0 M 3.2 12 80 M M 1 18 80
25 59 44 52 8 13 0 0.91 0.0 M 7.0 23 290 M M 9 13 38 300
26 48 32 40 -5 25 0 0.00 0.0 M 8.0 21 300 M M 2 35 300
27 51 30 41 -4 24 0 0.00 0.0 M 5.6 18 300 M M 0 27 300
28 58 28 43 -2 22 0 0.00 0.0 M 1.2 9 320 M M 0 13 320
29 52 35 44 -1 21 0 0.39 M M 2.1 8 60 M M 6 1 10 40
30 59 46 53 8 12 0 0.35 M M 1.5 9 350 M M 9 12 12 350
31 67 52 60 15 5 0 0.00 0.0 M 1.6 9 290 M M 10 12 14 230
================================================================================
SM 1838 1221 478 0 9.00 0.0 147.9 M 129
================================================================================
AV 59.3 39.4 4.8 FASTST M M 4 MAX(MPH)
MISC ----> 29 260 55 270
================================================================================
NOTES:
# LAST OF SEVERAL OCCURRENCES
COLUMN 17 PEAK WIND IN M.P.H.
PRELIMINARY LOCAL CLIMATOLOGICAL DATA (WS FORM: F-6) , PAGE 2
STATION: ATHENS
MONTH: JANUARY
YEAR: 2023
LATITUDE: 33 57 N
LONGITUDE: 83 19 W
[TEMPERATURE DATA] [PRECIPITATION DATA] SYMBOLS USED IN COLUMN 16
AVERAGE MONTHLY: 49.3 TOTAL FOR MONTH: 9.00 1 = FOG OR MIST
DPTR FM NORMAL: 5.0 DPTR FM NORMAL: 4.64 2 = FOG REDUCING VISIBILITY
HIGHEST: 73 ON 19 GRTST 24HR 3.71 ON 4- 4 TO 1/4 MILE OR LESS
LOWEST: 25 ON 15 3 = THUNDER
SNOW, ICE PELLETS, HAIL 4 = ICE PELLETS
TOTAL MONTH: 0.0 INCH 5 = HAIL
GRTST 24HR 0.0 6 = FREEZING RAIN OR DRIZZLE
GRTST DEPTH: M ON M 7 = DUSTSTORM OR SANDSTORM:
VSBY 1/2 MILE OR LESS
8 = SMOKE OR HAZE
[NO. OF DAYS WITH] [WEATHER - DAYS WITH] 9 = BLOWING SNOW
X = TORNADO
MAX 32 OR BELOW: 0 0.01 INCH OR MORE: 11
MAX 90 OR ABOVE: 0 0.10 INCH OR MORE: 9
MIN 32 OR BELOW: 8 0.50 INCH OR MORE: 5
MIN 0 OR BELOW: 0 1.00 INCH OR MORE: 3
[HDD (BASE 65) ]
TOTAL THIS MO. 478 CLEAR (SCALE 0-3) 15
DPTR FM NORMAL -166 PTCLDY (SCALE 4-7) 9
TOTAL FM JUL 1 1561 CLOUDY (SCALE 8-10) 7
DPTR FM NORMAL -140
[CDD (BASE 65) ]
TOTAL THIS MO. 0
DPTR FM NORMAL 0 [PRESSURE DATA]
TOTAL FM JAN 1 0 HIGHEST SLP 30.46 ON 28
DPTR FM NORMAL 0 LOWEST SLP 29.69 ON 25
[REMARKS]
#FINAL-01-23#