000
CXUS55 KCYS 080223
CF6AIA
PRELIMINARY LOCAL CLIMATOLOGICAL DATA (WS FORM: F-6) ...CORRECTED...
STATION: ALLIANCE NEBRASKA AIRPORT
MONTH: MARCH
YEAR: 2021
LATITUDE: 42 2 N
LONGITUDE: 102 48 W
TEMPERATURE IN F: :PCPN: SNOW: WIND :SUNSHINE: SKY :PK WND
================================================================================
1 2 3 4 5 6A 6B 7 8 9 10 11 12 13 14 15 16 17 18
12Z AVG MX 2MIN
DY MAX MIN AVG DEP HDD CDD WTR SNW DPTH SPD SPD DIR MIN PSBL S-S WX SPD DR
================================================================================
1 50 18 34 3 31 0 0.00 M M 10.5 16 210 M M 0 23 290
2 59 20 40 8 25 0 0.00 M M 9.3 28 310 M M 0 36 310
3 63 19 41 9 24 0 0.00 M M 6.8 17 270 M M 0 24 270
4 65 17 41 9 24 0 0.00 M M 6.1 22 140 M M 0 30 130
5 65 20 43 10 22 0 0.00 M M 5.9 15 240 M M 0 8 21 250
6 69 19 44 11 21 0 0.00 M M 11.0 28 180 M M 0 37 180
7 66 23 45 11 20 0 0.00 M M 5.8 14 270 M M 0 25 360
8 68 25 47 13 18 0 0.00 M M 9.4 22 170 M M 0 28 160
9 70 27 49 15 16 0 T M M 13.4 36 30 M M 2 47 20
10 35 16 26 -9 39 0 0.10 M M 13.3 24 30 M M 9 12 32 30
11 41 9 25 -10 40 0 0.00 M M 5.2 13 120 M M 2 16 120
12 52 31 42 7 23 0 0.01 M M 10.4 22 160 M M 10 1 30 150
13 39 35 37 1 28 0 0.63 M M 13.8 31 60 M M 10 1 40 60
14 37 28 33 -3 32 0 0.60 M M 24.4 36 50 M M 10 126 55 50
15 31 26 29 -7 36 0 0.04 M M 7.6 14 350 M M 9 12 18 10
16 31 22 27 -10 38 0 0.00 M M 5.6 12 330 M M 10 1 15 340
17 34 13 24 -13 41 0 0.00 M M 9.6 20 340 M M 5 12 28 340
18 36 10 23 -15 42 0 0.00 M M 5.5 13 160 M M 4 12 14 180
19 50 27 39 1 26 0 0.00 M M 14.4 21 160 M M 0 1 22 170
20 65 33 49 11 16 0 0.00 M M 14.8 24 160 M M 0 32 160
21 48 23 36 -2 29 0 0.00 M M 10.5 22 350 M M 4 30 360
22 51 20 36 -3 29 0 0.00 M M 4.7 13 150 M M 0 20 150
23 51 20 36 -3 29 0 0.00 M M 15.4 32 360 M M 2 41 10
24 47 25 36 -3 29 0 0.00 M M 10.8 25 350 M M 6 33 350
25 57 23 40 0 25 0 0.00 M M 11.4 28 260 M M 3 38 260
26 40 29 35 -5 30 0 0.38 M M 7.2 17 340 M M 8 1 21 340
27 51 24 38 -2 27 0 0.00 M M 13.7 33 300 M M 6 1 41 290
28 67 20 44 4 21 0 0.00 M M 13.8 28 260 M M 0 37 270
29 73 34 54 13 11 0 0.00 M M 23.0 37 260 M M 0 55 260
30 43 14 29 -12 36 0 0.00 M M 13.4 28 290 M M 2 36 290
31 48 16 32 -9 33 0 0.00 M M 10.7 24 300 M M 5 36 340
================================================================================
SM 1602 686 861 0 1.76 M 337.4 M 107
================================================================================
AV 51.7 22.1 10.9 FASTST M M 3 MAX(MPH)
MISC ----> 37 260 # 55 50
================================================================================
NOTES:
# LAST OF SEVERAL OCCURRENCES
COLUMN 17 PEAK WIND IN M.P.H.
PRELIMINARY LOCAL CLIMATOLOGICAL DATA (WS FORM: F-6) , PAGE 2
STATION: ALLIANCE NEBRASKA AIRPORT
MONTH: MARCH
YEAR: 2021
LATITUDE: 42 2 N
LONGITUDE: 102 48 W
[TEMPERATURE DATA] [PRECIPITATION DATA] SYMBOLS USED IN COLUMN 16
AVERAGE MONTHLY: 36.9 TOTAL FOR MONTH: 1.76 1 = FOG OR MIST
DPTR FM NORMAL: 0.3 DPTR FM NORMAL: 0.91 2 = FOG REDUCING VISIBILITY
HIGHEST: 73 ON 29 GRTST 24HR 0.63 ON 13-13 TO 1/4 MILE OR LESS
LOWEST: 9 ON 11 3 = THUNDER
SNOW, ICE PELLETS, HAIL 4 = ICE PELLETS
TOTAL MONTH: M 5 = HAIL
GRTST 24HR M ON M 6 = FREEZING RAIN OR DRIZZLE
GRTST DEPTH: M ON M 7 = DUSTSTORM OR SANDSTORM:
VSBY 1/2 MILE OR LESS
8 = SMOKE OR HAZE
[NO. OF DAYS WITH] [WEATHER - DAYS WITH] 9 = BLOWING SNOW
X = TORNADO
MAX 32 OR BELOW: 2 0.01 INCH OR MORE: 6
MAX 90 OR ABOVE: 0 0.10 INCH OR MORE: 4
MIN 32 OR BELOW: 28 0.50 INCH OR MORE: 2
MIN 0 OR BELOW: 0 1.00 INCH OR MORE: 0
[HDD (BASE 65) ]
TOTAL THIS MO. 861 CLEAR (SCALE 0-3) 18
DPTR FM NORMAL -21 PTCLDY (SCALE 4-7) 6
TOTAL FM JUL 1 6224 CLOUDY (SCALE 8-10) 7
DPTR FM NORMAL -62
[CDD (BASE 65) ]
TOTAL THIS MO. 0
DPTR FM NORMAL 0 [PRESSURE DATA]
TOTAL FM JAN 1 0 HIGHEST SLP 30.51 ON 31
DPTR FM NORMAL 0 LOWEST SLP 29.35 ON 29
[REMARKS]
PRECIPITATION 1.76" WAS 7TH WETTEST MARCH
#FINAL-03-21#