282
CXUS53 KGRB 050102
CF6AIG
PRELIMINARY LOCAL CLIMATOLOGICAL DATA (WS FORM: F-6)
STATION: ANTIGO AWOS
MONTH: JULY
YEAR: 2020
LATITUDE: 45 9 N
LONGITUDE: 89 8 W
TEMPERATURE IN F: :PCPN: SNOW: WIND :SUNSHINE: SKY :PK WND
================================================================================
1 2 3 4 5 6A 6B 7 8 9 10 11 12 13 14 15 16 17 18
12Z AVG MX 2MIN
DY MAX MIN AVG DEP HDD CDD WTR SNW DPTH SPD SPD DIR MIN PSBL S-S WX SPD DR
================================================================================
1 84 61 73 7 0 8 0.00 0.0 0 4.3 9 120 M M 1 1 M M
2 87 58 73 7 0 8 0.35 0.0 0 3.1 20 100 M M 2 40 100
3 86 62 74 8 0 9 0.00 0.0 0 3.4 7 140 M M 1 M M
4 86 61 74 8 0 9 0.00 0.0 0 1.7 6 130 M M 1 M M
5 86 62 74 8 0 9 0.00 0.0 0 2.3 10 110 M M 1 1 M M
6 86 63 75 9 0 10 0.55 0.0 0 3.2 10 280 M M 3 21 280
7 83 61 72 5 0 7 0.01 0.0 0 2.5 8 310 M M 2 1 M M
8 85 60 73 6 0 8 0.09 0.0 0 4.6 17 180 M M 5 12 25 180
9 80 63 72 5 0 7 1.02 0.0 0 6.1 16 290 M M 5 28 350
10 80 65 73 6 0 8 0.04 0.0 0 8.3 15 330 M M 4 22 330
11 80 56 68 1 0 3 0.00 0.0 0 5.3 13 330 M M 2 1 17 320
12 75 54 65 -2 0 0 0.00 0.0 0 5.4 14 350 M M 3 18 360
13 77 49 63 -4 2 0 0.00 0.0 0 4.2 10 140 M M 1 M M
14 74 61 68 1 0 3 1.80 0.0 0 9.2 20 180 M M 8 25 180
15 69 53 61 -6 4 0 0.00 0.0 0 4.1 12 280 M M 4 1 M M
16 78 48 63 -4 2 0 0.00 0.0 0 4.4 10 190 M M 4 12 M M
17 83 60 72 5 0 7 0.00 0.0 0 5.2 10 240 M M 2 M M
18 85 65 75 8 0 10 1.02 0.0 0 9.5 15 250 M M 4 35 320
19 78 64 71 4 0 6 0.42 0.0 0 12.7 21 280 M M 4 29 260
20 72 54 63 -4 2 0 0.00 0.0 0 5.1 12 330 M M 2 M M
21 70 57 64 -3 1 0 0.18 0.0 0 8.9 16 100 M M 10 21 100
22 72 59 66 -1 0 1 0.00 0.0 0 6.2 10 30 M M 10 1 16 120
23 71 58 65 -2 0 0 0.00 0.0 0 2.2 6 40 M M 8 M M
24 80 51 66 -1 0 1 0.00 0.0 0 4.7 10 200 M M 3 M M
25 87 65 76 9 0 11 0.09 0.0 0 8.5 15 220 M M 4 20 220
26 81 67 74 7 0 9 2.96 0.0 0 8.1 21 230 M M 7 27 230
27 78 58 68 1 0 3 0.00 0.0 0 10.2 22 290 M M 2 28 290
28 77 56 67 0 0 2 0.00 0.0 0 7.0 15 270 M M 3 21 280
29 78 54 66 -1 0 1 0.00 0.0 0 3.4 8 20 M M 3 12 9 310
30 76 54 65 -1 0 0 0.00 0.0 0 4.9 13 40 M M 3 M M
31 76 51 64 -2 1 0 0.00 0.0 0 1.7 7 40 M M 3 M M
================================================================================
SM 2460 1810 12 140 8.53 0.0 170.4 M 115
================================================================================
AV 79.4 58.4 5.5 FASTST M M 4 MAX(MPH)
MISC ----> 22 290 40 100
================================================================================
NOTES:
# LAST OF SEVERAL OCCURRENCES
COLUMN 17 PEAK WIND IN M.P.H.
PRELIMINARY LOCAL CLIMATOLOGICAL DATA (WS FORM: F-6) , PAGE 2
STATION: ANTIGO AWOS
MONTH: JULY
YEAR: 2020
LATITUDE: 45 9 N
LONGITUDE: 89 8 W
[TEMPERATURE DATA] [PRECIPITATION DATA] SYMBOLS USED IN COLUMN 16
AVERAGE MONTHLY: 68.9 TOTAL FOR MONTH: 8.53 1 = FOG OR MIST
DPTR FM NORMAL: 2.3 DPTR FM NORMAL: 5.24 2 = FOG REDUCING VISIBILITY
HIGHEST: 87 ON 25, 2 GRTST 24HR 2.96 ON 26-26 TO 1/4 MILE OR LESS
LOWEST: 48 ON 16 3 = THUNDER
SNOW, ICE PELLETS, HAIL 4 = ICE PELLETS
TOTAL MONTH: 0.0 INCH 5 = HAIL
GRTST 24HR 0.0 6 = FREEZING RAIN OR DRIZZLE
GRTST DEPTH: 0 7 = DUSTSTORM OR SANDSTORM:
VSBY 1/2 MILE OR LESS
8 = SMOKE OR HAZE
[NO. OF DAYS WITH] [WEATHER - DAYS WITH] 9 = BLOWING SNOW
X = TORNADO
MAX 32 OR BELOW: 0 0.01 INCH OR MORE: 12
MAX 90 OR ABOVE: 0 0.10 INCH OR MORE: 8
MIN 32 OR BELOW: 0 0.50 INCH OR MORE: 5
MIN 0 OR BELOW: 0 1.00 INCH OR MORE: 4
[HDD (BASE 65) ]
TOTAL THIS MO. 12 CLEAR (SCALE 0-3) 18
DPTR FM NORMAL -39 PTCLDY (SCALE 4-7) 11
TOTAL FM JUL 1 12 CLOUDY (SCALE 8-10) 2
DPTR FM NORMAL -47
[CDD (BASE 65) ]
TOTAL THIS MO. 140
DPTR FM NORMAL 38 [PRESSURE DATA]
TOTAL FM JAN 1 221 HIGHEST SLP M ON M
DPTR FM NORMAL 60 LOWEST SLP M ON M
[REMARKS]
#FINAL-07-20#