000
CXUS54 KCRP 222312
CF6ALI
PRELIMINARY LOCAL CLIMATOLOGICAL DATA (WS FORM: F-6)
STATION: ALICE
MONTH: MARCH
YEAR: 2022
LATITUDE: 27 44 N
LONGITUDE: 98 1 W
TEMPERATURE IN F: :PCPN: SNOW: WIND :SUNSHINE: SKY :PK WND
================================================================================
1 2 3 4 5 6A 6B 7 8 9 10 11 12 13 14 15 16 17 18
12Z AVG MX 2MIN
DY MAX MIN AVG DEP HDD CDD WTR SNW DPTH SPD SPD DIR MIN PSBL S-S WX SPD DR
================================================================================
1 75 33 54 -10 11 0 0.00 0.0 0 6.5 16 120 M M 0 24 130
2 80 41 61 -3 4 0 0.00 0.0 0 8.4 20 90 M M 2 12 25 90
3 81 53 67 2 0 2 0.00 0.0 0 7.2 18 130 M M 8 1 22 120
4 87 64 76 11 0 11 0.00 0.0 0 13.8 28 130 M M 7 33 120
5 92 62 77 12 0 12 0.00 0.0 0 15.1 29 160 M M 6 1 37 160
6 87 68 78 13 0 13 0.00 0.0 0 14.4 24 140 M M 8 1 32 170
7 70 50 60 -5 5 0 T 0.0 0 14.4 28 20 M M 10 1 36 20
8 56 45 51 -15 14 0 T 0.0 0 9.9 16 340 M M 9 18 21 40
9 66 41 54 -12 11 0 0.00 0.0 0 6.4 16 40 M M 4 20 30
10 68 39 54 -12 11 0 0.00 0.0 0 7.6 14 130 M M 7 1 18 130
11 72 42 57 -9 8 0 T 0.0 0 14.2 30 360 M M 8 1 40 350
12 59 35 47 -19 18 0 0.00 0.0 0 10.0 22 360 M M 0 29 20
13 72 30 51 -16 14 0 0.00 0.0 0 11.1 24 140 M M 4 31 120
14 88 45 67 0 0 2 0.00 0.0 0 10.9 24 200 M M 2 34 180
15 86 55 71 4 0 6 0.00 0.0 0 9.2 22 320 M M 1 12 34 340
16 86 41 64 -3 1 0 0.00 0.0 0 8.6 24 130 M M 0 32 120
17 93 52 73 5 0 8 0.00 0.0 0 9.3 23 170 M M 3 1 32 180
18 82 56 69 1 0 4 0.00 0.0 0 10.6 29 340 M M 6 12 36 350
19 81 47 64 -4 1 0 0.00 0.0 0 8.7 20 140 M M 1 28 130
20 80 42 61 -7 4 0 0.00 0.0 0 12.6 25 120 M M 3 38 150
21 91 69 80 12 0 15 0.05 0.0 0 19.6 39 180 M M 7 1 54 180
22 83 53 68 -1 0 3 0.15 0.0 0 13.5 30 300 M M 3 1 39 290
23 77 42 60 -9 5 0 0.00 0.0 0 7.9 21 310 M M 1 27 320
24 83 43 63 -6 2 0 0.00 0.0 0 11.8 26 300 M M 0 37 260
25 94 39 67 -2 0 2 0.00 0.0 0 6.5 24 120 M M 0 32 130
26 94 46 70 0 0 5 0.00 0.0 0 9.6 23 130 M M 2 12 30 140
27 90 50 70 0 0 5 0.00 0.0 0 12.7 25 180 M M 2 12 33 170
28 90 57 74 4 0 9 0.00 0.0 0 14.2 29 130 M M 1 37 130
29 90 68 79 9 0 14 0.00 0.0 0 20.9 31 170 M M 7 44 170
30 94 66 80 10 0 15 T 0.0 0 18.3 35 160 M M 2 1 51 170
31 90 53 72 1 0 7 0.00 0.0 0 9.3 22 110 M M 0 29 110
================================================================================
SM 2537 1527 109 133 0.20 0.0 353.2 M 114
================================================================================
AV 81.8 49.3 11.4 FASTST M M 4 MAX(MPH)
MISC ----> 39 180 54 180
================================================================================
NOTES:
# LAST OF SEVERAL OCCURRENCES
COLUMN 17 PEAK WIND IN M.P.H.
PRELIMINARY LOCAL CLIMATOLOGICAL DATA (WS FORM: F-6) , PAGE 2
STATION: ALICE
MONTH: MARCH
YEAR: 2022
LATITUDE: 27 44 N
LONGITUDE: 98 1 W
[TEMPERATURE DATA] [PRECIPITATION DATA] SYMBOLS USED IN COLUMN 16
AVERAGE MONTHLY: 65.5 TOTAL FOR MONTH: 0.20 1 = FOG OR MIST
DPTR FM NORMAL: -1.8 DPTR FM NORMAL: -1.97 2 = FOG REDUCING VISIBILITY
HIGHEST: 94 ON 30,26 GRTST 24HR 0.20 ON 21-22 TO 1/4 MILE OR LESS
LOWEST: 30 ON 13 3 = THUNDER
SNOW, ICE PELLETS, HAIL 4 = ICE PELLETS
TOTAL MONTH: 0.0 INCH 5 = HAIL
GRTST 24HR 0.0 6 = FREEZING RAIN OR DRIZZLE
GRTST DEPTH: 0 7 = DUSTSTORM OR SANDSTORM:
VSBY 1/2 MILE OR LESS
8 = SMOKE OR HAZE
[NO. OF DAYS WITH] [WEATHER - DAYS WITH] 9 = BLOWING SNOW
X = TORNADO
MAX 32 OR BELOW: 0 0.01 INCH OR MORE: 2
MAX 90 OR ABOVE: 10 0.10 INCH OR MORE: 1
MIN 32 OR BELOW: 1 0.50 INCH OR MORE: 0
MIN 0 OR BELOW: 0 1.00 INCH OR MORE: 0
[HDD (BASE 65) ]
TOTAL THIS MO. 109 CLEAR (SCALE 0-3) 18
DPTR FM NORMAL 34 PTCLDY (SCALE 4-7) 9
TOTAL FM JUL 1 855 CLOUDY (SCALE 8-10) 4
DPTR FM NORMAL -16
[CDD (BASE 65) ]
TOTAL THIS MO. 133
DPTR FM NORMAL -15 [PRESSURE DATA]
TOTAL FM JAN 1 207 HIGHEST SLP 30.59 ON 12
DPTR FM NORMAL -39 LOWEST SLP 29.42 ON 30
[REMARKS]
#FINAL-03-22#