000
CXUS54 KCRP 011708
CF6ALI
PRELIMINARY LOCAL CLIMATOLOGICAL DATA (WS FORM: F-6)
STATION: ALICE
MONTH: OCTOBER
YEAR: 2023
LATITUDE: 27 44 N
LONGITUDE: 98 1 W
TEMPERATURE IN F: :PCPN: SNOW: WIND :SUNSHINE: SKY :PK WND
================================================================================
1 2 3 4 5 6A 6B 7 8 9 10 11 12 13 14 15 16 17 18
12Z AVG MX 2MIN
DY MAX MIN AVG DEP HDD CDD WTR SNW DPTH SPD SPD DIR MIN PSBL S-S WX SPD DR
================================================================================
1 93 76 85 7 0 20 0.37 0.0 0 7.6 22 70 M M 2 18 29 60
2 86 76 81 3 0 16 1.42 0.0 0 5.6 16 110 M M 6 13 23 120
3 95 76 86 8 0 21 0.00 0.0 0 5.4 14 100 M M 3 1 20 110
4 96 74 85 7 0 20 0.00 0.0 0 6.5 18 140 M M 1 12 24 140
5 90 71 81 4 0 16 0.12 0.0 0 6.0 26 40 M M 4 1 38 20
6 85 71 78 1 0 13 M 0.0 0 7.3 16 40 M M 1 1 25 50
7 77 67 72 -5 0 7 0.00 0.0 0 8.1 20 30 M M 2 27 20
8 74 63 69 -8 0 4 0.01 0.0 0 5.4 10 60 M M 4 15 50
9 83 62 73 -3 0 8 T 0.0 0 3.6 12 170 M M 4 17 150
10 71 67 69 -7 0 4 0.36 0.0 0 5.0 9 60 M M 3 13 60
11 80 67 74 -2 0 9 0.10 0.0 0 4.9 9 110 M M 5 1 14 110
12 90 65 78 2 0 13 T 0.0 0 5.9 15 150 M M 3 12 24 150
13 94 68 81 6 0 16 0.00 0.0 0 3.9 10 90 M M 5 12 15 140
14 81 64 73 -2 0 8 0.00 0.0 0 10.2 21 40 M M 7 29 40
15 83 57 70 -5 0 5 0.00 0.0 0 8.7 20 30 M M 2 27 40
16 78 50 64 -10 1 0 0.00 0.0 0 7.0 20 10 M M 0 34 10
17 81 48 65 -9 0 0 0.00 0.0 0 3.6 9 130 M M 0 14 120
18 87 48 68 -6 0 3 0.00 0.0 0 6.8 17 140 M M 0 22 140
19 92 58 75 1 0 10 0.00 0.0 0 4.2 12 210 M M 0 1 17 180
20 95 61 78 5 0 13 0.00 0.0 0 3.7 9 160 M M 3 12 13 250
21 93 56 75 2 0 10 0.00 0.0 0 6.1 16 140 M M 1 12 22 130
22 90 63 77 4 0 12 0.00 0.0 0 8.9 21 130 M M 3 12 29 130
23 90 73 82 10 0 17 0.00 0.0 0 13.1 26 140 M M 2 38 140
24 91 77 84 12 0 19 T 0.0 0 14.1 26 160 M M 8 35 120
25 92 76 84 12 0 19 T 0.0 0 12.5 23 140 M M 8 1 35 140
26 91 78 85 14 0 20 0.37 0.0 0 9.1 24 180 M M 5 18 35 170
27 92 75 84 13 0 19 T 0.0 0 7.9 20 130 M M 5 1 27 140
28 93 72 83 12 0 18 0.00 0.0 0 7.9 20 130 M M 5 1 27 120
29 91 56 74 4 0 9 0.00 0.0 0 10.8 26 20 M M 4 1 34 20
30 56 44 50 -20 15 0 0.37 0.0 0 16.1 26 360 M M 10 1 39 340
31 59 42 51 -19 14 0 0.00 0.0 0 10.2 18 350 M M M 26 350
================================================================================
SM 2649 2001 30 349 3.12 0.0 236.1 M 106
================================================================================
AV 85.5 64.5 7.6 FASTST M M 4 MAX(MPH)
MISC ----> # 26 40 39 340
================================================================================
NOTES:
# LAST OF SEVERAL OCCURRENCES
COLUMN 17 PEAK WIND IN M.P.H.
PRELIMINARY LOCAL CLIMATOLOGICAL DATA (WS FORM: F-6) , PAGE 2
STATION: ALICE
MONTH: OCTOBER
YEAR: 2023
LATITUDE: 27 44 N
LONGITUDE: 98 1 W
[TEMPERATURE DATA] [PRECIPITATION DATA] SYMBOLS USED IN COLUMN 16
AVERAGE MONTHLY: 75.0 TOTAL FOR MONTH: 3.12 1 = FOG OR MIST
DPTR FM NORMAL: 0.7 DPTR FM NORMAL: 1.40 2 = FOG REDUCING VISIBILITY
HIGHEST: 96 ON 4 GRTST 24HR 1.42 ON 2- 2 TO 1/4 MILE OR LESS
LOWEST: 42 ON 31 3 = THUNDER
SNOW, ICE PELLETS, HAIL 4 = ICE PELLETS
TOTAL MONTH: 0.0 INCH 5 = HAIL
GRTST 24HR 0.0 6 = FREEZING RAIN OR DRIZZLE
GRTST DEPTH: 0 7 = DUSTSTORM OR SANDSTORM:
VSBY 1/2 MILE OR LESS
8 = SMOKE OR HAZE
[NO. OF DAYS WITH] [WEATHER - DAYS WITH] 9 = BLOWING SNOW
X = TORNADO
MAX 32 OR BELOW: 0 0.01 INCH OR MORE: 8
MAX 90 OR ABOVE: 17 0.10 INCH OR MORE: 7
MIN 32 OR BELOW: 0 0.50 INCH OR MORE: 1
MIN 0 OR BELOW: 0 1.00 INCH OR MORE: 1
[HDD (BASE 65) ]
TOTAL THIS MO. 30 CLEAR (SCALE 0-3) 14
DPTR FM NORMAL 19 PTCLDY (SCALE 4-7) 14
TOTAL FM JUL 1 30 CLOUDY (SCALE 8-10) 3
DPTR FM NORMAL 21
[CDD (BASE 65) ]
TOTAL THIS MO. 349
DPTR FM NORMAL 51 [PRESSURE DATA]
TOTAL FM JAN 1 3701 HIGHEST SLP M ON M
DPTR FM NORMAL 95 LOWEST SLP 29.60 ON 12
[REMARKS]
#FINAL-10-23#