000
CXUS54 KEPZ 011030
CF6ALM
PRELIMINARY LOCAL CLIMATOLOGICAL DATA (WS FORM: F-6)
STATION: ALAMOGORDO
MONTH: AUGUST
YEAR: 2021
LATITUDE: 32 49 N
LONGITUDE: 106 0 W
TEMPERATURE IN F: :PCPN: SNOW: WIND :SUNSHINE: SKY :PK WND
================================================================================
1 2 3 4 5 6A 6B 7 8 9 10 11 12 13 14 15 16 17 18
12Z AVG MX 2MIN
DY MAX MIN AVG DEP HDD CDD WTR SNW DPTH SPD SPD DIR MIN PSBL S-S WX SPD DR
================================================================================
1 88 68 78 M 0 13 0.33 M M 5.7 18 60 M M 3 8 38 99
2 86 68 77 M 0 12 0.04 M M 6.8 12 170 M M 3 20 180
3 90 64 77 M 0 12 0.02 M M 6.8 15 170 M M 5 38 17 99
4 90 64 77 M 0 12 0.01 M M 6.9 13 50 M M 3 3 39 190
5 93 M M M M M 0.00 M M 5.6 10 180 M M 1 14 350
6 95 66 81 M 0 16 0.00 M M 6.4 12 180 M M 0 18 170
7 99 72 86 M 0 21 0.00 M M 6.4 21 290 M M 0 33 290
8 99 64 82 M 0 17 0.00 M M 6.4 20 180 M M 0 29 180
9 99 68 84 M 0 19 0.20 M M 7.8 17 270 M M 2 8 23 270
10 91 68 80 M 0 15 0.02 M M 6.8 25 10 M M 3 8 36 99
11 86 64 75 M 0 10 0.03 M M 6.7 16 170 M M 1 24 170
12 86 70 78 M 0 13 0.00 M M 11.8 18 190 M M 4 8 28 190
13 82 66 74 M 0 9 0.18 M M 3.8 12 90 M M 8 138 29 170
14 73 64 69 M 0 4 1.22 M M 4.1 9 360 M M 5 1 14 140
15 81 66 74 M 0 9 0.00 M M 4.6 10 200 M M 7 M M
16 82 63 73 M 0 8 0.08 M M 5.2 18 180 M M 4 13 24 320
17 84 63 74 M 0 9 0.00 M M 4.3 8 170 M M 4 15 310
18 90 68 79 M 0 14 0.00 M M 10.0 18 180 M M 3 24 180
19 91 66 79 M 0 14 0.00 M M 7.1 13 250 M M 2 18 220
20 91 66 79 M 0 14 0.00 M M 7.3 13 310 M M 1 21 99
21 93 63 78 M 0 13 0.00 M M 7.0 22 170 M M 0 30 170
22 90 64 77 M 0 12 0.00 M M 7.2 22 160 M M 0 28 160
23 93 70 82 M 0 17 0.00 M M 6.9 16 40 M M 2 3 31 210
24 95 43 69 M 0 4 0.00 M M 4.4 9 280 M M 0 16 99
25 97 64 81 M 0 16 0.00 M M 6.3 16 70 M M 1 21 160
26 93 48 71 M 0 6 0.00 M M 7.2 16 190 M M 0 23 190
27 93 63 78 M 0 13 0.00 M M 4.8 10 140 M M 1 3 23 99
28 91 63 77 M 0 12 0.01 M M 5.6 13 150 M M 1 38 24 180
29 90 64 77 M 0 12 0.00 M M 3.8 17 160 M M 2 13 160
30 90 70 80 M 0 15 0.00 M M 6.9 14 360 M M 3 21 320
31 91 66 79 M 0 14 0.00 M M 5.5 16 170 M M 0 23 170
================================================================================
SM 2792 1936 0 375 2.14 M 196.1 M 69
================================================================================
AV 90.1 64.5 6.3 FASTST M M 2 MAX(MPH)
MISC ----> 25 10 39 190
================================================================================
NOTES:
# LAST OF SEVERAL OCCURRENCES
COLUMN 17 PEAK WIND IN M.P.H.
PRELIMINARY LOCAL CLIMATOLOGICAL DATA (WS FORM: F-6) , PAGE 2
STATION: ALAMOGORDO
MONTH: AUGUST
YEAR: 2021
LATITUDE: 32 49 N
LONGITUDE: 106 0 W
[TEMPERATURE DATA] [PRECIPITATION DATA] SYMBOLS USED IN COLUMN 16
AVERAGE MONTHLY: 77.3 TOTAL FOR MONTH: 2.14 1 = FOG OR MIST
DPTR FM NORMAL: 0.0 DPTR FM NORMAL: M 2 = FOG REDUCING VISIBILITY
HIGHEST: 99 ON 9, 8 GRTST 24HR 1.22 ON 14-14 TO 1/4 MILE OR LESS
LOWEST: 43 ON 24 3 = THUNDER
SNOW, ICE PELLETS, HAIL 4 = ICE PELLETS
TOTAL MONTH: M 5 = HAIL
GRTST 24HR M ON M 6 = FREEZING RAIN OR DRIZZLE
GRTST DEPTH: M ON M 7 = DUSTSTORM OR SANDSTORM:
VSBY 1/2 MILE OR LESS
8 = SMOKE OR HAZE
[NO. OF DAYS WITH] [WEATHER - DAYS WITH] 9 = BLOWING SNOW
X = TORNADO
MAX 32 OR BELOW: 0 0.01 INCH OR MORE: 11
MAX 90 OR ABOVE: 22 0.10 INCH OR MORE: 4
MIN 32 OR BELOW: 0 0.50 INCH OR MORE: 1
MIN 0 OR BELOW: 0 1.00 INCH OR MORE: 1
[HDD (BASE 65) ]
TOTAL THIS MO. 0 CLEAR (SCALE 0-3) 21
DPTR FM NORMAL M PTCLDY (SCALE 4-7) 10
TOTAL FM JUL 1 0 CLOUDY (SCALE 8-10) 0
DPTR FM NORMAL M
[CDD (BASE 65) ]
TOTAL THIS MO. 375
DPTR FM NORMAL M [PRESSURE DATA]
TOTAL FM JAN 1 1501 HIGHEST SLP M ON M
DPTR FM NORMAL M LOWEST SLP M ON M
[REMARKS]
#FINAL-08-21#