000
CXUS55 KPUB 011725
CF6ALS
PRELIMINARY LOCAL CLIMATOLOGICAL DATA (WS FORM: F-6)
STATION: ALAMOSA CO
MONTH: JUNE
YEAR: 2020
LATITUDE: 37 27 N
LONGITUDE: 105 52 W
TEMPERATURE IN F: :PCPN: SNOW: WIND :SUNSHINE: SKY :PK WND
================================================================================
1 2 3 4 5 6A 6B 7 8 9 10 11 12 13 14 15 16 17 18
12Z AVG MX 2MIN
DY MAX MIN AVG DEP HDD CDD WTR SNW DPTH SPD SPD DIR MIN PSBL S-S WX SPD DR
================================================================================
1 85 46 66 10 0 1 T 0.0 0 6.8 36 60 M M 3 128 48 60
2 78 50 64 8 1 0 T 0.0 0 8.4 21 130 M M 5 28 360
3 82 44 63 7 2 0 T 0.0 0 5.2 35 310 M M 1 49 220
4 88 39 64 8 1 0 T 0.0 0 5.8 20 360 M M 0 26 360
5 89 42 66 9 0 1 0.00 0.0 0 6.9 31 200 M M 1 40 200
6 76 49 63 6 2 0 0.17 0.0 0 14.6 41 180 M M 5 38 58 180
7 78 47 63 6 2 0 0.00 0.0 0 20.1 35 230 M M 0 49 220
8 74 39 57 -1 8 0 0.00 0.0 0 18.7 32 220 M M 0 42 220
9 63 35 49 -9 16 0 T T 0 17.4 31 330 M M 2 42 340
10 77 28 53 -5 12 0 0.00 0.0 0 5.2 17 210 M M 0 30 290
11 83 32 58 0 7 0 0.00 0.0 0 6.3 18 230 M M 0 27 170
12 84 40 62 3 3 0 0.00 0.0 0 9.4 33 250 M M 0 41 240
13 82 48 65 6 0 0 T 0.0 0 12.1 48 240 M M 2 8 67 240
14 82 46 64 5 1 0 T 0.0 0 14.1 39 220 M M 2 50 220
15 85 44 65 5 0 0 0.00 0.0 0 11.4 30 190 M M 0 40 200
16 83 45 64 4 1 0 0.00 0.0 0 11.9 24 240 M M 1 37 240
17 83 48 66 6 0 1 0.00 0.0 0 14.2 28 200 M M 0 36 200
18 82 40 61 1 4 0 0.00 0.0 0 11.8 26 170 M M 1 37 170
19 80 42 61 0 4 0 T 0.0 0 9.9 31 210 M M 1 8 52 50
20 80 31 56 -5 9 0 0.00 0.0 0 5.8 17 20 M M 0 24 20
21 85 37 61 0 4 0 0.00 0.0 0 5.2 21 230 M M 1 28 210
22 82 43 63 2 2 0 T 0.0 0 8.4 29 260 M M 1 39 300
23 84 45 65 3 0 0 0.00 0.0 0 7.8 23 220 M M 1 32 210
24 86 44 65 3 0 0 0.00 0.0 0 8.8 32 250 M M 0 8 43 240
25 81 47 64 2 1 0 0.00 0.0 0 9.1 33 300 M M 2 42 300
26 86 37 62 0 3 0 0.00 0.0 0 8.8 38 340 M M 0 8 49 340
27 85 38 62 -1 3 0 0.00 0.0 0 8.8 37 320 M M 1 8 50 320
28 87 44 66 3 0 1 0.00 0.0 0 8.0 20 50 M M 1 26 210
29 81 50 66 3 0 1 0.00 0.0 0 12.0 23 220 M M 0 32 220
30 77 37 57 -6 8 0 0.00 0.0 0 11.3 23 250 M M 0 33 260
================================================================================
SM 2448 1257 94 5 0.17 T 304.2 M 31
================================================================================
AV 81.6 41.9 10.1 FASTST M M 1 MAX(MPH)
MISC ----> 48 240 67 240
================================================================================
NOTES:
COLUMN 17 PEAK WIND IN M.P.H.
COLUMN 2; CORRECTED HIGH TEMPERATURES USING BACKUP SITE 05-0128(ALBC2) FROM JUNE
1ST THROUGH THE 7TH. BACKUP SITE IS LOCTED NORTH OF KALS AT APPROXIMATELY 2.2
MILES.
PRELIMINARY LOCAL CLIMATOLOGICAL DATA (WS FORM: F-6) , PAGE 2
STATION: ALAMOSA CO
MONTH: JUNE
YEAR: 2020
LATITUDE: 37 27 N
LONGITUDE: 105 52 W
[TEMPERATURE DATA] [PRECIPITATION DATA] SYMBOLS USED IN COLUMN 16
AVERAGE MONTHLY: 61.8 TOTAL FOR MONTH: 0.17 1 = FOG OR MIST
DPTR FM NORMAL: 2.2 DPTR FM NORMAL: -0.32 2 = FOG REDUCING VISIBILITY
HIGHEST: 89 ON 5 GRTST 24HR 0.17 ON 6 TO 1/4 MILE OR LESS
LOWEST: 28 ON 10 3 = THUNDER
SNOW, ICE PELLETS, HAIL 4 = ICE PELLETS
TOTAL MONTH: T 5 = HAIL
GRTST 24HR T ON 9 6 = FREEZING RAIN OR DRIZZLE
GRTST DEPTH: 0 7 = DUSTSTORM OR SANDSTORM:
VSBY 1/2 MILE OR LESS
8 = SMOKE OR HAZE
[NO. OF DAYS WITH] [WEATHER - DAYS WITH] 9 = BLOWING SNOW
X = TORNADO
MAX 32 OR BELOW: 0 0.01 INCH OR MORE: 1
MAX 90 OR ABOVE: 0 0.10 INCH OR MORE: 1
MIN 32 OR BELOW: 3 0.50 INCH OR MORE: 0
MIN 0 OR BELOW: 0 1.00 INCH OR MORE: 0
[HDD (BASE 65) ]
TOTAL THIS MO. 94 CLEAR (SCALE 0-3) 28
DPTR FM NORMAL -74 PTCLDY (SCALE 4-7) 2
TOTAL FM JUL 1 7901 CLOUDY (SCALE 8-10) 0
DPTR FM NORMAL -693
[CDD (BASE 65) ]
TOTAL THIS MO. 5
DPTR FM NORMAL -1 [PRESSURE DATA]
TOTAL FM JAN 1 5 HIGHEST SLP 30.31 ON 12
DPTR FM NORMAL -1 LOWEST SLP 29.50 ON 8
[REMARKS]
#FINAL-06-20#