000
CXUS52 KJAX 051543
CF6AMG
PRELIMINARY LOCAL CLIMATOLOGICAL DATA (WS FORM: F-6)
STATION: ALMA
MONTH: JULY
YEAR: 2022
LATITUDE: 31 32 N
LONGITUDE: 82 30 W
TEMPERATURE IN F: :PCPN: SNOW: WIND :SUNSHINE: SKY :PK WND
================================================================================
1 2 3 4 5 6A 6B 7 8 9 10 11 12 13 14 15 16 17 18
12Z AVG MX 2MIN
DY MAX MIN AVG DEP HDD CDD WTR SNW DPTH SPD SPD DIR MIN PSBL S-S WX SPD DR
================================================================================
1 90 72 81 -1 0 16 0.02 0.0 0 1.5 13 160 M M 6 123 15 160
2 91 71 81 -1 0 16 0.09 0.0 0 3.2 15 250 M M 4 123 23 230
3 96 74 85 3 0 20 0.00 0.0 0 4.6 17 200 M M 3 13 26 190
4 97 74 86 4 0 21 0.07 0.0 0 3.6 15 140 M M 3 13 23 150
5 95 75 85 3 0 20 0.00 0.0 0 3.7 12 150 M M 2 13 20 210
6 98 75 87 5 0 22 0.00 0.0 0 4.0 12 200 M M 1 3 20 160
7 95 77 86 4 0 21 0.15 0.0 0 3.2 20 350 M M 2 13 28 350
8 92 75 84 2 0 19 0.08 0.0 0 5.5 20 310 M M 3 13 29 310
9 96 74 85 3 0 20 1.22 0.0 0 5.0 21 180 M M 2 13 32 360
10 88 74 81 -1 0 16 0.38 0.0 0 4.8 15 340 M M 5 13 19 200
11 89 75 82 0 0 17 0.23 0.0 0 2.0 12 170 M M 6 13 16 130
12 92 75 84 2 0 19 0.27 0.0 0 2.2 17 150 M M 5 13 23 150
13 93 76 85 3 0 20 T 0.0 0 5.5 16 220 M M 1 3 23 240
14 93 73 83 1 0 18 0.45 0.0 0 2.7 25 310 M M 3 13 35 300
15 87 71 79 -4 0 14 0.06 0.0 0 2.1 14 130 M M 3 13 24 150
16 89 71 80 -3 0 15 0.00 0.0 0 2.3 16 140 M M 1 22 150
17 91 70 81 -2 0 16 0.04 0.0 0 2.4 12 350 M M 3 1 17 340
18 89 73 81 -2 0 16 0.01 0.0 0 5.5 14 160 M M 2 3 17 230
19 93 74 84 1 0 19 1.40 0.0 0 5.6 21 290 M M 3 13 28 270
20 93 73 83 0 0 18 T 0.0 0 6.0 20 200 M M 4 13 29 220
21 95 73 84 1 0 19 0.01 0.0 0 6.2 22 300 M M 3 13 34 290
22 96 75 86 3 0 21 0.00 0.0 0 5.0 21 150 M M 2 13 30 150
23 97 72 85 2 0 20 T 0.0 0 2.1 17 180 M M 2 1 25 170
24 95 72 84 1 0 19 0.08 0.0 0 3.5 21 160 M M 2 13 31 160
25 94 72 83 0 0 18 0.00 0.0 0 3.6 14 210 M M 3 13 18 200
26 95 72 84 1 0 19 0.00 0.0 0 3.2 10 190 M M 1 1 17 120
27 95 71 83 0 0 18 0.00 0.0 0 3.6 12 170 M M 1 17 170
28 94 75 85 2 0 20 0.15 0.0 0 5.1 17 300 M M 1 13 23 270
29 95 75 85 2 0 20 0.00 0.0 0 5.3 15 250 M M 1 21 240
30 96 75 86 3 0 21 0.00 0.0 0 4.1 13 240 M M 1 20 240
31 98 72 85 2 0 20 0.00 0.0 0 2.4 12 210 M M 1 17 210
================================================================================
SM 2897 2276 0 578 4.71 0.0 119.5 M 80
================================================================================
AV 93.5 73.4 3.9 FASTST M M 3 MAX(MPH)
MISC ----> 25 310 35 300
================================================================================
NOTES:
# LAST OF SEVERAL OCCURRENCES
COLUMN 17 PEAK WIND IN M.P.H.
PRELIMINARY LOCAL CLIMATOLOGICAL DATA (WS FORM: F-6) , PAGE 2
STATION: ALMA
MONTH: JULY
YEAR: 2022
LATITUDE: 31 32 N
LONGITUDE: 82 30 W
[TEMPERATURE DATA] [PRECIPITATION DATA] SYMBOLS USED IN COLUMN 16
AVERAGE MONTHLY: 83.4 TOTAL FOR MONTH: 4.71 1 = FOG OR MIST
DPTR FM NORMAL: 1.0 DPTR FM NORMAL: -0.52 2 = FOG REDUCING VISIBILITY
HIGHEST: 98 ON 31, 6 GRTST 24HR 1.40 ON 19-19 TO 1/4 MILE OR LESS
LOWEST: 70 ON 17 3 = THUNDER
SNOW, ICE PELLETS, HAIL 4 = ICE PELLETS
TOTAL MONTH: 0.0 INCH 5 = HAIL
GRTST 24HR 0.0 6 = FREEZING RAIN OR DRIZZLE
GRTST DEPTH: 0 7 = DUSTSTORM OR SANDSTORM:
VSBY 1/2 MILE OR LESS
8 = SMOKE OR HAZE
[NO. OF DAYS WITH] [WEATHER - DAYS WITH] 9 = BLOWING SNOW
X = TORNADO
MAX 32 OR BELOW: 0 0.01 INCH OR MORE: 17
MAX 90 OR ABOVE: 26 0.10 INCH OR MORE: 8
MIN 32 OR BELOW: 0 0.50 INCH OR MORE: 2
MIN 0 OR BELOW: 0 1.00 INCH OR MORE: 2
[HDD (BASE 65) ]
TOTAL THIS MO. 0 CLEAR (SCALE 0-3) 23
DPTR FM NORMAL 0 PTCLDY (SCALE 4-7) 8
TOTAL FM JUL 1 0 CLOUDY (SCALE 8-10) 0
DPTR FM NORMAL 0
[CDD (BASE 65) ]
TOTAL THIS MO. 578
DPTR FM NORMAL 39 [PRESSURE DATA]
TOTAL FM JAN 1 1597 HIGHEST SLP 30.23 ON 31
DPTR FM NORMAL 154 LOWEST SLP 29.86 ON 11
[REMARKS]
#FINAL-07-22#