000
CXUS54 KBMX 011110
CF6ANB
PRELIMINARY LOCAL CLIMATOLOGICAL DATA (WS FORM: F-6)
STATION: ANNISTON
MONTH: APRIL
YEAR: 2020
LATITUDE: 33 35 N
LONGITUDE: 85 51 W
TEMPERATURE IN F: :PCPN: SNOW: WIND :SUNSHINE: SKY :PK WND
================================================================================
1 2 3 4 5 6A 6B 7 8 9 10 11 12 13 14 15 16 17 18
12Z AVG MX 2MIN
DY MAX MIN AVG DEP HDD CDD WTR SNW DPTH SPD SPD DIR MIN PSBL S-S WX SPD DR
================================================================================
1 63 40 52 -6 13 0 0.00 0.0 0 6.7 17 360 M M 0 23 10
2 70 38 54 -4 11 0 0.00 0.0 0 2.8 12 80 M M 0 15 90
3 76 42 59 0 6 0 0.00 0.0 0 2.5 10 240 M M 1 14 260
4 81 49 65 6 0 0 0.00 0.0 0 2.3 13 360 M M 0 16 360
5 83 56 70 11 0 5 0.00 0.0 0 1.7 8 250 M M 2 10 70
6 83 52 68 9 0 3 0.00 0.0 0 2.6 12 230 M M 0 16 240
7 75 59 67 7 0 2 0.26 0.0 0 2.9 10 230 M M 5 1 12 240
8 79 61 70 10 0 5 0.00 0.0 0 4.7 12 230 M M 7 1 15 230
9 78 62 70 10 0 5 0.06 0.0 0 6.5 23 340 M M 3 13 33 340
10 63 39 51 -9 14 0 0.00 0.0 0 7.4 17 30 M M 1 28 340
11 74 37 56 -5 9 0 0.00 0.0 0 3.2 10 220 M M 0 14 100
12 M M M M M M M M 0 M M M M M M 13 M M
13 M M M M M M M 0.0 M M M M M M M M M
14 67 48 58 -3 7 0 0.00 0.0 M 8.2 15 360 M M 1 21 10
15 63 38 51 -11 14 0 0.00 0.0 0 7.0 17 10 M M 1 24 340
16 70 35 53 -9 12 0 0.00 0.0 0 3.9 15 360 M M 0 18 360
17 76 43 60 -2 5 0 0.00 0.0 0 4.8 15 150 M M 0 22 170
18 69 49 59 -3 6 0 0.16 0.0 0 4.5 18 350 M M 3 1 25 350
19 61 47 54 -9 11 0 2.78 0.0 0 6.1 15 110 M M 8 13 22 110
20 73 49 61 -2 4 0 0.01 0.0 0 5.2 14 320 M M 3 1 19 340
21 76 45 61 -2 4 0 0.00 0.0 0 5.9 18 270 M M 1 1 24 270
22 69 45 57 -6 8 0 0.16 0.0 0 3.0 12 50 M M 3 1 14 50
23 70 54 62 -2 3 0 1.26 0.0 0 6.1 20 90 M M 7 13 29 100
24 73 54 64 0 1 0 0.00 0.0 0 4.3 13 360 M M 6 17 360
25 79 53 66 2 0 1 0.01 0.0 0 9.7 24 240 M M 5 33 240
26 68 45 57 -7 8 0 0.00 0.0 0 9.6 22 320 M M 1 30 320
27 74 40 57 -8 8 0 0.00 0.0 0 3.2 13 340 M M 0 16 360
28 81 49 65 0 0 0 0.00 0.0 0 3.9 14 170 M M 0 17 180
29 72 58 65 0 0 0 0.79 0.0 0 6.9 20 220 M M 8 1 28 220
30 69 48 59 -7 6 0 0.00 0.0 0 6.9 15 260 M M 5 24 270
================================================================================
SM 2035 1335 150 21 5.49 0.0 142.5 M 71
================================================================================
AV 72.7 47.7 5.1 FASTST M M 3 MAX(MPH)
MISC ----> # 24 240 # 33 340
================================================================================
NOTES:
# LAST OF SEVERAL OCCURRENCES
COLUMN 17 PEAK WIND IN M.P.H.
PRELIMINARY LOCAL CLIMATOLOGICAL DATA (WS FORM: F-6) , PAGE 2
STATION: ANNISTON
MONTH: APRIL
YEAR: 2020
LATITUDE: 33 35 N
LONGITUDE: 85 51 W
[TEMPERATURE DATA] [PRECIPITATION DATA] SYMBOLS USED IN COLUMN 16
AVERAGE MONTHLY: 60.2 TOTAL FOR MONTH: 5.49 1 = FOG OR MIST
DPTR FM NORMAL: -1.5 DPTR FM NORMAL: 1.38 2 = FOG REDUCING VISIBILITY
HIGHEST: 83 ON 6, 5 GRTST 24HR 2.78 ON 19-19 TO 1/4 MILE OR LESS
LOWEST: 35 ON 16 3 = THUNDER
SNOW, ICE PELLETS, HAIL 4 = ICE PELLETS
TOTAL MONTH: 0.0 INCH 5 = HAIL
GRTST 24HR 0.0 6 = FREEZING RAIN OR DRIZZLE
GRTST DEPTH: 0 7 = DUSTSTORM OR SANDSTORM:
VSBY 1/2 MILE OR LESS
8 = SMOKE OR HAZE
[NO. OF DAYS WITH] [WEATHER - DAYS WITH] 9 = BLOWING SNOW
X = TORNADO
MAX 32 OR BELOW: 0 0.01 INCH OR MORE: 9
MAX 90 OR ABOVE: 0 0.10 INCH OR MORE: 6
MIN 32 OR BELOW: 0 0.50 INCH OR MORE: 3
MIN 0 OR BELOW: 0 1.00 INCH OR MORE: 2
[HDD (BASE 65) ]
TOTAL THIS MO. 150 CLEAR (SCALE 0-3) 18
DPTR FM NORMAL 4 PTCLDY (SCALE 4-7) 10
TOTAL FM JUL 1 2189 CLOUDY (SCALE 8-10) 0
DPTR FM NORMAL -565
[CDD (BASE 65) ]
TOTAL THIS MO. 21
DPTR FM NORMAL -28 [PRESSURE DATA]
TOTAL FM JAN 1 74 HIGHEST SLP 30.32 ON 16
DPTR FM NORMAL 12 LOWEST SLP 29.51 ON 19
[REMARKS]
#FINAL-04-20#