000
CXUS53 KAPX 010730
CF6ANJ
PRELIMINARY LOCAL CLIMATOLOGICAL DATA (WS FORM: F-6)
STATION: SAULT STE MARIE MI
MONTH: OCTOBER
YEAR: 2022
LATITUDE: 46 28 N
LONGITUDE: 84 21 W
TEMPERATURE IN F: :PCPN: SNOW: WIND :SUNSHINE: SKY :PK WND
================================================================================
1 2 3 4 5 6A 6B 7 8 9 10 11 12 13 14 15 16 17 18
12Z AVG MX 2MIN
DY MAX MIN AVG DEP HDD CDD WTR SNW DPTH SPD SPD DIR MIN PSBL S-S WX SPD DR
================================================================================
1 66 44 55 3 10 0 0.00 0.0 0 3.9 9 50 M M 4 12 18 50
2 58 38 48 -4 17 0 0.00 0.0 0 3.6 10 100 M M 0 17 110
3 65 35 50 -2 15 0 0.00 0.0 0 3.0 10 210 M M 0 12 16 130
4 69 46 58 7 7 0 0.00 0.0 0 0.7 6 330 M M 4 12 8 330
5 73 49 61 10 4 0 0.00 0.0 0 4.4 13 200 M M 4 12 17 210
6 58 39 49 -1 16 0 0.17 0.0 0 8.0 20 10 M M 9 1 33 20
7 43 34 39 -11 26 0 0.00 0.0 0 9.2 15 330 M M 8 23 320
8 52 35 44 -6 21 0 0.00 0.0 0 7.7 15 230 M M 8 22 240
9 50 33 42 -7 23 0 0.00 0.0 0 4.5 14 300 M M 2 23 290
10 54 32 43 -6 22 0 0.00 0.0 0 2.2 10 190 M M 3 15 190
11 71 37 54 6 11 0 0.00 0.0 0 6.0 16 180 M M 2 1 22 190
12 60 39 50 2 15 0 0.63 0.0 0 8.3 22 280 M M 9 128 43 270
13 50 40 45 -2 20 0 0.38 0.0 0 4.3 15 280 M M 9 1 21 270
14 46 38 42 -5 23 0 0.11 0.0 0 6.7 20 190 M M 9 18 27 190
15 46 39 43 -4 22 0 0.25 0.0 0 6.8 18 260 M M 10 1 29 270
16 49 36 43 -3 22 0 0.17 0.0 0 3.8 15 310 M M 9 1 24 340
17 47 36 42 -4 23 0 0.00 0.0 0 10.5 20 350 M M 8 35 330
18 45 35 40 -5 25 0 0.09 T 0 14.1 22 360 M M 10 1 38 20
19 38 32 35 -10 30 0 0.50 2.1 0 8.3 17 330 M M 10 1 30 330
20 41 31 36 -9 29 0 0.13 0.2 2 3.5 12 290 M M 8 1 17 310
21 64 36 50 6 15 0 0.00 0.0 0 6.2 21 240 M M 1 1 31 200
22 62 36 49 5 16 0 0.00 0.0 0 4.9 14 120 M M 1 12 22 110
23 69 49 59 15 6 0 0.00 0.0 0 7.1 17 140 M M 2 25 160
24 65 55 60 17 5 0 T 0.0 0 9.0 17 150 M M 4 25 120
25 64 44 54 11 11 0 0.50 0.0 0 7.2 17 310 M M 7 1 25 320
26 46 40 43 1 22 0 0.51 0.0 0 11.5 24 310 M M 10 1 36 300
27 51 36 44 2 21 0 0.00 0.0 0 5.4 12 210 M M 5 20 300
28 54 37 46 4 19 0 0.00 0.0 0 5.0 13 190 M M 2 12 19 150
29 61 35 48 7 17 0 0.00 0.0 0 4.5 16 200 M M 4 12 21 210
30 62 39 51 10 14 0 0.00 0.0 0 3.1 10 190 M M 3 12 14 200
31 61 39 50 10 15 0 0.00 0.0 0 3.5 9 140 M M 2 14 120
================================================================================
SM 1740 1194 542 0 3.44 2.3 186.9 M 167
================================================================================
AV 56.1 38.5 6.0 FASTST M M 5 MAX(MPH)
MISC ----> 24 310 43 270
================================================================================
NOTES:
# LAST OF SEVERAL OCCURRENCES
COLUMN 17 PEAK WIND IN M.P.H.
PRELIMINARY LOCAL CLIMATOLOGICAL DATA (WS FORM: F-6) , PAGE 2
STATION: SAULT STE MARIE MI
MONTH: OCTOBER
YEAR: 2022
LATITUDE: 46 28 N
LONGITUDE: 84 21 W
[TEMPERATURE DATA] [PRECIPITATION DATA] SYMBOLS USED IN COLUMN 16
AVERAGE MONTHLY: 47.3 TOTAL FOR MONTH: 3.44 1 = FOG OR MIST
DPTR FM NORMAL: 1.0 DPTR FM NORMAL: -0.94 2 = FOG REDUCING VISIBILITY
HIGHEST: 73 ON 5 GRTST 24HR 1.01 ON 25-26 TO 1/4 MILE OR LESS
LOWEST: 31 ON 20 3 = THUNDER
SNOW, ICE PELLETS, HAIL 4 = ICE PELLETS
TOTAL MONTH: 2.3 INCHES 5 = HAIL
GRTST 24HR 2.1 ON 19-19 6 = FREEZING RAIN OR DRIZZLE
GRTST DEPTH: 2 ON 20 7 = DUSTSTORM OR SANDSTORM:
VSBY 1/2 MILE OR LESS
8 = SMOKE OR HAZE
[NO. OF DAYS WITH] [WEATHER - DAYS WITH] 9 = BLOWING SNOW
X = TORNADO
MAX 32 OR BELOW: 0 0.01 INCH OR MORE: 11
MAX 90 OR ABOVE: 0 0.10 INCH OR MORE: 10
MIN 32 OR BELOW: 3 0.50 INCH OR MORE: 4
MIN 0 OR BELOW: 0 1.00 INCH OR MORE: 0
[HDD (BASE 65) ]
TOTAL THIS MO. 542 CLEAR (SCALE 0-3) 10
DPTR FM NORMAL -39 PTCLDY (SCALE 4-7) 12
TOTAL FM JUL 1 802 CLOUDY (SCALE 8-10) 9
DPTR FM NORMAL -124
[CDD (BASE 65) ]
TOTAL THIS MO. 0
DPTR FM NORMAL -1 [PRESSURE DATA]
TOTAL FM JAN 1 225 HIGHEST SLP 30.53 ON 2
DPTR FM NORMAL -11 LOWEST SLP 29.38 ON 12
[REMARKS]
#FINAL-10-22#