000
CXUS53 KAPX 011818
CF6ANJ
PRELIMINARY LOCAL CLIMATOLOGICAL DATA (WS FORM: F-6)
STATION: SAULT STE MARIE MI
MONTH: MARCH
YEAR: 2024
LATITUDE: 46 28 N
LONGITUDE: 84 21 W
TEMPERATURE IN F: :PCPN: SNOW: WIND :SUNSHINE: SKY :PK WND
================================================================================
1 2 3 4 5 6A 6B 7 8 9 10 11 12 13 14 15 16 17 18
12Z AVG MX 2MIN
DY MAX MIN AVG DEP HDD CDD WTR SNW DPTH SPD SPD DIR MIN PSBL S-S WX SPD DR
================================================================================
1 48 19 34 12 31 0 0.00 0.0 4 6.8 17 210 M M 2 26 190
2 48 27 38 16 27 0 0.00 0.0 2 4.9 13 210 M M 1 17 200
3 42 34 38 16 27 0 0.00 0.0 2 12.2 22 110 M M 8 12 40 130
4 57 39 48 26 17 0 0.41 0.0 0 8.3 20 120 M M 9 1 37 130
5 48 29 39 16 26 0 0.12 0.0 0 7.0 16 310 M M 3 1 23 300
6 50 25 38 15 27 0 0.00 0.0 0 4.0 10 290 M M 0 14 290
7 46 28 37 13 28 0 0.00 0.0 0 6.7 17 130 M M 0 26 140
8 45 32 39 15 26 0 0.03 0.0 0 4.6 12 110 M M 8 17 90
9 38 25 32 8 33 0 0.27 T T 8.9 16 300 M M 10 1 24 300
10 36 21 29 5 36 0 T T T 14.3 26 300 M M 4 18 42 310
11 52 27 40 15 25 0 0.00 0.0 T 5.3 17 210 M M 0 22 220
12 50 27 39 14 26 0 0.00 0.0 0 5.2 16 120 M M 0 27 130
13 55 29 42 16 23 0 0.00 0.0 0 5.8 13 320 M M 0 12 M M
14 49 30 40 14 25 0 0.00 0.0 0 5.0 15 30 M M 0 25 40
15 46 31 39 13 26 0 0.00 0.0 0 6.6 15 290 M M 2 22 290
16 47 32 40 13 25 0 0.08 0.3 T 11.7 24 300 M M 10 1 38 300
17 33 26 30 3 35 0 0.09 0.9 1 13.2 24 300 M M 10 18 35 280
18 29 23 26 -1 39 0 0.01 T 1 11.4 22 300 M M 8 1 32 290
19 33 23 28 0 37 0 0.23 3.2 2 10.7 29 300 M M 10 18 47 300
20 26 16 21 -7 44 0 0.26 4.2 6 14.5 24 310 M M 9 128 40 320
21 24 11 18 -10 47 0 T T 6 3.5 14 320 M M 7 8 19 290
22 30 14 22 -7 43 0 0.04 0.7 3 5.7 13 140 M M 9 18 18 150
23 27 14 21 -8 44 0 0.04 0.6 3 7.2 17 300 M M 3 1 27 320
24 33 15 24 -6 41 0 0.09 1.0 3 7.4 17 140 M M 9 18 28 110
25 43 27 35 5 30 0 0.13 1.5 3 12.2 21 120 M M 7 1 37 120
26 48 39 44 14 21 0 0.89 0.0 T 12.1 22 120 M M 10 1 37 120
27 41 27 34 3 31 0 T T 0 12.8 24 200 M M 9 1 35 220
28 34 25 30 -1 35 0 T T 0 8.6 17 240 M M 7 25 230
29 35 25 30 -2 35 0 0.00 0.0 0 8.5 18 290 M M 8 27 280
30 37 23 30 -2 35 0 T T 0 3.7 13 310 M M 9 18 19 310
31 44 30 37 5 28 0 T T T 5.2 14 210 M M 10 1 21 200
================================================================================
SM 1274 793 973 0 2.69 12.4 254.0 M 182
================================================================================
AV 41.1 25.6 8.2 FASTST M M 6 MAX(MPH)
MISC ----> 29 300 47 300
================================================================================
NOTES:
# LAST OF SEVERAL OCCURRENCES
COLUMN 17 PEAK WIND IN M.P.H.
PRELIMINARY LOCAL CLIMATOLOGICAL DATA (WS FORM: F-6) , PAGE 2
STATION: SAULT STE MARIE MI
MONTH: MARCH
YEAR: 2024
LATITUDE: 46 28 N
LONGITUDE: 84 21 W
[TEMPERATURE DATA] [PRECIPITATION DATA] SYMBOLS USED IN COLUMN 16
AVERAGE MONTHLY: 33.3 TOTAL FOR MONTH: 2.69 1 = FOG OR MIST
DPTR FM NORMAL: 6.6 DPTR FM NORMAL: 0.88 2 = FOG REDUCING VISIBILITY
HIGHEST: 57 ON 4 GRTST 24HR 0.89 ON 25-26 TO 1/4 MILE OR LESS
LOWEST: 11 ON 21 3 = THUNDER
SNOW, ICE PELLETS, HAIL 4 = ICE PELLETS
TOTAL MONTH: 12.5 INCHES 5 = HAIL
GRTST 24HR 4.2 ON 20-20 6 = FREEZING RAIN OR DRIZZLE
GRTST DEPTH: 6 ON 21,20 7 = DUSTSTORM OR SANDSTORM:
VSBY 1/2 MILE OR LESS
8 = SMOKE OR HAZE
[NO. OF DAYS WITH] [WEATHER - DAYS WITH] 9 = BLOWING SNOW
X = TORNADO
MAX 32 OR BELOW: 5 0.01 INCH OR MORE: 14
MAX 90 OR ABOVE: 0 0.10 INCH OR MORE: 7
MIN 32 OR BELOW: 28 0.50 INCH OR MORE: 1
MIN 0 OR BELOW: 0 1.00 INCH OR MORE: 0
[HDD (BASE 65) ]
TOTAL THIS MO. 973 CLEAR (SCALE 0-3) 10
DPTR FM NORMAL -214 PTCLDY (SCALE 4-7) 7
TOTAL FM JUL 1 5999 CLOUDY (SCALE 8-10) 14
DPTR FM NORMAL -1133
[CDD (BASE 65) ]
TOTAL THIS MO. 0
DPTR FM NORMAL 0 [PRESSURE DATA]
TOTAL FM JAN 1 0 HIGHEST SLP 30.36 ON 24
DPTR FM NORMAL 0 LOWEST SLP 29.40 ON 16
[REMARKS]
#FINAL-03-24#