000
CXUS53 KAPX 010730
CF6ANJ
PRELIMINARY LOCAL CLIMATOLOGICAL DATA (WS FORM: F-6)
STATION: SAULT STE MARIE MI
MONTH: JUNE
YEAR: 2021
LATITUDE: 46 28 N
LONGITUDE: 84 21 W
TEMPERATURE IN F: :PCPN: SNOW: WIND :SUNSHINE: SKY :PK WND
================================================================================
1 2 3 4 5 6A 6B 7 8 9 10 11 12 13 14 15 16 17 18
12Z AVG MX 2MIN
DY MAX MIN AVG DEP HDD CDD WTR SNW DPTH SPD SPD DIR MIN PSBL S-S WX SPD DR
================================================================================
1 76 44 60 3 5 0 0.00 0.0 0 3.1 12 220 M M 0 18 17 250
2 79 48 64 6 1 0 0.00 0.0 0 6.1 17 210 M M 2 24 180
3 83 55 69 11 0 4 T 0.0 0 5.5 20 230 M M 6 26 230
4 85 52 69 11 0 4 0.00 0.0 0 4.6 16 210 M M 0 18 24 190
5 82 62 72 14 0 7 0.15 0.0 0 6.1 18 210 M M 4 38 25 210
6 90 63 77 18 0 12 0.00 0.0 0 9.0 24 210 M M 1 35 210
7 91 62 77 18 0 12 0.00 0.0 0 6.4 20 200 M M 0 26 200
8 91 66 79 20 0 14 0.03 0.0 0 4.2 15 260 M M 5 18 23 270
9 85 60 73 13 0 8 0.00 0.0 0 6.2 14 120 M M 0 1 23 110
10 72 61 67 7 0 2 0.26 0.0 0 6.4 20 130 M M 5 13 30 130
11 67 58 63 3 2 0 0.15 0.0 0 5.6 12 60 M M 8 1 19 100
12 77 57 67 7 0 2 0.01 0.0 0 5.9 13 300 M M 5 12 22 100
13 76 54 65 4 0 0 0.00 0.0 0 6.3 16 300 M M 4 12 23 310
14 72 53 63 2 2 0 0.00 0.0 0 8.4 18 310 M M 5 27 310
15 70 50 60 -1 5 0 0.00 0.0 0 8.0 18 310 M M 0 30 320
16 71 44 58 -3 7 0 0.00 0.0 0 5.9 16 320 M M 0 8 26 300
17 81 46 64 2 1 0 T 0.0 0 8.2 24 220 M M 2 39 210
18 84 57 71 9 0 6 0.07 0.0 0 7.4 21 310 M M 4 31 320
19 66 47 57 -5 8 0 0.00 0.0 0 9.2 17 300 M M 0 27 290
20 74 46 60 -2 5 0 0.01 0.0 0 4.8 9 300 M M 3 M M
21 60 47 54 -8 11 0 1.18 0.0 0 11.9 23 300 M M 8 1 44 300
22 63 40 52 -11 13 0 T 0.0 0 4.1 18 230 M M 3 28 240
23 79 44 62 -1 3 0 0.01 0.0 0 7.6 22 200 M M 5 12 29 220
24 69 63 66 3 0 1 0.06 0.0 0 6.1 18 210 M M 9 3 31 210
25 74 61 68 5 0 3 0.03 0.0 0 4.2 12 150 M M 10 128 17 160
26 70 59 65 1 0 0 0.08 0.0 0 2.0 7 120 M M 10 128 11 110
27 77 58 68 4 0 3 0.19 0.0 0 5.0 12 290 M M 10 1 16 310
28 84 56 70 6 0 5 T 0.0 0 4.7 13 210 M M 4 12 18 230
29 73 65 69 5 0 4 0.07 0.0 0 2.4 10 250 M M 6 1 15 260
30 74 56 65 1 0 0 T 0.0 0 7.2 14 300 M M 8 1 19 280
================================================================================
SM 2295 1634 63 87 2.30 0.0 182.5 M 127
================================================================================
AV 76.5 54.5 6.1 FASTST M M 4 MAX(MPH)
MISC ----> # 24 210 44 300
================================================================================
NOTES:
# LAST OF SEVERAL OCCURRENCES
COLUMN 17 PEAK WIND IN M.P.H.
PRELIMINARY LOCAL CLIMATOLOGICAL DATA (WS FORM: F-6) , PAGE 2
STATION: SAULT STE MARIE MI
MONTH: JUNE
YEAR: 2021
LATITUDE: 46 28 N
LONGITUDE: 84 21 W
[TEMPERATURE DATA] [PRECIPITATION DATA] SYMBOLS USED IN COLUMN 16
AVERAGE MONTHLY: 65.5 TOTAL FOR MONTH: 2.30 1 = FOG OR MIST
DPTR FM NORMAL: 4.4 DPTR FM NORMAL: -0.55 2 = FOG REDUCING VISIBILITY
HIGHEST: 91 ON 8, 7 GRTST 24HR 1.19 ON 20-21 TO 1/4 MILE OR LESS
LOWEST: 40 ON 22 3 = THUNDER
SNOW, ICE PELLETS, HAIL 4 = ICE PELLETS
TOTAL MONTH: 0.0 INCH 5 = HAIL
GRTST 24HR 0.0 6 = FREEZING RAIN OR DRIZZLE
GRTST DEPTH: 0 7 = DUSTSTORM OR SANDSTORM:
VSBY 1/2 MILE OR LESS
8 = SMOKE OR HAZE
[NO. OF DAYS WITH] [WEATHER - DAYS WITH] 9 = BLOWING SNOW
X = TORNADO
MAX 32 OR BELOW: 0 0.01 INCH OR MORE: 14
MAX 90 OR ABOVE: 3 0.10 INCH OR MORE: 5
MIN 32 OR BELOW: 0 0.50 INCH OR MORE: 1
MIN 0 OR BELOW: 0 1.00 INCH OR MORE: 1
[HDD (BASE 65) ]
TOTAL THIS MO. 63 CLEAR (SCALE 0-3) 12
DPTR FM NORMAL -87 PTCLDY (SCALE 4-7) 14
TOTAL FM JUL 1 7536 CLOUDY (SCALE 8-10) 4
DPTR FM NORMAL -922
[CDD (BASE 65) ]
TOTAL THIS MO. 87
DPTR FM NORMAL 54 [PRESSURE DATA]
TOTAL FM JAN 1 112 HIGHEST SLP 30.18 ON 1
DPTR FM NORMAL 72 LOWEST SLP 29.25 ON 21
[REMARKS]
#FINAL-06-21#