000
CXUS53 KAPX 081616
CF6ANJ
PRELIMINARY LOCAL CLIMATOLOGICAL DATA (WS FORM: F-6)
STATION: SAULT STE MARIE MI
MONTH: JULY
YEAR: 2020
LATITUDE: 46 28 N
LONGITUDE: 84 21 W
TEMPERATURE IN F: :PCPN: SNOW: WIND :SUNSHINE: SKY :PK WND
================================================================================
1 2 3 4 5 6A 6B 7 8 9 10 11 12 13 14 15 16 17 18
12Z AVG MX 2MIN
DY MAX MIN AVG DEP HDD CDD WTR SNW DPTH SPD SPD DIR MIN PSBL S-S WX SPD DR
================================================================================
1 90 64 77 13 0 12 0.00 0.0 0 3.4 9 260 M M 0 13 260
2 86 64 75 11 0 10 0.00 0.0 0 6.2 15 290 M M 0 20 300
3 86 62 74 10 0 9 0.00 0.0 0 6.3 15 300 M M 2 24 310
4 89 59 74 10 0 9 0.00 0.0 0 3.1 12 310 M M 0 17 310
5 86 64 75 11 0 10 0.00 0.0 0 2.4 9 310 M M 1 12 310
6 86 68 77 13 0 12 0.09 0.0 0 4.5 17 310 M M 1 138 24 300
7 77 61 69 4 0 4 T 0.0 0 5.8 14 310 M M 3 18 22 310
8 89 58 74 9 0 9 0.00 0.0 0 3.6 17 190 M M 1 12 26 180
9 90 68 79 14 0 14 0.02 0.0 0 6.0 15 210 M M 1 1 21 220
10 77 62 70 5 0 5 0.24 0.0 0 5.3 16 310 M M 7 18 26 320
11 76 58 67 2 0 2 0.00 0.0 0 10.7 22 310 M M 0 37 290
12 68 57 63 -2 2 0 0.00 0.0 0 8.5 16 310 M M 8 23 320
13 77 55 66 1 0 1 0.00 0.0 0 6.9 15 330 M M 1 8 23 290
14 78 55 67 2 0 2 0.03 0.0 0 6.0 14 140 M M 3 21 130
15 75 63 69 3 0 4 0.13 0.0 0 4.6 12 310 M M 8 1 17 300
16 84 59 72 6 0 7 0.11 0.0 0 3.5 10 210 M M 1 12 16 320
17 85 60 73 7 0 8 0.00 0.0 0 4.8 14 330 M M 2 20 310
18 79 64 72 6 0 7 0.12 0.0 0 4.9 15 80 M M 5 13 27 70
19 81 66 74 8 0 9 0.63 0.0 0 7.9 20 290 M M 5 13 30 280
20 67 55 61 -5 4 0 0.01 0.0 0 11.7 22 280 M M 8 1 34 290
21 75 50 63 -3 2 0 0.00 0.0 0 2.4 12 150 M M 2 15 160
22 72 59 66 0 0 1 0.80 0.0 0 4.1 15 110 M M 7 1 26 100
23 80 57 69 3 0 4 0.00 0.0 0 3.8 10 310 M M 1 16 300
24 83 58 71 5 0 6 0.00 0.0 0 4.3 13 210 M M 0 19 210
25 86 61 74 8 0 9 0.00 0.0 0 7.4 18 220 M M 3 27 210
26 81 72 77 11 0 12 2.44 0.0 0 6.9 15 230 M M 7 123 23 240
27 75 62 69 3 0 4 0.00 0.0 0 8.7 17 320 M M 3 1 30 320
28 76 58 67 1 0 2 0.03 0.0 0 6.1 15 230 M M 2 3 23 220
29 75 59 67 1 0 2 0.00 0.0 0 7.6 16 310 M M 2 24 310
30 77 59 68 2 0 3 0.00 0.0 0 7.1 16 320 M M 3 24 300
31 79 57 68 2 0 3 0.00 0.0 0 3.3 12 290 M M 0 17 310
================================================================================
SM 2485 1874 8 180 4.65 0.0 177.8 M 87
================================================================================
AV 80.2 60.5 5.7 FASTST M M 3 MAX(MPH)
MISC ----> # 22 310 # 37 290
================================================================================
NOTES:
# LAST OF SEVERAL OCCURRENCES
COLUMN 17 PEAK WIND IN M.P.H.
PRELIMINARY LOCAL CLIMATOLOGICAL DATA (WS FORM: F-6) , PAGE 2
STATION: SAULT STE MARIE MI
MONTH: JULY
YEAR: 2020
LATITUDE: 46 28 N
LONGITUDE: 84 21 W
[TEMPERATURE DATA] [PRECIPITATION DATA] SYMBOLS USED IN COLUMN 16
AVERAGE MONTHLY: 70.3 TOTAL FOR MONTH: 4.65 1 = FOG OR MIST
DPTR FM NORMAL: 5.0 DPTR FM NORMAL: 1.79 2 = FOG REDUCING VISIBILITY
HIGHEST: 90 ON 9, 1 GRTST 24HR 2.44 ON 26-26 TO 1/4 MILE OR LESS
LOWEST: 50 ON 21 3 = THUNDER
SNOW, ICE PELLETS, HAIL 4 = ICE PELLETS
TOTAL MONTH: 0.0 INCH 5 = HAIL
GRTST 24HR 0.0 6 = FREEZING RAIN OR DRIZZLE
GRTST DEPTH: 0 7 = DUSTSTORM OR SANDSTORM:
VSBY 1/2 MILE OR LESS
8 = SMOKE OR HAZE
[NO. OF DAYS WITH] [WEATHER - DAYS WITH] 9 = BLOWING SNOW
X = TORNADO
MAX 32 OR BELOW: 0 0.01 INCH OR MORE: 12
MAX 90 OR ABOVE: 2 0.10 INCH OR MORE: 7
MIN 32 OR BELOW: 0 0.50 INCH OR MORE: 3
MIN 0 OR BELOW: 0 1.00 INCH OR MORE: 1
[HDD (BASE 65) ]
TOTAL THIS MO. 8 CLEAR (SCALE 0-3) 23
DPTR FM NORMAL -61 PTCLDY (SCALE 4-7) 8
TOTAL FM JUL 1 8 CLOUDY (SCALE 8-10) 0
DPTR FM NORMAL -61
[CDD (BASE 65) ]
TOTAL THIS MO. 180
DPTR FM NORMAL 102 [PRESSURE DATA]
TOTAL FM JAN 1 267 HIGHEST SLP M ON M
DPTR FM NORMAL 154 LOWEST SLP 29.59 ON 19
[REMARKS]
#FINAL-07-20#