648
CXUS53 KAPX 011603
CF6ANJ
PRELIMINARY LOCAL CLIMATOLOGICAL DATA (WS FORM: F-6)
STATION: SAULT STE MARIE MI
MONTH: APRIL
YEAR: 2020
LATITUDE: 46 28 N
LONGITUDE: 84 21 W
TEMPERATURE IN F: :PCPN: SNOW: WIND :SUNSHINE: SKY :PK WND
================================================================================
1 2 3 4 5 6A 6B 7 8 9 10 11 12 13 14 15 16 17 18
12Z AVG MX 2MIN
DY MAX MIN AVG DEP HDD CDD WTR SNW DPTH SPD SPD DIR MIN PSBL S-S WX SPD DR
================================================================================
1 51 36 44 11 21 0 0.00 0.0 10 6.7 14 290 M M 4 20 310
2 49 30 40 6 25 0 0.00 0.0 8 7.1 16 310 M M 0 24 290
3 55 30 43 9 22 0 0.00 0.0 7 3.6 8 130 M M 0 14 120
4 39 31 35 0 30 0 0.09 0.2 4 10.6 21 310 M M 7 1 31 290
5 45 30 38 3 27 0 0.00 0.0 4 7.6 16 330 M M 4 23 330
6 51 29 40 4 25 0 0.00 0.0 3 2.3 12 260 M M 4 14 260
7 42 32 37 1 28 0 0.10 0.0 2 5.3 10 110 M M 7 1 17 110
8 52 34 43 6 22 0 0.03 0.0 1 7.9 20 290 M M 8 1 28 290
9 39 33 36 -1 29 0 0.04 0.5 T 15.9 25 310 M M 8 18 42 310
10 37 29 33 -5 32 0 0.00 0.0 T 12.6 23 310 M M 1 33 290
11 51 25 38 0 27 0 0.00 0.0 T 6.4 21 200 M M 4 30 190
12 47 34 41 2 24 0 0.10 0.0 T 2.4 12 60 M M 8 18 21 60
13 44 28 36 -3 29 0 0.63 2.3 T 14.0 31 290 M M 10 128 53 300
14 34 20 27 -13 38 0 0.31 2.6 3 8.3 21 250 M M 8 12 32 260
15 33 17 25 -15 40 0 0.04 0.8 5 9.1 18 300 M M 6 18 28 320
16 37 22 30 -11 35 0 T T 2 10.4 23 290 M M 4 35 320
17 43 24 34 -7 31 0 0.00 0.0 2 6.1 16 310 M M 1 24 330
18 53 26 40 -2 25 0 T 0.0 T 9.6 30 210 M M 5 45 210
19 42 25 34 -8 31 0 T T T 11.6 24 300 M M 4 34 300
20 47 24 36 -7 29 0 0.08 0.1 T 9.0 23 220 M M 6 1 33 220
21 34 24 29 -14 36 0 0.06 0.7 T 20.0 30 310 M M 7 1 45 300
22 36 21 29 -15 36 0 0.00 0.0 T 6.5 14 320 M M 1 22 330
23 45 24 35 -9 30 0 0.00 0.0 T 7.3 16 140 M M 4 26 140
24 56 29 43 -1 22 0 0.00 0.0 T 5.2 14 270 M M 0 20 310
25 61 30 46 1 19 0 0.00 0.0 T 4.3 12 290 M M 0 17 340
26 63 37 50 5 15 0 0.00 0.0 T 5.9 14 290 M M 0 21 50
27 59 36 48 2 17 0 0.00 0.0 0 8.0 16 160 M M 1 25 140
28 49 43 46 0 19 0 0.02 0.0 0 9.1 15 100 M M 10 18 23 110
29 50 41 46 0 19 0 1.70 0.0 0 10.8 17 60 M M 10 1 30 50
30 53 36 45 -2 20 0 0.49 0.0 0 8.4 18 360 M M 7 1 29 340
================================================================================
SM 1397 880 803 0 3.69 7.2 252.0 M 139
================================================================================
AV 46.6 29.3 8.4 FASTST M M 5 MAX(MPH)
MISC ----> # 31 290 # 53 300
================================================================================
NOTES:
# LAST OF SEVERAL OCCURRENCES
COLUMN 17 PEAK WIND IN M.P.H.
PRELIMINARY LOCAL CLIMATOLOGICAL DATA (WS FORM: F-6) , PAGE 2
STATION: SAULT STE MARIE MI
MONTH: APRIL
YEAR: 2020
LATITUDE: 46 28 N
LONGITUDE: 84 21 W
[TEMPERATURE DATA] [PRECIPITATION DATA] SYMBOLS USED IN COLUMN 16
AVERAGE MONTHLY: 38.0 TOTAL FOR MONTH: 3.69 1 = FOG OR MIST
DPTR FM NORMAL: -2.2 DPTR FM NORMAL: 1.30 2 = FOG REDUCING VISIBILITY
HIGHEST: 63 ON 26 GRTST 24HR 1.70 ON 29-29 TO 1/4 MILE OR LESS
LOWEST: 17 ON 15 3 = THUNDER
SNOW, ICE PELLETS, HAIL 4 = ICE PELLETS
TOTAL MONTH: 7.2 INCHES 5 = HAIL
GRTST 24HR 2.6 ON 14-14 6 = FREEZING RAIN OR DRIZZLE
GRTST DEPTH: 10 ON 1 7 = DUSTSTORM OR SANDSTORM:
VSBY 1/2 MILE OR LESS
8 = SMOKE OR HAZE
[NO. OF DAYS WITH] [WEATHER - DAYS WITH] 9 = BLOWING SNOW
X = TORNADO
MAX 32 OR BELOW: 0 0.01 INCH OR MORE: 13
MAX 90 OR ABOVE: 0 0.10 INCH OR MORE: 6
MIN 32 OR BELOW: 21 0.50 INCH OR MORE: 2
MIN 0 OR BELOW: 0 1.00 INCH OR MORE: 1
[HDD (BASE 65) ]
TOTAL THIS MO. 803 CLEAR (SCALE 0-3) 9
DPTR FM NORMAL 60 PTCLDY (SCALE 4-7) 18
TOTAL FM JUL 1 7484 CLOUDY (SCALE 8-10) 3
DPTR FM NORMAL -585
[CDD (BASE 65) ]
TOTAL THIS MO. 0
DPTR FM NORMAL 0 [PRESSURE DATA]
TOTAL FM JAN 1 0 HIGHEST SLP M ON M
DPTR FM NORMAL 0 LOWEST SLP 29.12 ON 13
[REMARKS]
#FINAL-04-20#