000
CXUS53 KAPX 011306
CF6ANJ
PRELIMINARY LOCAL CLIMATOLOGICAL DATA (WS FORM: F-6)
STATION: SAULT STE MARIE MI
MONTH: OCTOBER
YEAR: 2023
LATITUDE: 46 28 N
LONGITUDE: 84 21 W
TEMPERATURE IN F: :PCPN: SNOW: WIND :SUNSHINE: SKY :PK WND
================================================================================
1 2 3 4 5 6A 6B 7 8 9 10 11 12 13 14 15 16 17 18
12Z AVG MX 2MIN
DY MAX MIN AVG DEP HDD CDD WTR SNW DPTH SPD SPD DIR MIN PSBL S-S WX SPD DR
================================================================================
1 69 61 65 13 0 0 0.11 0.0 0 4.0 10 130 M M 10 1 15 100
2 83 59 71 19 0 6 0.15 0.0 0 5.0 14 210 M M 4 123 21 230
3 83 55 69 17 0 4 0.00 0.0 0 4.5 10 210 M M 0 1 20 210
4 79 58 69 18 0 4 0.06 0.0 0 6.3 17 200 M M 3 1 26 190
5 70 54 62 11 3 0 0.07 0.0 0 4.6 17 210 M M 4 13 25 220
6 60 43 52 2 13 0 0.11 0.0 0 6.3 20 210 M M 4 1 26 200
7 51 41 46 -4 19 0 T 0.0 0 8.6 18 320 M M 9 1 27 340
8 49 40 45 -5 20 0 T 0.0 0 16.1 24 320 M M 6 44 340
9 45 40 43 -6 22 0 0.30 0.0 0 11.4 20 320 M M 10 1 32 310
10 52 40 46 -3 19 0 0.01 0.0 0 6.9 16 310 M M 8 1 23 300
11 55 37 46 -2 19 0 0.20 0.0 0 5.2 14 310 M M 4 1 22 310
12 58 32 45 -3 20 0 0.00 0.0 0 3.4 12 290 M M 0 1 17 290
13 60 37 49 2 16 0 0.00 0.0 0 4.6 10 50 M M 3 1 17 60
14 58 42 50 3 15 0 0.00 0.0 0 6.5 14 10 M M 6 23 350
15 53 45 49 2 16 0 0.00 0.0 0 8.9 15 310 M M 8 23 330
16 53 40 47 1 18 0 0.00 0.0 0 8.3 15 310 M M 4 24 310
17 53 33 43 -3 22 0 0.00 0.0 0 2.6 10 230 M M 5 1 15 220
18 59 43 51 6 14 0 0.00 0.0 0 5.2 12 140 M M 5 18 150
19 56 51 54 9 11 0 0.72 0.0 0 4.3 9 140 M M 10 12 16 150
20 53 43 48 3 17 0 0.19 0.0 0 6.2 16 360 M M 10 12 23 10
21 52 38 45 1 20 0 0.00 0.0 0 6.1 13 360 M M 6 18 360
22 47 32 40 -4 25 0 0.00 0.0 0 6.7 15 300 M M 1 24 300
23 51 30 41 -3 24 0 0.00 0.0 0 5.5 15 140 M M 9 12 21 140
24 62 45 54 11 11 0 0.41 0.0 0 5.4 13 130 M M 9 13 18 130
25 58 48 53 10 12 0 0.32 0.0 0 5.3 12 300 M M 10 1 17 290
26 58 49 54 12 11 0 0.58 0.0 0 4.7 12 120 M M 10 1 21 100
27 62 44 53 11 12 0 0.13 0.0 0 7.8 21 310 M M 10 12 31 300
28 44 36 40 -2 25 0 0.04 T 0 9.1 24 310 M M 8 1 40 310
29 41 33 37 -4 28 0 0.19 T 0 4.8 13 320 M M 10 1 20 320
30 36 26 31 -10 34 0 0.57 4.1 1 4.7 15 290 M M 10 12 22 290
31 38 25 32 -8 33 0 0.01 T 4 4.8 14 360 M M 6 1 23 360
================================================================================
SM 1748 1300 499 14 4.17 4.1 193.8 M 202
================================================================================
AV 56.4 41.9 6.3 FASTST M M 7 MAX(MPH)
MISC ----> # 24 320 44 340
================================================================================
NOTES:
# LAST OF SEVERAL OCCURRENCES
COLUMN 17 PEAK WIND IN M.P.H.
PRELIMINARY LOCAL CLIMATOLOGICAL DATA (WS FORM: F-6) , PAGE 2
STATION: SAULT STE MARIE MI
MONTH: OCTOBER
YEAR: 2023
LATITUDE: 46 28 N
LONGITUDE: 84 21 W
[TEMPERATURE DATA] [PRECIPITATION DATA] SYMBOLS USED IN COLUMN 16
AVERAGE MONTHLY: 49.2 TOTAL FOR MONTH: 4.17 1 = FOG OR MIST
DPTR FM NORMAL: 2.9 DPTR FM NORMAL: -0.21 2 = FOG REDUCING VISIBILITY
HIGHEST: 83 ON 3, 2 GRTST 24HR 0.73 ON 24-25 TO 1/4 MILE OR LESS
LOWEST: 25 ON 31 3 = THUNDER
SNOW, ICE PELLETS, HAIL 4 = ICE PELLETS
TOTAL MONTH: 4.1 INCHES 5 = HAIL
GRTST 24HR 4.1 ON 30-30 6 = FREEZING RAIN OR DRIZZLE
GRTST DEPTH: 4 ON 31 7 = DUSTSTORM OR SANDSTORM:
VSBY 1/2 MILE OR LESS
8 = SMOKE OR HAZE
[NO. OF DAYS WITH] [WEATHER - DAYS WITH] 9 = BLOWING SNOW
X = TORNADO
MAX 32 OR BELOW: 0 0.01 INCH OR MORE: 18
MAX 90 OR ABOVE: 0 0.10 INCH OR MORE: 13
MIN 32 OR BELOW: 5 0.50 INCH OR MORE: 3
MIN 0 OR BELOW: 0 1.00 INCH OR MORE: 0
[HDD (BASE 65) ]
TOTAL THIS MO. 499 CLEAR (SCALE 0-3) 5
DPTR FM NORMAL -82 PTCLDY (SCALE 4-7) 13
TOTAL FM JUL 1 714 CLOUDY (SCALE 8-10) 13
DPTR FM NORMAL -212
[CDD (BASE 65) ]
TOTAL THIS MO. 14
DPTR FM NORMAL 13 [PRESSURE DATA]
TOTAL FM JAN 1 269 HIGHEST SLP 30.32 ON 1
DPTR FM NORMAL 33 LOWEST SLP 29.46 ON 20
[REMARKS]
#FINAL-10-23#