000
CXUS53 KAPX 010730
CF6ANJ
PRELIMINARY LOCAL CLIMATOLOGICAL DATA (WS FORM: F-6)
STATION: SAULT STE MARIE MI
MONTH: SEPTEMBER
YEAR: 2023
LATITUDE: 46 28 N
LONGITUDE: 84 21 W
TEMPERATURE IN F: :PCPN: SNOW: WIND :SUNSHINE: SKY :PK WND
================================================================================
1 2 3 4 5 6A 6B 7 8 9 10 11 12 13 14 15 16 17 18
12Z AVG MX 2MIN
DY MAX MIN AVG DEP HDD CDD WTR SNW DPTH SPD SPD DIR MIN PSBL S-S WX SPD DR
================================================================================
1 76 52 64 1 1 0 T 0.0 0 7.0 20 200 M M 2 12 28 210
2 83 60 72 9 0 7 0.00 0.0 0 6.7 16 200 M M 0 21 200
3 83 61 72 9 0 7 0.00 0.0 0 4.7 15 200 M M 0 1 21 230
4 87 62 75 13 0 10 0.00 0.0 0 4.9 17 200 M M 0 1 23 180
5 88 63 76 14 0 11 0.00 0.0 0 5.1 12 150 M M 2 1 19 120
6 73 60 67 5 0 2 0.46 0.0 0 4.6 15 190 M M 8 1 21 270
7 62 50 56 -5 9 0 T 0.0 0 6.4 12 360 M M 10 22 50
8 64 46 55 -6 10 0 0.00 0.0 0 5.9 13 310 M M 2 18 300
9 71 43 57 -4 8 0 0.00 0.0 0 2.3 9 310 M M 0 18 13 320
10 64 47 56 -4 9 0 0.05 0.0 0 1.4 8 300 M M 7 1 11 300
11 61 55 58 -2 7 0 0.36 0.0 0 2.3 7 50 M M 8 1 13 50
12 62 50 56 -4 9 0 0.02 0.0 0 6.7 14 360 M M 10 25 340
13 62 44 53 -7 12 0 0.00 0.0 0 6.9 15 290 M M 1 21 310
14 67 40 54 -5 11 0 0.00 0.0 0 3.4 12 310 M M 5 16 310
15 73 47 60 1 5 0 0.00 0.0 0 5.6 20 210 M M 4 12 27 190
16 74 55 65 7 0 0 T 0.0 0 4.3 14 310 M M 6 20 300
17 65 49 57 -1 8 0 0.00 0.0 0 6.0 16 310 M M 6 1 24 300
18 64 44 54 -4 11 0 0.00 0.0 0 4.3 14 300 M M 1 20 300
19 66 41 54 -3 11 0 0.00 0.0 0 3.0 9 150 M M 1 13 70
20 72 47 60 3 5 0 0.00 0.0 0 6.6 16 150 M M 4 23 150
21 76 55 66 10 0 1 0.00 0.0 0 3.4 8 150 M M 2 1 14 110
22 77 58 68 12 0 3 0.00 0.0 0 4.1 10 140 M M 3 12 15 110
23 75 56 66 10 0 1 0.00 0.0 0 4.9 13 130 M M 1 1 20 120
24 74 52 63 8 2 0 0.00 0.0 0 4.4 13 150 M M 0 20 160
25 75 56 66 11 0 1 0.00 0.0 0 4.4 13 160 M M 0 18 150
26 71 53 62 8 3 0 0.00 0.0 0 6.6 16 140 M M 0 25 90
27 69 52 61 7 4 0 0.00 0.0 0 6.2 17 150 M M 4 26 160
28 70 51 61 7 4 0 0.00 0.0 0 5.6 16 150 M M 5 23 120
29 67 48 58 5 7 0 0.00 0.0 0 4.3 13 140 M M 4 1 22 130
30 69 52 61 8 4 0 0.06 0.0 0 2.7 9 100 M M 7 12 15 100
================================================================================
SM 2140 1549 140 43 0.95 0.0 144.7 M 103
================================================================================
AV 71.3 51.6 4.8 FASTST M M 3 MAX(MPH)
MISC ----> # 20 200 28 210
================================================================================
NOTES:
# LAST OF SEVERAL OCCURRENCES
COLUMN 17 PEAK WIND IN M.P.H.
PRELIMINARY LOCAL CLIMATOLOGICAL DATA (WS FORM: F-6) , PAGE 2
STATION: SAULT STE MARIE MI
MONTH: SEPTEMBER
YEAR: 2023
LATITUDE: 46 28 N
LONGITUDE: 84 21 W
[TEMPERATURE DATA] [PRECIPITATION DATA] SYMBOLS USED IN COLUMN 16
AVERAGE MONTHLY: 61.5 TOTAL FOR MONTH: 0.95 1 = FOG OR MIST
DPTR FM NORMAL: 3.1 DPTR FM NORMAL: -2.98 2 = FOG REDUCING VISIBILITY
HIGHEST: 88 ON 5 GRTST 24HR 0.46 ON 6- 6 TO 1/4 MILE OR LESS
LOWEST: 40 ON 14 3 = THUNDER
SNOW, ICE PELLETS, HAIL 4 = ICE PELLETS
TOTAL MONTH: 0.0 INCH 5 = HAIL
GRTST 24HR 0.0 6 = FREEZING RAIN OR DRIZZLE
GRTST DEPTH: 0 7 = DUSTSTORM OR SANDSTORM:
VSBY 1/2 MILE OR LESS
8 = SMOKE OR HAZE
[NO. OF DAYS WITH] [WEATHER - DAYS WITH] 9 = BLOWING SNOW
X = TORNADO
MAX 32 OR BELOW: 0 0.01 INCH OR MORE: 5
MAX 90 OR ABOVE: 0 0.10 INCH OR MORE: 2
MIN 32 OR BELOW: 0 0.50 INCH OR MORE: 0
MIN 0 OR BELOW: 0 1.00 INCH OR MORE: 0
[HDD (BASE 65) ]
TOTAL THIS MO. 140 CLEAR (SCALE 0-3) 16
DPTR FM NORMAL -85 PTCLDY (SCALE 4-7) 11
TOTAL FM JUL 1 215 CLOUDY (SCALE 8-10) 3
DPTR FM NORMAL -129
[CDD (BASE 65) ]
TOTAL THIS MO. 43
DPTR FM NORMAL 18 [PRESSURE DATA]
TOTAL FM JAN 1 255 HIGHEST SLP 30.35 ON 27
DPTR FM NORMAL 20 LOWEST SLP 29.64 ON 6
[REMARKS]
#FINAL-09-23#