000
CXUS55 KBOU 011000
CF6APA
PRELIMINARY LOCAL CLIMATOLOGICAL DATA (WS FORM: F-6)
STATION: CENTENNIAL CO
MONTH: DECEMBER
YEAR: 2022
LATITUDE: 39 33 N
LONGITUDE: 104 51 W
TEMPERATURE IN F: :PCPN: SNOW: WIND :SUNSHINE: SKY :PK WND
================================================================================
1 2 3 4 5 6A 6B 7 8 9 10 11 12 13 14 15 16 17 18
12Z AVG MX 2MIN
DY MAX MIN AVG DEP HDD CDD WTR SNW DPTH SPD SPD DIR MIN PSBL S-S WX SPD DR
================================================================================
1 60 32 46 12 19 0 0.00 M M 17.4 40 240 M M 4 8 55 230
2 53 18 36 2 29 0 T M M 17.1 40 230 M M 4 53 250
3 54 16 35 2 30 0 0.00 M M 7.3 24 250 M M 5 33 220
4 57 28 43 10 22 0 0.00 M M 10.1 24 180 M M 5 33 180
5 57 29 43 10 22 0 0.00 M M 8.1 17 160 M M 4 27 130
6 51 22 37 5 28 0 0.00 M M 5.6 14 250 M M 3 19 270
7 53 22 38 6 27 0 0.00 M M 7.2 18 150 M M 2 24 170
8 46 19 33 1 32 0 0.00 M M 8.9 28 320 M M 2 39 320
9 52 14 33 1 32 0 0.00 M M 7.1 22 230 M M 1 28 240
10 50 16 33 1 32 0 0.00 M M 8.4 18 200 M M 2 23 200
11 60 27 44 13 21 0 0.00 M M 11.3 25 210 M M 4 35 210
12 53 22 38 7 27 0 T M M 13.5 23 240 M M 7 30 260
13 22 12 17 -14 48 0 0.02 M M 6.9 18 350 M M 9 1 23 360
14 35 10 23 -8 42 0 0.00 M M 10.4 28 320 M M 7 8 38 310
15 27 10 19 -12 46 0 0.00 M M 6.5 18 310 M M 5 24 310
16 31 7 19 -12 46 0 0.00 M M 9.8 23 320 M M 3 35 320
17 35 10 23 -8 42 0 0.00 M M 6.9 15 170 M M 2 19 160
18 44 13 29 -2 36 0 0.00 M M 5.2 13 140 M M 4 17 140
19 48 10 29 -2 36 0 0.00 M M 7.0 22 310 M M 4 28 300
20 49 18 34 3 31 0 0.00 M M 6.8 15 150 M M 6 22 100
21 49 -10 20 -11 45 0 T M M 10.4 30 270 M M 5 1 44 280
22 -3 -16 -9 -40 74 0 T M M 6.6 15 90 M M 5 1 21 110
23 16 -7 5 -26 60 0 0.00 M M 6.6 18 150 M M 4 27 170
24 49 12 31 0 34 0 0.00 M M 4.2 13 310 M M 5 17 320
25 51 26 39 8 26 0 0.00 M M 8.6 24 320 M M 6 32 330
26 49 27 38 7 27 0 0.00 M M 10.9 17 230 M M 7 22 230
27 63 37 50 19 15 0 0.00 M M 10.7 25 200 M M 5 32 200
28 53 28 41 10 24 0 0.59 M M 6.4 21 90 M M 8 12 29 90
29 51 20 36 5 29 0 0.19 M M 7.4 17 220 M M 6 128 24 10
30 M 16 M M M M 0.00 M M 6.7 12 170 M M 5 14 150
31 M 29 M M M M 0.00 M M 6.0 13 160 M M 6 16 220
================================================================================
SM 1315 517 982 0 0.80 M 266.0 M 145
================================================================================
AV 45.3 16.7 8.6 FASTST M M 5 MAX(MPH)
MISC ----> # 40 240 55 230
================================================================================
NOTES:
# LAST OF SEVERAL OCCURRENCES
COLUMN 17 PEAK WIND IN M.P.H.
PRELIMINARY LOCAL CLIMATOLOGICAL DATA (WS FORM: F-6) , PAGE 2
STATION: CENTENNIAL CO
MONTH: DECEMBER
YEAR: 2022
LATITUDE: 39 33 N
LONGITUDE: 104 51 W
[TEMPERATURE DATA] [PRECIPITATION DATA] SYMBOLS USED IN COLUMN 16
AVERAGE MONTHLY: 31.0 TOTAL FOR MONTH: 0.80 1 = FOG OR MIST
DPTR FM NORMAL: -0.4 DPTR FM NORMAL: 0.45 2 = FOG REDUCING VISIBILITY
HIGHEST: 63 ON 27 GRTST 24HR 0.78 ON 28-29 TO 1/4 MILE OR LESS
LOWEST: -16 ON 22 3 = THUNDER
SNOW, ICE PELLETS, HAIL 4 = ICE PELLETS
TOTAL MONTH: M 5 = HAIL
GRTST 24HR M ON M 6 = FREEZING RAIN OR DRIZZLE
GRTST DEPTH: M ON M 7 = DUSTSTORM OR SANDSTORM:
VSBY 1/2 MILE OR LESS
8 = SMOKE OR HAZE
[NO. OF DAYS WITH] [WEATHER - DAYS WITH] 9 = BLOWING SNOW
X = TORNADO
MAX 32 OR BELOW: 5 0.01 INCH OR MORE: 3
MAX 90 OR ABOVE: 0 0.10 INCH OR MORE: 2
MIN 32 OR BELOW: 30 0.50 INCH OR MORE: 1
MIN 0 OR BELOW: 3 1.00 INCH OR MORE: 0
[HDD (BASE 65) ]
TOTAL THIS MO. 982 CLEAR (SCALE 0-3) 7
DPTR FM NORMAL -59 PTCLDY (SCALE 4-7) 23
TOTAL FM JUL 1 2330 CLOUDY (SCALE 8-10) 1
DPTR FM NORMAL -90
[CDD (BASE 65) ]
TOTAL THIS MO. 0
DPTR FM NORMAL 0 [PRESSURE DATA]
TOTAL FM JAN 1 879 HIGHEST SLP 30.69 ON 22
DPTR FM NORMAL 243 LOWEST SLP 29.28 ON 28
[REMARKS]
#FINAL-12-22#