000
CXUS55 KBOU 011000
CF6APA
PRELIMINARY LOCAL CLIMATOLOGICAL DATA (WS FORM: F-6)
STATION: CENTENNIAL CO
MONTH: DECEMBER
YEAR: 2023
LATITUDE: 39 33 N
LONGITUDE: 104 51 W
TEMPERATURE IN F: :PCPN: SNOW: WIND :SUNSHINE: SKY :PK WND
================================================================================
1 2 3 4 5 6A 6B 7 8 9 10 11 12 13 14 15 16 17 18
12Z AVG MX 2MIN
DY MAX MIN AVG DEP HDD CDD WTR SNW DPTH SPD SPD DIR MIN PSBL S-S WX SPD DR
================================================================================
1 43 19 31 -3 34 0 0.00 M M 4.3 12 190 M M 7 19 190
2 40 22 31 -3 34 0 0.00 M M 10.3 26 280 M M 5 37 320
3 39 28 34 1 31 0 0.04 M M 11.5 26 240 M M 7 1 35 240
4 58 28 43 10 22 0 0.00 M M 9.1 30 330 M M 5 43 320
5 65 30 48 15 17 0 0.00 M M 6.3 15 240 M M 2 21 230
6 70 32 51 19 14 0 0.00 M M 4.4 12 200 M M 1 8 14 190
7 63 35 49 17 16 0 0.00 M M 11.2 26 270 M M 2 40 270
8 40 25 33 1 32 0 0.03 M M 8.2 23 160 M M 7 1 30 350
9 34 18 26 -6 39 0 0.04 M M 7.1 15 360 M M 6 19 350
10 52 16 34 2 31 0 0.00 M M 9.6 21 340 M M 6 32 330
11 53 28 41 10 24 0 0.00 M M 6.1 16 10 M M 6 22 20
12 35 26 31 0 34 0 T M M 3.4 13 360 M M 8 18 15 360
13 39 27 33 2 32 0 0.06 M M 2.4 12 160 M M 9 1 15 160
14 37 22 30 -1 35 0 0.00 M M 4.2 10 170 M M 6 12 14 340
15 49 25 37 6 28 0 0.00 M M 4.8 14 20 M M 1 19 10
16 63 24 44 13 21 0 0.00 M M 4.9 15 210 M M 3 18 10
17 61 26 44 13 21 0 0.00 M M 5.8 13 90 M M 3 20 90
18 58 21 40 9 25 0 0.00 M M 3.8 13 220 M M 5 15 230
19 65 36 51 20 14 0 0.00 M M 8.5 16 240 M M 6 20 240
20 57 37 47 16 18 0 0.00 M M 4.8 13 360 M M 7 15 360
21 58 33 46 15 19 0 0.00 M M 3.8 13 10 M M 5 17 30
22 58 30 44 13 21 0 0.00 M M 6.3 14 180 M M 3 18 180
23 51 31 41 10 24 0 0.08 M M 6.6 21 20 M M 8 1 29 10
24 31 19 25 -6 40 0 0.07 M M 10.7 21 10 M M 10 29 10
25 26 4 15 -16 50 0 0.00 M M 5.6 16 360 M M 5 21 20
26 37 18 28 -3 37 0 0.19 M M 6.9 16 310 M M 10 1 21 330
27 43 18 31 0 34 0 T M M 5.1 15 10 M M 6 23 10
28 42 16 29 -2 36 0 0.00 M M 4.5 12 130 M M 1 14 150
29 49 18 34 3 31 0 0.00 M M 4.9 13 160 M M 1 15 150
30 54 20 37 6 28 0 0.00 M M 5.9 16 160 M M 3 24 150
31 43 23 33 2 32 0 0.00 M M 3.3 8 160 M M 6 11 260
================================================================================
SM 1513 755 874 0 0.51 M 194.3 M 160
================================================================================
AV 48.8 24.4 6.3 FASTST M M 5 MAX(MPH)
MISC ----> 30 330 43 320
================================================================================
NOTES:
# LAST OF SEVERAL OCCURRENCES
COLUMN 17 PEAK WIND IN M.P.H.
PRELIMINARY LOCAL CLIMATOLOGICAL DATA (WS FORM: F-6) , PAGE 2
STATION: CENTENNIAL CO
MONTH: DECEMBER
YEAR: 2023
LATITUDE: 39 33 N
LONGITUDE: 104 51 W
[TEMPERATURE DATA] [PRECIPITATION DATA] SYMBOLS USED IN COLUMN 16
AVERAGE MONTHLY: 36.6 TOTAL FOR MONTH: 0.51 1 = FOG OR MIST
DPTR FM NORMAL: 5.2 DPTR FM NORMAL: 0.16 2 = FOG REDUCING VISIBILITY
HIGHEST: 70 ON 6 GRTST 24HR 0.19 ON 26-26 TO 1/4 MILE OR LESS
LOWEST: 4 ON 25 3 = THUNDER
SNOW, ICE PELLETS, HAIL 4 = ICE PELLETS
TOTAL MONTH: M 5 = HAIL
GRTST 24HR M ON M 6 = FREEZING RAIN OR DRIZZLE
GRTST DEPTH: M ON M 7 = DUSTSTORM OR SANDSTORM:
VSBY 1/2 MILE OR LESS
8 = SMOKE OR HAZE
[NO. OF DAYS WITH] [WEATHER - DAYS WITH] 9 = BLOWING SNOW
X = TORNADO
MAX 32 OR BELOW: 2 0.01 INCH OR MORE: 7
MAX 90 OR ABOVE: 0 0.10 INCH OR MORE: 1
MIN 32 OR BELOW: 27 0.50 INCH OR MORE: 0
MIN 0 OR BELOW: 0 1.00 INCH OR MORE: 0
[HDD (BASE 65) ]
TOTAL THIS MO. 874 CLEAR (SCALE 0-3) 9
DPTR FM NORMAL -167 PTCLDY (SCALE 4-7) 18
TOTAL FM JUL 1 1991 CLOUDY (SCALE 8-10) 4
DPTR FM NORMAL -429
[CDD (BASE 65) ]
TOTAL THIS MO. 0
DPTR FM NORMAL 0 [PRESSURE DATA]
TOTAL FM JAN 1 578 HIGHEST SLP 30.55 ON 9
DPTR FM NORMAL -58 LOWEST SLP 29.53 ON 7
[REMARKS]
#FINAL-12-23#