000
CXUS56 KMTR 010900
CF6APC
PRELIMINARY LOCAL CLIMATOLOGICAL DATA (WS FORM: F-6)
STATION: NAPA AIRPORT
MONTH: AUGUST
YEAR: 2022
LATITUDE: 38 13 N
LONGITUDE: 122 17 W
TEMPERATURE IN F: :PCPN: SNOW: WIND :SUNSHINE: SKY :PK WND
================================================================================
1 2 3 4 5 6A 6B 7 8 9 10 11 12 13 14 15 16 17 18
12Z AVG MX 2MIN
DY MAX MIN AVG DEP HDD CDD WTR SNW DPTH SPD SPD DIR MIN PSBL S-S WX SPD DR
================================================================================
1 82 59 71 4 0 6 0.01 M M 5.9 16 260 M M 2 19 270
2 84 60 72 5 0 7 0.00 M M 8.5 18 260 M M 0 8 23 260
3 83 58 71 4 0 6 0.00 M M 8.0 17 190 M M 1 19 190
4 80 60 70 3 0 5 T M M 12.2 25 190 M M 1 29 190
5 77 59 68 1 0 3 T M M 13.4 25 200 M M 3 29 200
6 78 60 69 2 0 4 T M M 12.7 22 200 M M 4 25 200
7 83 56 70 3 0 5 T M M 12.5 21 250 M M 1 25 270
8 84 51 68 1 0 3 0.00 M M 10.7 21 230 M M 0 24 230
9 83 56 70 3 0 5 T M M 13.4 24 260 M M 0 28 260
10 84 54 69 2 0 4 0.00 M M 11.2 22 270 M M 0 25 270
11 86 53 70 3 0 5 0.00 M M 8.2 22 270 M M 1 25 250
12 85 53 69 2 0 4 0.00 M M 10.3 18 240 M M 1 25 210
13 83 50 67 0 0 2 0.00 M M 8.8 18 200 M M 0 1 22 200
14 86 56 71 4 0 6 0.00 M M 7.4 15 200 M M 2 1 18 190
15 87 59 73 6 0 8 0.00 M M 6.5 15 190 M M 0 24 180
16 97 56 77 10 0 12 0.00 M M 5.8 15 190 M M 0 18 190
17 84 60 72 5 0 7 T M M 7.1 21 200 M M 1 26 190
18 83 55 69 2 0 4 0.00 M M 8.4 17 200 M M 0 21 190
19 78 58 68 1 0 3 0.00 M M 9.1 16 220 M M 4 18 20 220
20 84 55 70 3 0 5 0.00 M M 7.7 17 190 M M 0 20 180
21 77 56 67 0 0 2 0.00 M M 12.1 28 200 M M 1 1 32 190
22 94 54 74 7 0 9 0.00 M M 8.1 21 190 M M 4 24 270
23 87 60 74 7 0 9 0.00 M M 9.6 17 210 M M 4 20 210
24 74 59 67 0 0 2 0.00 M M 11.5 20 200 M M 5 23 200
25 76 57 67 0 0 2 0.00 M M 11.1 17 190 M M 6 21 190
26 78 58 68 1 0 3 0.00 M M 7.5 17 200 M M 6 20 190
27 76 58 67 0 0 2 0.00 M M 11.2 21 190 M M 5 25 190
28 73 58 66 -1 0 1 0.00 M M 10.7 23 190 M M 5 26 190
29 77 53 65 -2 0 0 0.00 M M 8.9 21 190 M M 0 1 25 200
30 79 57 68 1 0 3 0.00 M M 9.9 20 190 M M 0 1 23 200
31 83 52 68 1 0 3 0.00 M M 6.8 16 200 M M 0 19 200
================================================================================
SM 2545 1750 0 140 0.01 M 295.2 M 57
================================================================================
AV 82.1 56.5 9.5 FASTST M M 2 MAX(MPH)
MISC ----> 28 200 32 190
================================================================================
NOTES:
# LAST OF SEVERAL OCCURRENCES
COLUMN 17 PEAK WIND IN M.P.H.
PRELIMINARY LOCAL CLIMATOLOGICAL DATA (WS FORM: F-6) , PAGE 2
STATION: NAPA AIRPORT
MONTH: AUGUST
YEAR: 2022
LATITUDE: 38 13 N
LONGITUDE: 122 17 W
[TEMPERATURE DATA] [PRECIPITATION DATA] SYMBOLS USED IN COLUMN 16
AVERAGE MONTHLY: 69.3 TOTAL FOR MONTH: 0.01 1 = FOG OR MIST
DPTR FM NORMAL: 2.1 DPTR FM NORMAL: -0.01 2 = FOG REDUCING VISIBILITY
HIGHEST: 97 ON 16 GRTST 24HR 0.01 ON 1- 1 TO 1/4 MILE OR LESS
LOWEST: 50 ON 13 3 = THUNDER
SNOW, ICE PELLETS, HAIL 4 = ICE PELLETS
TOTAL MONTH: M 5 = HAIL
GRTST 24HR M ON M 6 = FREEZING RAIN OR DRIZZLE
GRTST DEPTH: M ON M 7 = DUSTSTORM OR SANDSTORM:
VSBY 1/2 MILE OR LESS
8 = SMOKE OR HAZE
[NO. OF DAYS WITH] [WEATHER - DAYS WITH] 9 = BLOWING SNOW
X = TORNADO
MAX 32 OR BELOW: 0 0.01 INCH OR MORE: 1
MAX 90 OR ABOVE: 2 0.10 INCH OR MORE: 0
MIN 32 OR BELOW: 0 0.50 INCH OR MORE: 0
MIN 0 OR BELOW: 0 1.00 INCH OR MORE: 0
[HDD (BASE 65) ]
TOTAL THIS MO. 0 CLEAR (SCALE 0-3) 22
DPTR FM NORMAL -15 PTCLDY (SCALE 4-7) 9
TOTAL FM JUL 1 15 CLOUDY (SCALE 8-10) 0
DPTR FM NORMAL -12
[CDD (BASE 65) ]
TOTAL THIS MO. 140
DPTR FM NORMAL 56 [PRESSURE DATA]
TOTAL FM JAN 1 311 HIGHEST SLP M ON M
DPTR FM NORMAL 82 LOWEST SLP 29.69 ON 16
[REMARKS]
#FINAL-08-22#